000
CXUS51 KBOX 011151
CLMBDL
CLIMATE REPORT
NATIONAL WEATHER SERVICE BOSTON/NORTON MA
751 AM EDT SAT APR 01 2023
...................................
...THE HARTFORD CT CLIMATE SUMMARY FOR THE MONTH OF MARCH 2023...
CLIMATE NORMAL PERIOD 1991 TO 2020
CLIMATE RECORD PERIOD 1904 TO 2023
WEATHER OBSERVED NORMAL DEPART LAST YEAR`S
VALUE DATE(S) VALUE FROM VALUE
NORMAL
..............................................................
TEMPERATURE (F)
RECORD
HIGH 89 03/31/1998
LOW -6 03/07/2003
03/19/1967
HIGHEST 65 03/22 76
LOWEST 22 03/20 14
AVG. MAXIMUM 49.5 47.3 2.2
AVG. MINIMUM 30.8 28.2 2.6
MEAN 40.2 37.8 2.4
DAYS MAX >= 90 0 0.0 0.0
DAYS MAX <= 32 0 2.1 -2.1
DAYS MIN <= 32 18 21.4 -3.4
DAYS MIN <= 0 0 0.1 -0.1
PRECIPITATION (INCHES)
RECORD
MAXIMUM 9.21 1953
MINIMUM 0.27 1981
TOTALS 4.15 3.81 0.34
DAILY AVG. 0.13 0.12 0.01
DAYS >= .01 12 11.2 0.8
DAYS >= .10 8 7.0 1.0
DAYS >= .50 3 2.8 0.2
DAYS >= 1.00 1 0.9 0.1
GREATEST
24 HR. TOTAL 1.91 03/13 TO 03/14
SNOWFALL (INCHES)
RECORDS
MAXIMUM 43.3 1956
MINIMUM 0.0 1995
1946
SNOW DEPTH 27 03/27/1916
TOTALS 7.9 9.4 -1.5
LIQUID EQUIV 0.80
SINCE 7/1 24.2 50.6 -26.4
SNOWDEPTH AVG. 1
DAYS >= TRACE 10 3.8 6.2
DAYS >= 1.0 3 2.4 0.6
GREATEST
SNOW DEPTH 5 03/01
24 HR TOTAL 4.5 03/14 TO 03/14
DEGREE DAYS
HEATING TOTAL 761 845 -84
SINCE 7/1 4429 5181 -752
COOLING TOTAL 0 0 0
SINCE 1/1 0 0 0
..............................................................
WIND (MPH)
AVERAGE WIND SPEED 8.9
RESULTANT WIND SPEED/DIRECTION 4/320
HIGHEST WIND SPEED/DIRECTION 30/320 DATE 03/29
HIGHEST GUST SPEED/DIRECTION 44/320 DATE 03/15
SKY COVER
POSSIBLE SUNSHINE (PERCENT) MM
AVERAGE SKY COVER 0.64
NUMBER OF DAYS FAIR 3
NUMBER OF DAYS PC 18
NUMBER OF DAYS CLOUDY 10
AVERAGE RH (PERCENT) 61
WEATHER CONDITIONS. NUMBER OF DAYS WITH
THUNDERSTORM 0 MIXED PRECIP 0
HEAVY RAIN 0 RAIN 3
LIGHT RAIN 14 FREEZING RAIN 0
LT FREEZING RAIN 0 HAIL 1
HEAVY SNOW 0 SNOW 1
LIGHT SNOW 8 SLEET 4
FOG 14 FOG W/VIS <= 1/4 MILE 1
HAZE 2
- INDICATES NEGATIVE NUMBERS.
R INDICATES RECORD WAS SET OR TIED.
MM INDICATES DATA IS MISSING.
T INDICATES TRACE AMOUNT.
$$