000
CXUS55 KBOU 011000
CF6BDU
PRELIMINARY LOCAL CLIMATOLOGICAL DATA (WS FORM: F-6)
STATION: BOULDER AIRPORT
MONTH: FEBRUARY
YEAR: 2024
LATITUDE: 40 2 N
LONGITUDE: 105 14 W
TEMPERATURE IN F: :PCPN: SNOW: WIND :SUNSHINE: SKY :PK WND
================================================================================
1 2 3 4 5 6A 6B 7 8 9 10 11 12 13 14 15 16 17 18
12Z AVG MX 2MIN
DY MAX MIN AVG DEP HDD CDD WTR SNW DPTH SPD SPD DIR MIN PSBL S-S WX SPD DR
================================================================================
1 63 34 49 M 16 0 M M M 3.4 7 60 M M 0 M M
2 52 34 43 M 22 0 M M M 3.0 7 270 M M 4 M M
3 37 32 35 M 30 0 M M M 3.5 9 10 M M 10 1 17 10
4 34 23 29 M 36 0 M M M 1.8 6 220 M M 5 12 M M
5 41 21 31 M 34 0 M M M 0.7 4 180 M M 0 M M
6 52 30 41 M 24 0 M M M 1.2 6 260 M M 1 M M
7 50 28 39 M 26 0 M M M 4.0 14 230 M M 1 16 230
8 50 34 42 M 23 0 M M M 5.5 12 260 M M 1 18 260
9 43 28 36 M 29 0 M M M 2.1 9 350 M M 7 22 350
10 32 27 30 M 35 0 M M M 3.1 10 10 M M 10 M M
11 37 18 28 M 37 0 M M M 2.1 6 160 M M 2 M M
12 52 25 39 M 26 0 M M M 1.3 7 60 M M 2 M M
13 54 32 43 M 22 0 M M M 4.3 9 250 M M 1 18 250
14 50 27 39 M 26 0 M M M 5.4 15 280 M M 3 25 310
15 46 28 37 M 28 0 M M M 3.3 10 80 M M 6 1 M M
16 32 18 25 M 40 0 M M M 5.7 15 360 M M 10 1 18 40
17 36 10 23 M 42 0 M M M 3.0 7 130 M M 2 M M
18 45 19 32 M 33 0 M M M 3.2 18 230 M M 2 29 250
19 57 37 47 M 18 0 M M M 5.3 12 70 M M 0 21 110
20 64 34 49 M 16 0 M M M 9.2 21 260 M M 0 32 260
21 61 36 49 M 16 0 M M M 5.4 15 200 M M 0 30 50
22 43 34 39 M 26 0 M M M 3.6 15 290 M M 6 23 290
23 54 34 44 M 21 0 M M M 7.8 17 310 M M 0 39 310
24 63 28 46 M 19 0 M M M 6.4 16 250 M M 0 32 0
25 63 43 53 M 12 0 M M M 15.9 41 260 M M 0 58 260
26 61 46 54 M 11 0 M M M 14.5 28 230 M M 2 45 250
27 46 27 37 M 28 0 M M M 7.5 17 290 M M 6 31 320
28 55 19 37 M 28 0 M M M 7.4 22 300 M M 0 30 300
29 64 30 47 M 18 0 M M M 4.2 16 300 M M 0 26 240
================================================================================
SM 1437 836 742 0 M M 143.8 M 81
================================================================================
AV 49.6 28.8 5.0 FASTST M M 3 MAX(MPH)
MISC ----> 41 260 58 260
================================================================================
NOTES:
# LAST OF SEVERAL OCCURRENCES
COLUMN 17 PEAK WIND IN M.P.H.
PRELIMINARY LOCAL CLIMATOLOGICAL DATA (WS FORM: F-6) , PAGE 2
STATION: BOULDER AIRPORT
MONTH: FEBRUARY
YEAR: 2024
LATITUDE: 40 2 N
LONGITUDE: 105 14 W
[TEMPERATURE DATA] [PRECIPITATION DATA] SYMBOLS USED IN COLUMN 16
AVERAGE MONTHLY: 39.2 TOTAL FOR MONTH: M 1 = FOG OR MIST
DPTR FM NORMAL: 0.0 DPTR FM NORMAL: M 2 = FOG REDUCING VISIBILITY
HIGHEST: 64 ON 20,29 GRTST 24HR M ON M TO 1/4 MILE OR LESS
LOWEST: 10 ON 17 3 = THUNDER
SNOW, ICE PELLETS, HAIL 4 = ICE PELLETS
TOTAL MONTH: M 5 = HAIL
GRTST 24HR M ON M 6 = FREEZING RAIN OR DRIZZLE
GRTST DEPTH: M ON M 7 = DUSTSTORM OR SANDSTORM:
VSBY 1/2 MILE OR LESS
8 = SMOKE OR HAZE
[NO. OF DAYS WITH] [WEATHER - DAYS WITH] 9 = BLOWING SNOW
X = TORNADO
MAX 32 OR BELOW: 2 0.01 INCH OR MORE: 0
MAX 90 OR ABOVE: 0 0.10 INCH OR MORE: 0
MIN 32 OR BELOW: 19 0.50 INCH OR MORE: 0
MIN 0 OR BELOW: 0 1.00 INCH OR MORE: 0
[HDD (BASE 65) ]
TOTAL THIS MO. 742 CLEAR (SCALE 0-3) 20
DPTR FM NORMAL M PTCLDY (SCALE 4-7) 6
TOTAL FM JUL 1 3661 CLOUDY (SCALE 8-10) 3
DPTR FM NORMAL M
[CDD (BASE 65) ]
TOTAL THIS MO. 0
DPTR FM NORMAL M [PRESSURE DATA]
TOTAL FM JAN 1 0 HIGHEST SLP M ON M
DPTR FM NORMAL M LOWEST SLP M ON M
[REMARKS]
#FINAL-02-24#