000
CXAK56 PAFC 011044
CF6BET
PRELIMINARY LOCAL CLIMATOLOGICAL DATA (WS FORM: F-6)
STATION: BETHEL
MONTH: FEBRUARY
YEAR: 2023
LATITUDE: 60 46 N
LONGITUDE: 161 48 W
TEMPERATURE IN F: :PCPN: SNOW: WIND :SUNSHINE: SKY :PK WND
================================================================================
1 2 3 4 5 6A 6B 7 8 9 10 11 12 13 14 15 16 17 18
12Z AVG MX 2MIN
DY MAX MIN AVG DEP HDD CDD WTR SNW DPTH SPD SPD DIR MIN PSBL S-S WX SPD DR
================================================================================
1 27 11 19 8 46 0 T M M 9.4 18 40 M M 9 12 23 40
2 11 5 8 -3 57 0 0.03 M M 10.4 15 40 M M 4 1 19 20
3 29 7 18 7 47 0 0.10 M M 6.1 12 30 M M 10 1 14 40
4 28 7 18 6 47 0 0.02 M M 7.6 13 20 M M 8 1 14 30
5 20 5 13 1 52 0 0.05 M M 17.9 29 10 M M 6 1 33 30
6 5 -1 2 -10 63 0 0.00 M M 11.5 23 20 M M 3 27 20
7 2 -12 -5 -17 70 0 T M M 9.7 18 290 M M 5 1 23 290
8 -3 -14 -8 -21 73 0 T M M 4.5 15 340 M M 8 18 18 300
9 1 -8 -3 -16 68 0 0.00 M M 9.7 21 30 M M 9 1 25 30
10 4 -11 -3 -16 68 0 0.05 M M 22.9 32 30 M M 10 189 38 30
11 0 -2 -1 -14 66 0 0.00 M M 9.4 16 290 M M 8 1 24 280
12 0 -12 -6 -20 71 0 T M M 11.2 20 270 M M 9 18 25 280
13 -5 -14 -9 -23 74 0 T M M 8.2 18 20 M M 4 1 22 20
14 -4 -13 -8 -22 73 0 0.00 M M 15.9 24 10 M M 5 18 28 10
15 -2 -22 -12 -26 77 0 0.00 M M 6.9 15 40 M M 2 18 19 50
16 14 -2 6 -8 59 0 0.04 M M 12.4 22 40 M M 10 189 28 40
17 31 14 23 9 42 0 0.24 M M 20.5 40 210 M M 10 19 49 220
18 23 6 15 1 50 0 0.00 M M 10.0 18 290 M M 7 12 23 290
19 29 11 20 6 45 0 0.04 M M 8.2 13 190 M M 10 126 15 210
20 31 19 25 11 40 0 0.05 M M 11.8 30 160 M M 9 129 36 180
21 37 18 28 14 37 0 0.06 M M 21.6 45 160 M M 7 19 60 160
22 39 32 36 22 29 0 0.24 M M 24.5 33 160 M M 9 19 46 160
23 36 29 33 19 32 0 0.06 M M 19.8 35 190 M M 10 1 44 200
24 32 20 26 12 39 0 T M M 15.4 25 270 M M 10 19 32 270
25 30 17 24 10 41 0 0.01 M M 8.0 16 360 M M 9 1 19 360
26 24 -5 10 -4 55 0 T M M 10.7 21 300 M M 5 18 27 310
27 20 -9 6 -8 59 0 0.04 M M 11.0 24 100 M M 3 1 36 90
28 32 20 26 12 39 0 0.19 M M 29.7 43 210 M M 10 129 52 170
================================================================================
SM 491 96 1519 0 1.22 M 364.9 M 209
================================================================================
AV 17.5 3.4 13.0 FASTST M M 7 MAX(MPH)
MISC ----> 45 160 60 160
================================================================================
NOTES:
# LAST OF SEVERAL OCCURRENCES
COLUMN 17 PEAK WIND IN M.P.H.
PRELIMINARY LOCAL CLIMATOLOGICAL DATA (WS FORM: F-6) , PAGE 2
STATION: BETHEL
MONTH: FEBRUARY
YEAR: 2023
LATITUDE: 60 46 N
LONGITUDE: 161 48 W
[TEMPERATURE DATA] [PRECIPITATION DATA] SYMBOLS USED IN COLUMN 16
AVERAGE MONTHLY: 10.5 TOTAL FOR MONTH: 1.22 1 = FOG OR MIST
DPTR FM NORMAL: -2.8 DPTR FM NORMAL: 0.34 2 = FOG REDUCING VISIBILITY
HIGHEST: 39 ON 22 GRTST 24HR 0.29 ON 21-22 TO 1/4 MILE OR LESS
LOWEST: -22 ON 15 3 = THUNDER
SNOW, ICE PELLETS, HAIL 4 = ICE PELLETS
TOTAL MONTH: M 5 = HAIL
GRTST 24HR M ON M 6 = FREEZING RAIN OR DRIZZLE
GRTST DEPTH: M ON M 7 = DUSTSTORM OR SANDSTORM:
VSBY 1/2 MILE OR LESS
8 = SMOKE OR HAZE
[NO. OF DAYS WITH] [WEATHER - DAYS WITH] 9 = BLOWING SNOW
X = TORNADO
MAX 32 OR BELOW: 25 0.01 INCH OR MORE: 15
MAX 90 OR ABOVE: 0 0.10 INCH OR MORE: 4
MIN 32 OR BELOW: 28 0.50 INCH OR MORE: 0
MIN 0 OR BELOW: 13 1.00 INCH OR MORE: 0
[HDD (BASE 65) ]
TOTAL THIS MO. 1519 CLEAR (SCALE 0-3) 1
DPTR FM NORMAL 71 PTCLDY (SCALE 4-7) 13
TOTAL FM JUL 1 8342 CLOUDY (SCALE 8-10) 14
DPTR FM NORMAL -208
[CDD (BASE 65) ]
TOTAL THIS MO. 0
DPTR FM NORMAL 0 [PRESSURE DATA]
TOTAL FM JAN 1 0 HIGHEST SLP M ON M
DPTR FM NORMAL 0 LOWEST SLP 28.81 ON 28
[REMARKS]
#FINAL-02-23#