000
CXAK56 PAFC 050328
CF6BET
PRELIMINARY LOCAL CLIMATOLOGICAL DATA (WS FORM: F-6)
STATION: BETHEL
MONTH: SEPTEMBER
YEAR: 2020
LATITUDE: 60 46 N
LONGITUDE: 161 48 W
TEMPERATURE IN F: :PCPN: SNOW: WIND :SUNSHINE: SKY :PK WND
================================================================================
1 2 3 4 5 6A 6B 7 8 9 10 11 12 13 14 15 16 17 18
12Z AVG MX 2MIN
DY MAX MIN AVG DEP HDD CDD WTR SNW DPTH SPD SPD DIR MIN PSBL S-S WX SPD DR
================================================================================
1 53 45 49 -2 16 0 T M M 11.5 21 310 M M 9 24 320
2 53 42 48 -3 17 0 T M M 7.1 17 340 M M 8 20 260
3 52 39 46 -4 19 0 0.02 M M 7.8 15 310 M M 8 8 21 300
4 55 37 46 -4 19 0 0.00 M M 3.2 8 40 M M 6 11 330
5 57 32 45 -5 20 0 0.00 M M 12.1 24 40 M M 0 32 30
6 57 42 50 0 15 0 0.57 M M 16.3 25 140 M M 7 1 33 50
7 53 49 51 2 14 0 0.20 M M 22.2 32 180 M M 10 1 41 180
8 54 45 50 1 15 0 0.02 M M 20.3 32 220 M M 9 1 41 210
9 51 40 46 -3 19 0 0.03 M M 8.2 17 260 M M 7 1 23 260
10 55 38 47 -1 18 0 0.00 M M 5.2 10 360 M M 1 14 320
11 57 35 46 -2 19 0 0.00 M M 8.0 16 20 M M 0 21 20
12 57 31 44 -3 21 0 T M M 4.7 9 220 M M 1 12 11 140
13 59 44 52 5 13 0 T M M 6.3 13 160 M M 9 18 140
14 53 49 51 4 14 0 0.23 M M 10.1 14 150 M M 10 1 18 150
15 57 43 50 4 15 0 0.20 M M 13.6 26 210 M M 8 18 34 220
16 55 44 50 4 15 0 0.10 M M 9.9 17 150 M M 9 1 23 150
17 50 46 48 3 17 0 0.19 M M 13.8 22 260 M M 10 1 29 240
18 54 42 48 3 17 0 0.10 M M 10.7 18 230 M M 8 1 23 220
19 53 37 45 1 20 0 T M M 7.1 16 260 M M 7 18 20 260
20 55 35 45 1 20 0 T M M 7.1 16 40 M M 6 12 21 40
21 50 39 45 1 20 0 0.00 M M 13.6 24 360 M M 6 31 360
22 51 36 44 1 21 0 0.00 M M 16.6 23 360 M M 2 29 360
23 48 34 41 -1 24 0 0.00 M M 15.5 23 340 M M 1 29 340
24 46 31 39 -3 26 0 0.00 M M 11.8 18 350 M M 1 24 330
25 43 28 36 -6 29 0 0.00 M M 11.3 18 340 M M 0 22 340
26 40 27 34 -7 31 0 0.05 M M 10.0 16 40 M M 4 1 21 10
27 46 31 39 -1 26 0 0.00 M M 10.2 18 350 M M 8 1 23 330
28 53 33 43 3 22 0 0.00 M M 8.0 13 340 M M 0 M M
29 53 31 42 3 23 0 0.00 M M 7.3 16 10 M M 3 1 22 10
30 53 42 48 9 17 0 T M M 17.5 25 10 M M 4 32 10
================================================================================
SM 1573 1147 582 0 1.71 M 327.0 M 162
================================================================================
AV 52.4 38.2 10.9 FASTST M M 5 MAX(MPH)
MISC ----> # 32 180 # 41 180
================================================================================
NOTES:
# LAST OF SEVERAL OCCURRENCES
COLUMN 17 PEAK WIND IN M.P.H.
PRELIMINARY LOCAL CLIMATOLOGICAL DATA (WS FORM: F-6) , PAGE 2
STATION: BETHEL
MONTH: SEPTEMBER
YEAR: 2020
LATITUDE: 60 46 N
LONGITUDE: 161 48 W
[TEMPERATURE DATA] [PRECIPITATION DATA] SYMBOLS USED IN COLUMN 16
AVERAGE MONTHLY: 45.3 TOTAL FOR MONTH: 1.71 1 = FOG OR MIST
DPTR FM NORMAL: -0.3 DPTR FM NORMAL: -1.04 2 = FOG REDUCING VISIBILITY
HIGHEST: 59 ON 13 GRTST 24HR 0.63 ON 6- 7 TO 1/4 MILE OR LESS
LOWEST: 27 ON 26 3 = THUNDER
SNOW, ICE PELLETS, HAIL 4 = ICE PELLETS
TOTAL MONTH: M 5 = HAIL
GRTST 24HR M ON M 6 = FREEZING RAIN OR DRIZZLE
GRTST DEPTH: M ON M 7 = DUSTSTORM OR SANDSTORM:
VSBY 1/2 MILE OR LESS
8 = SMOKE OR HAZE
[NO. OF DAYS WITH] [WEATHER - DAYS WITH] 9 = BLOWING SNOW
X = TORNADO
MAX 32 OR BELOW: 0 0.01 INCH OR MORE: 11
MAX 90 OR ABOVE: 0 0.10 INCH OR MORE: 7
MIN 32 OR BELOW: 7 0.50 INCH OR MORE: 1
MIN 0 OR BELOW: 0 1.00 INCH OR MORE: 0
[HDD (BASE 65) ]
TOTAL THIS MO. 582 CLEAR (SCALE 0-3) 9
DPTR FM NORMAL 0 PTCLDY (SCALE 4-7) 13
TOTAL FM JUL 1 1128 CLOUDY (SCALE 8-10) 8
DPTR FM NORMAL -92
[CDD (BASE 65) ]
TOTAL THIS MO. 0
DPTR FM NORMAL 0 [PRESSURE DATA]
TOTAL FM JAN 1 3 HIGHEST SLP 30.59 ON 10
DPTR FM NORMAL -1 LOWEST SLP 29.10 ON 17
[REMARKS]
#FINAL-09-20#