000
CXUS51 KCTP 012349
CF6BFD
PRELIMINARY LOCAL CLIMATOLOGICAL DATA (WS FORM: F-6)
STATION: BRADFORD
MONTH: FEBRUARY
YEAR: 2022
LATITUDE: 41 47 N
LONGITUDE: 78 38 W
TEMPERATURE IN F: :PCPN: SNOW: WIND :SUNSHINE: SKY :PK WND
================================================================================
1 2 3 4 5 6A 6B 7 8 9 10 11 12 13 14 15 16 17 18
12Z AVG MX 2MIN
DY MAX MIN AVG DEP HDD CDD WTR SNW DPTH SPD SPD DIR MIN PSBL S-S WX SPD DR
================================================================================
1 36 11 24 1 41 0 0.00 M M 11.3 18 150 M M 0 8 29 140
2 41 25 33 10 32 0 0.06 M M 9.9 16 150 M M 5 24 140
3 39 20 30 7 35 0 0.59 M M 7.3 17 40 M M 10 16 24 50
4 21 16 19 -4 46 0 0.10 M M 8.0 15 40 M M 10 8 23 50
5 20 0 10 -13 55 0 T M M 7.9 18 320 M M 6 89 25 310
6 33 -2 16 -7 49 0 0.00 M M 8.0 15 180 M M 0 8 23 200
7 42 21 32 9 33 0 0.00 M M 6.5 14 210 M M 1 22 230
8 29 22 26 2 39 0 T M M 7.8 16 280 M M 9 8 20 290
9 49 21 35 11 30 0 T M M 8.2 20 210 M M 3 29 190
10 40 30 35 11 30 0 T M M 7.5 18 280 M M 9 27 280
11 52 26 39 15 26 0 0.14 M M 10.7 24 230 M M 6 37 210
12 40 18 29 5 36 0 0.02 M M 11.2 22 280 M M 10 29 300
13 19 10 15 -9 50 0 T M M 6.1 13 330 M M 10 19 320
14 16 2 9 -16 56 0 T M M 5.9 18 320 M M 6 8 25 300
15 29 -5 12 -13 53 0 0.00 M M 3.2 13 140 M M 1 17 140
16 52 24 38 13 27 0 T M M 11.0 21 200 M M 2 33 200
17 54 49 52 27 13 0 1.53 M M 8.5 17 180 M M 10 25 180
18 53 18 36 11 29 0 0.31 M M 13.7 30 300 M M 8 68 36 300
19 27 12 20 -6 45 0 T M M 14.2 31 280 M M 8 8 42 290
20 42 6 24 -2 41 0 0.00 M M 7.0 20 210 M M 1 8 27 190
21 58 32 45 19 20 0 0.00 M M 5.5 14 180 M M 2 22 220
22 57 42 50 24 15 0 0.71 M M 9.1 16 240 M M 8 1 26 230
23 57 21 39 12 26 0 0.19 M M 14.7 22 300 M M 6 18 29 300
24 31 20 26 -1 39 0 0.05 M M 8.6 17 120 M M 8 6 23 120
25 37 19 28 1 37 0 0.66 M M 12.4 26 280 M M 10 168 36 300
26 24 16 20 -7 45 0 T M M 6.9 14 240 M M 10 8 23 240
27 33 20 27 -1 38 0 T M M 12.3 22 300 M M 5 8 32 280
28 32 13 23 -5 42 0 0.00 M M 4.6 16 320 M M 7 8 19 330
================================================================================
SM 1063 507 1028 0 4.36 M 248.0 M 171
================================================================================
AV 38.0 18.1 8.9 FASTST M M 6 MAX(MPH)
MISC ----> 31 280 42 290
================================================================================
NOTES:
# LAST OF SEVERAL OCCURRENCES
COLUMN 17 PEAK WIND IN M.P.H.
PRELIMINARY LOCAL CLIMATOLOGICAL DATA (WS FORM: F-6) , PAGE 2
STATION: BRADFORD
MONTH: FEBRUARY
YEAR: 2022
LATITUDE: 41 47 N
LONGITUDE: 78 38 W
[TEMPERATURE DATA] [PRECIPITATION DATA] SYMBOLS USED IN COLUMN 16
AVERAGE MONTHLY: 28.0 TOTAL FOR MONTH: 4.36 1 = FOG OR MIST
DPTR FM NORMAL: 3.1 DPTR FM NORMAL: 2.28 2 = FOG REDUCING VISIBILITY
HIGHEST: 58 ON 21 GRTST 24HR 1.84 ON 17-18 TO 1/4 MILE OR LESS
LOWEST: -5 ON 15 3 = THUNDER
SNOW, ICE PELLETS, HAIL 4 = ICE PELLETS
TOTAL MONTH: M 5 = HAIL
GRTST 24HR M ON M 6 = FREEZING RAIN OR DRIZZLE
GRTST DEPTH: M ON M 7 = DUSTSTORM OR SANDSTORM:
VSBY 1/2 MILE OR LESS
8 = SMOKE OR HAZE
[NO. OF DAYS WITH] [WEATHER - DAYS WITH] 9 = BLOWING SNOW
X = TORNADO
MAX 32 OR BELOW: 10 0.01 INCH OR MORE: 11
MAX 90 OR ABOVE: 0 0.10 INCH OR MORE: 8
MIN 32 OR BELOW: 26 0.50 INCH OR MORE: 4
MIN 0 OR BELOW: 3 1.00 INCH OR MORE: 1
[HDD (BASE 65) ]
TOTAL THIS MO. 1028 CLEAR (SCALE 0-3) 8
DPTR FM NORMAL -95 PTCLDY (SCALE 4-7) 9
TOTAL FM JUL 1 4682 CLOUDY (SCALE 8-10) 11
DPTR FM NORMAL -518
[CDD (BASE 65) ]
TOTAL THIS MO. 0
DPTR FM NORMAL 0 [PRESSURE DATA]
TOTAL FM JAN 1 0 HIGHEST SLP 30.60 ON 15
DPTR FM NORMAL 0 LOWEST SLP 29.22 ON 17
[REMARKS]
#FINAL-02-22#
CORRECTED PRECIP ON THE 02/23/22 TO 0.19 (FROM T).