000
CXUS51 KBGM 011534 CCA
CF6BGM
PRELIMINARY LOCAL CLIMATOLOGICAL DATA (WS FORM: F-6)
STATION: BINGHAMTON NY
MONTH: MARCH
YEAR: 2020
LATITUDE: 42 13 N
LONGITUDE: 75 59 W
TEMPERATURE IN F: :PCPN: SNOW: WIND :SUNSHINE: SKY :PK WND
================================================================================
1 2 3 4 5 6A 6B 7 8 9 10 11 12 13 14 15 16 17 18
12Z AVG MX 2MIN
DY MAX MIN AVG DEP HDD CDD WTR SNW DPTH SPD SPD DIR MIN PSBL S-S WX SPD DR
================================================================================
1 35 15 25 -3 40 0 0.01 0.6 2 5.7 16 290 M M 6 18 26 300
2 56 33 45 17 20 0 0.01 0.0 1 10.5 18 220 M M 7 27 200
3 52 36 44 16 21 0 0.18 0.0 0 9.3 32 260 M M 10 1 41 270
4 41 32 37 8 28 0 0.04 0.1 T 12.1 28 280 M M 8 1 36 290
5 43 30 37 8 28 0 T T T 7.0 17 320 M M 5 24 310
6 40 27 34 5 31 0 0.04 0.1 0 8.9 22 350 M M 7 18 26 350
7 33 20 27 -3 38 0 T T T 11.8 25 350 M M 2 1 30 360
8 55 22 39 9 26 0 0.00 0.0 0 9.2 16 260 M M 3 23 280
9 67 43 55 25 10 0 0.00 0.0 0 9.0 23 250 M M 1 30 250
10 55 34 45 14 20 0 0.20 0.0 0 11.2 20 320 M M 8 1 29 310
11 40 28 34 3 31 0 0.00 0.0 0 5.0 16 340 M M 8 21 350
12 49 37 43 12 22 0 0.00 0.0 0 8.6 22 150 M M 9 31 180
13 56 37 47 15 18 0 0.17 0.0 0 15.4 29 280 M M 6 1 38 290
14 38 29 34 2 31 0 0.00 0.0 0 9.9 18 310 M M 6 26 310
15 41 22 32 0 33 0 0.00 0.0 0 10.1 21 20 M M 3 25 360
16 46 17 32 -1 33 0 T T 0 9.2 20 170 M M 3 1 28 170
17 42 33 38 5 27 0 0.02 T 0 9.9 17 300 M M 10 1 25 320
18 49 30 40 7 25 0 0.15 0.0 0 5.1 16 160 M M 3 1 26 160
19 49 36 43 9 22 0 0.27 0.0 0 8.5 15 150 M M 10 12 18 140
20 66 35 51 17 14 0 0.25 0.0 0 13.2 26 260 M M 9 18 33 260
21 37 20 29 -5 36 0 T T T 12.4 24 340 M M 5 30 340
22 41 16 29 -6 36 0 0.00 0.0 0 7.4 20 160 M M 0 27 150
23 32 27 30 -5 35 0 0.34 2.4 1 8.1 22 150 M M 10 12 29 150
24 34 30 32 -4 33 0 T T 2 6.9 16 330 M M 10 12 21 330
25 40 29 35 -1 30 0 T T T 6.7 14 130 M M 7 1 19 130
26 57 31 44 8 21 0 0.00 0.0 0 7.7 17 220 M M 3 1 24 220
27 51 36 44 7 21 0 T 0.0 0 8.8 15 360 M M 4 20 360
28 41 34 38 1 27 0 0.33 0.0 0 9.8 21 110 M M 7 1 24 120
29 50 39 45 7 20 0 0.07 0.0 0 10.4 22 140 M M 10 1 28 140
30 49 38 44 6 21 0 0.17 0.0 0 6.8 22 280 M M 9 12 29 280
31 46 37 42 3 23 0 0.10 0.0 0 3.4 9 70 M M 10 1 13 30
================================================================================
SM 1431 933 821 0 2.35 3.2 278.0 M 199
================================================================================
AV 46.2 30.1 9.0 FASTST M M 6 MAX(MPH)
MISC ----> # 32 260 # 41 270
================================================================================
NOTES:
# LAST OF SEVERAL OCCURRENCES
COLUMN 17 PEAK WIND IN M.P.H.
PRELIMINARY LOCAL CLIMATOLOGICAL DATA (WS FORM: F-6) , PAGE 2
STATION: BINGHAMTON NY
MONTH: MARCH
YEAR: 2020
LATITUDE: 42 13 N
LONGITUDE: 75 59 W
[TEMPERATURE DATA] [PRECIPITATION DATA] SYMBOLS USED IN COLUMN 16
AVERAGE MONTHLY: 38.1 TOTAL FOR MONTH: 2.35 1 = FOG OR MIST
DPTR FM NORMAL: 5.3 DPTR FM NORMAL: -0.64 2 = FOG REDUCING VISIBILITY
HIGHEST: 67 ON 9 GRTST 24HR 0.39 ON 28-29 TO 1/4 MILE OR LESS
LOWEST: 15 ON 1 3 = THUNDER
SNOW, ICE PELLETS, HAIL 4 = ICE PELLETS
TOTAL MONTH: 3.2 INCHES 5 = HAIL
GRTST 24HR 2.4 ON 23-23 6 = FREEZING RAIN OR DRIZZLE
GRTST DEPTH: 2 ON 24, 1 7 = DUSTSTORM OR SANDSTORM:
23 VSBY 1/2 MILE OR LESS
8 = SMOKE OR HAZE
[NO. OF DAYS WITH] [WEATHER - DAYS WITH] 9 = BLOWING SNOW
X = TORNADO
MAX 32 OR BELOW: 1 0.01 INCH OR MORE: 16
MAX 90 OR ABOVE: 0 0.10 INCH OR MORE: 10
MIN 32 OR BELOW: 17 0.50 INCH OR MORE: 0
MIN 0 OR BELOW: 0 1.00 INCH OR MORE: 0
[HDD (BASE 65) ]
TOTAL THIS MO. 821 CLEAR (SCALE 0-3) 7
DPTR FM NORMAL -176 PTCLDY (SCALE 4-7) 13
TOTAL FM JUL 1 5733 CLOUDY (SCALE 8-10) 11
DPTR FM NORMAL -463
[CDD (BASE 65) ]
TOTAL THIS MO. 0
DPTR FM NORMAL 0 [PRESSURE DATA]
TOTAL FM JAN 1 0 HIGHEST SLP 30.66 ON 22
DPTR FM NORMAL 0 LOWEST SLP 29.36 ON 3
[REMARKS]
#FINAL-03-20#
CORRECTED SNOW DEPTH ON DAY 25
CORRECTED GREATEST 24 HOUR PRECIPITATION
ADDED A DAY FOR GREATEST SNOW DEPTH
7TH WARMEST MARCH
10TH LOWEST MARCH SNOWFALL
(TAC)