000
CXUS51 KBGM 010754
CLMBGM
CLIMATE REPORT
NATIONAL WEATHER SERVICE BINGHAMTON, NY
354 AM EDT TUE AUG 01 2023
...................................
...THE BINGHAMTON NY CLIMATE SUMMARY FOR THE MONTH OF JULY 2023...
CLIMATE NORMAL PERIOD 1991 TO 2020
CLIMATE RECORD PERIOD 1951 TO 2023
WEATHER OBSERVED NORMAL DEPART LAST YEAR`S
VALUE DATE(S) VALUE FROM VALUE DATE(S)
NORMAL
................................................................
TEMPERATURE (F)
RECORD
HIGH 98 07/16/1988
LOW 39 07/09/1963
HIGHEST 88 07/06 78 10 90 07/23
07/24
LOWEST 55 07/30 59 -4 50 07/10
07/31
AVG. MAXIMUM 80.3 78.4 1.9 80.5
AVG. MINIMUM 62.9 59.4 3.5 60.3
MEAN 71.6 68.9 2.7 70.4
DAYS MAX >= 90 0 1.0 -1.0 2
DAYS MAX <= 32 0 0.0 0.0 0
DAYS MIN <= 32 0 0.0 0.0 0
DAYS MIN <= 0 0 0.0 0.0 0
PRECIPITATION (INCHES)
RECORD
MAXIMUM 9.82 2021
MINIMUM 0.83 1955
TOTALS 5.90 3.80 2.10 2.89
DAILY AVG. 0.19 0.12 0.07 0.09
DAYS >= .01 17 12.6 4.4 10
DAYS >= .10 12 7.7 4.3 7
DAYS >= .50 4 2.6 1.4 1
DAYS >= 1.00 1 0.8 0.2 1
GREATEST
24 HR. TOTAL 1.66 07/24 TO 07/24
SNOWFALL (INCHES)
RECORDS
TOTAL T 2014
24 HR TOTAL T 07/23/2014 TO 07/23/2014
07/14/2014 TO 07/14/2014
07/13/2014 TO 07/13/2014
SNOW DEPTH T 07/23/2014
TOTALS 0.0 0.0 0.0 0.0
SINCE 7/1 0.0 0.0 0.0 MM
SNOWDEPTH AVG. 0 0
DAYS >= TRACE 0 0.0 0.0 0
DAYS >= 1.0 0 0.0 0.0 0
GREATEST
SNOW DEPTH 0 0 MM
24 HR TOTAL MM
DEGREE DAYS
HEATING TOTAL 1 21 -20 3
SINCE 7/1 1 27 -26 MM
COOLING TOTAL 216 142 74 177
SINCE 1/1 330 239 91 MM
................................................................
WIND (MPH)
AVERAGE WIND SPEED 5.6
RESULTANT WIND SPEED/DIRECTION 2/260
HIGHEST WIND SPEED/DIRECTION 29/260 DATE 07/20
HIGHEST GUST SPEED/DIRECTION 40/340 DATE 07/07
40/300 07/24
SKY COVER
POSSIBLE SUNSHINE (PERCENT) MM
AVERAGE SKY COVER 0.42
NUMBER OF DAYS FAIR 13
NUMBER OF DAYS PC 16
NUMBER OF DAYS CLOUDY 2
AVERAGE RH (PERCENT) 75
WEATHER CONDITIONS. NUMBER OF DAYS WITH
THUNDERSTORM 13 MIXED PRECIP 0
HEAVY RAIN 10 RAIN 11
LIGHT RAIN 19 FREEZING RAIN 0
LT FREEZING RAIN 0 HAIL 0
HEAVY SNOW 0 SNOW 0
LIGHT SNOW 0 SLEET 0
FOG 22 FOG W/VIS <= 1/4 MILE 9
HAZE 4
- INDICATES NEGATIVE NUMBERS.
R INDICATES RECORD WAS SET OR TIED.
MM INDICATES DATA IS MISSING.
T INDICATES TRACE AMOUNT.
$$