000
CXUS51 KCAR 010700
CF6BGR
PRELIMINARY LOCAL CLIMATOLOGICAL DATA (WS FORM: F-6)
STATION: BANGOR ME
MONTH: OCTOBER
YEAR: 2022
LATITUDE: 44 47 N
LONGITUDE: 68 49 W
TEMPERATURE IN F: :PCPN: SNOW: WIND :SUNSHINE: SKY :PK WND
================================================================================
1 2 3 4 5 6A 6B 7 8 9 10 11 12 13 14 15 16 17 18
12Z AVG MX 2MIN
DY MAX MIN AVG DEP HDD CDD WTR SNW DPTH SPD SPD DIR MIN PSBL S-S WX SPD DR
================================================================================
1 65 40 53 -1 12 0 0.00 0.0 0 3.8 16 20 M M 7 25 10
2 57 32 45 -8 20 0 0.00 0.0 0 10.9 23 20 M M 5 35 30
3 59 28 44 -9 21 0 0.00 0.0 0 2.4 12 350 M M 1 1 16 20
4 65 28 47 -5 18 0 0.00 0.0 0 1.5 8 130 M M 4 1 12 160
5 68 38 53 1 12 0 0.00 0.0 0 4.0 12 350 M M 7 1 15 20
6 74 48 61 9 4 0 0.00 0.0 0 2.5 9 320 M M 5 1 12 350
7 72 46 59 8 6 0 T 0.0 0 5.5 17 170 M M 7 1 23 180
8 56 32 44 -7 21 0 0.00 0.0 0 7.6 20 320 M M 3 28 330
9 59 30 45 -6 20 0 T 0.0 0 5.6 17 230 M M 5 1 26 230
10 48 29 39 -11 26 0 0.00 0.0 0 1.5 9 210 M M 4 1 11 240
11 58 27 43 -7 22 0 0.00 0.0 0 4.0 13 230 M M 5 12 20 220
12 70 31 51 1 14 0 0.00 0.0 0 4.1 14 170 M M 6 12 18 180
13 69 44 57 8 8 0 T 0.0 0 9.8 24 170 M M 8 1 42 170
14 66 60 63 14 2 0 1.80 0.0 0 15.4 25 150 M M 10 1 39 150
15 66 50 58 10 7 0 3.20 0.0 0 4.9 12 110 M M 9 138 15 120
16 67 48 58 10 7 0 0.00 0.0 0 2.5 10 10 M M 6 12 14 20
17 59 42 51 3 14 0 0.06 0.0 0 4.1 10 150 M M 8 12 15 130
18 64 56 60 13 5 0 1.34 0.0 0 12.0 22 160 M M 10 1 35 150
19 62 43 53 6 12 0 0.64 0.0 0 9.4 23 170 M M 6 1 30 180
20 57 37 47 0 18 0 0.00 0.0 0 8.2 21 180 M M 1 30 180
21 60 33 47 1 18 0 0.00 0.0 0 5.2 17 180 M M 1 22 190
22 65 35 50 4 15 0 0.00 0.0 0 6.0 18 180 M M 1 1 27 190
23 67 41 54 8 11 0 T 0.0 0 1.0 7 130 M M 9 12 8 30
24 60 54 57 12 8 0 0.31 0.0 0 5.0 10 20 M M 10 1 12 20
25 71 56 64 19 1 0 0.02 0.0 0 3.9 12 180 M M 9 12 15 180
26 65 62 64 19 1 0 1.50 0.0 0 4.8 13 120 M M 10 12 16 110
27 67 39 53 9 12 0 0.00 0.0 0 10.9 25 320 M M 5 1 35 320
28 53 33 43 -1 22 0 0.00 0.0 0 3.1 13 360 M M 1 19 360
29 61 27 44 0 21 0 0.00 0.0 0 3.6 12 180 M M 1 1 14 180
30 66 31 49 6 16 0 0.00 0.0 0 3.1 10 180 M M 2 1 14 190
31 65 36 51 8 14 0 0.00 0.0 0 4.8 15 180 M M 6 12 20 180
================================================================================
SM 1961 1236 408 0 8.87 0.0 171.1 M 172
================================================================================
AV 63.3 39.9 5.5 FASTST M M 6 MAX(MPH)
MISC ----> # 25 150 42 170
================================================================================
NOTES:
# LAST OF SEVERAL OCCURRENCES
COLUMN 17 PEAK WIND IN M.P.H.
PRELIMINARY LOCAL CLIMATOLOGICAL DATA (WS FORM: F-6) , PAGE 2
STATION: BANGOR ME
MONTH: OCTOBER
YEAR: 2022
LATITUDE: 44 47 N
LONGITUDE: 68 49 W
[TEMPERATURE DATA] [PRECIPITATION DATA] SYMBOLS USED IN COLUMN 16
AVERAGE MONTHLY: 51.6 TOTAL FOR MONTH: 8.87 1 = FOG OR MIST
DPTR FM NORMAL: 3.4 DPTR FM NORMAL: 4.29 2 = FOG REDUCING VISIBILITY
HIGHEST: 74 ON 6 GRTST 24HR 4.94 ON 14-15 TO 1/4 MILE OR LESS
LOWEST: 27 ON 29,11 3 = THUNDER
SNOW, ICE PELLETS, HAIL 4 = ICE PELLETS
TOTAL MONTH: 0.0 INCH 5 = HAIL
GRTST 24HR 0.0 6 = FREEZING RAIN OR DRIZZLE
GRTST DEPTH: 0 7 = DUSTSTORM OR SANDSTORM:
VSBY 1/2 MILE OR LESS
8 = SMOKE OR HAZE
[NO. OF DAYS WITH] [WEATHER - DAYS WITH] 9 = BLOWING SNOW
X = TORNADO
MAX 32 OR BELOW: 0 0.01 INCH OR MORE: 8
MAX 90 OR ABOVE: 0 0.10 INCH OR MORE: 6
MIN 32 OR BELOW: 10 0.50 INCH OR MORE: 5
MIN 0 OR BELOW: 0 1.00 INCH OR MORE: 4
[HDD (BASE 65) ]
TOTAL THIS MO. 408 CLEAR (SCALE 0-3) 7
DPTR FM NORMAL -114 PTCLDY (SCALE 4-7) 17
TOTAL FM JUL 1 580 CLOUDY (SCALE 8-10) 7
DPTR FM NORMAL -172
[CDD (BASE 65) ]
TOTAL THIS MO. 0
DPTR FM NORMAL -1 [PRESSURE DATA]
TOTAL FM JAN 1 485 HIGHEST SLP 30.59 ON 28
DPTR FM NORMAL 106 LOWEST SLP 29.60 ON 19
[REMARKS]
#FINAL-10-22#