000
CXUS51 KCAR 010600
CF6BGR
PRELIMINARY LOCAL CLIMATOLOGICAL DATA (WS FORM: F-6)
STATION: BANGOR ME
MONTH: MAY
YEAR: 2021
LATITUDE: 44 47 N
LONGITUDE: 68 49 W
TEMPERATURE IN F: :PCPN: SNOW: WIND :SUNSHINE: SKY :PK WND
================================================================================
1 2 3 4 5 6A 6B 7 8 9 10 11 12 13 14 15 16 17 18
12Z AVG MX 2MIN
DY MAX MIN AVG DEP HDD CDD WTR SNW DPTH SPD SPD DIR MIN PSBL S-S WX SPD DR
================================================================================
1 56 43 50 1 15 0 0.00 0.0 0 11.7 28 320 M M 6 36 320
2 69 43 56 6 9 0 0.00 0.0 0 9.6 26 320 M M 6 35 300
3 61 40 51 1 14 0 0.00 0.0 0 7.2 20 330 M M 7 25 330
4 66 48 57 7 8 0 T 0.0 0 5.1 13 80 M M 9 17 70
5 52 43 48 -3 17 0 0.43 0.0 0 6.8 15 120 M M 10 1 21 120
6 57 38 48 -3 17 0 0.01 0.0 0 9.6 24 330 M M 8 1 31 340
7 61 32 47 -5 18 0 0.00 0.0 0 6.5 17 320 M M 2 21 320
8 53 35 44 -8 21 0 0.00 0.0 0 9.4 22 340 M M 8 27 340
9 65 39 52 0 13 0 0.00 0.0 0 7.7 22 320 M M 6 28 330
10 69 44 57 4 8 0 T 0.0 0 4.5 17 180 M M 8 22 190
11 60 45 53 0 12 0 0.25 0.0 0 5.9 18 320 M M 9 13 23 250
12 63 41 52 -1 13 0 0.14 0.0 0 9.7 28 350 M M 8 1 38 340
13 69 35 52 -2 13 0 T 0.0 0 5.5 28 340 M M 5 34 350
14 72 41 57 3 8 0 T 0.0 0 8.3 28 320 M M 4 35 330
15 74 37 56 2 9 0 T 0.0 0 5.6 22 190 M M 3 26 190
16 74 43 59 4 6 0 0.00 0.0 0 4.6 18 30 M M 7 3 24 20
17 75 41 58 3 7 0 0.00 0.0 0 4.5 17 180 M M 4 1 22 190
18 76 47 62 7 3 0 T 0.0 0 7.2 20 320 M M 7 24 320
19 76 44 60 4 5 0 0.00 0.0 0 7.0 17 30 M M 3 26 30
20 73 42 58 2 7 0 0.00 0.0 0 6.4 18 180 M M 3 22 180
21 75 52 64 8 1 0 0.02 0.0 0 10.2 18 180 M M 8 23 190
22 71 54 63 7 2 0 T 0.0 0 7.8 14 170 M M 8 17 180
23 77 47 62 5 3 0 0.18 0.0 0 9.4 33 340 M M 6 1 39 340
24 65 37 51 -6 14 0 0.00 0.0 0 6.9 21 180 M M 1 26 190
25 71 48 60 3 5 0 0.00 0.0 0 11.3 22 170 M M 5 28 170
26 85 59 72 14 0 7 0.00 0.0 0 10.4 18 180 M M 6 27 180
27 74 48 61 3 4 0 0.00 0.0 0 12.9 25 330 M M 6 35 330
28 60 40 50 -8 15 0 0.00 0.0 0 8.0 17 320 M M 7 27 310
29 59 40 50 -8 15 0 0.00 0.0 0 6.1 14 70 M M 9 17 60
30 58 38 48 -11 17 0 0.25 0.0 0 7.1 16 50 M M 9 1 20 60
31 58 49 54 -5 11 0 0.54 0.0 0 7.5 16 320 M M 10 1 19 320
================================================================================
SM 2074 1333 310 7 1.82 0.0 240.4 M 198
================================================================================
AV 66.9 43.0 7.8 FASTST M M 6 MAX(MPH)
MISC ----> 33 340 39 340
================================================================================
NOTES:
# LAST OF SEVERAL OCCURRENCES
COLUMN 17 PEAK WIND IN M.P.H.
PRELIMINARY LOCAL CLIMATOLOGICAL DATA (WS FORM: F-6) , PAGE 2
STATION: BANGOR ME
MONTH: MAY
YEAR: 2021
LATITUDE: 44 47 N
LONGITUDE: 68 49 W
[TEMPERATURE DATA] [PRECIPITATION DATA] SYMBOLS USED IN COLUMN 16
AVERAGE MONTHLY: 55.0 TOTAL FOR MONTH: 1.82 1 = FOG OR MIST
DPTR FM NORMAL: 0.5 DPTR FM NORMAL: -1.52 2 = FOG REDUCING VISIBILITY
HIGHEST: 85 ON 26 GRTST 24HR 0.76 ON 30-31 TO 1/4 MILE OR LESS
LOWEST: 32 ON 7 3 = THUNDER
SNOW, ICE PELLETS, HAIL 4 = ICE PELLETS
TOTAL MONTH: 0.0 INCH 5 = HAIL
GRTST 24HR 0.0 6 = FREEZING RAIN OR DRIZZLE
GRTST DEPTH: 0 7 = DUSTSTORM OR SANDSTORM:
VSBY 1/2 MILE OR LESS
8 = SMOKE OR HAZE
[NO. OF DAYS WITH] [WEATHER - DAYS WITH] 9 = BLOWING SNOW
X = TORNADO
MAX 32 OR BELOW: 0 0.01 INCH OR MORE: 8
MAX 90 OR ABOVE: 0 0.10 INCH OR MORE: 6
MIN 32 OR BELOW: 1 0.50 INCH OR MORE: 1
MIN 0 OR BELOW: 0 1.00 INCH OR MORE: 0
[HDD (BASE 65) ]
TOTAL THIS MO. 310 CLEAR (SCALE 0-3) 4
DPTR FM NORMAL -23 PTCLDY (SCALE 4-7) 21
TOTAL FM JUL 1 6800 CLOUDY (SCALE 8-10) 6
DPTR FM NORMAL -727
[CDD (BASE 65) ]
TOTAL THIS MO. 7
DPTR FM NORMAL 0 [PRESSURE DATA]
TOTAL FM JAN 1 7 HIGHEST SLP M ON M
DPTR FM NORMAL 0 LOWEST SLP 29.30 ON 1
[REMARKS]
#FINAL-05-21#