000
CXUS51 KCAR 010600
CF6BGR
PRELIMINARY LOCAL CLIMATOLOGICAL DATA (WS FORM: F-6)
STATION: BANGOR ME
MONTH: JUNE
YEAR: 2020
LATITUDE: 44 47 N
LONGITUDE: 68 49 W
TEMPERATURE IN F: :PCPN: SNOW: WIND :SUNSHINE: SKY :PK WND
================================================================================
1 2 3 4 5 6A 6B 7 8 9 10 11 12 13 14 15 16 17 18
12Z AVG MX 2MIN
DY MAX MIN AVG DEP HDD CDD WTR SNW DPTH SPD SPD DIR MIN PSBL S-S WX SPD DR
================================================================================
1 60 35 48 -11 17 0 0.00 0.0 0 8.8 25 330 M M 5 35 320
2 68 35 52 -7 13 0 T 0.0 0 6.4 26 330 M M 3 32 340
3 65 51 58 -2 7 0 0.02 0.0 0 3.4 9 200 M M 9 1 11 200
4 79 52 66 6 0 1 0.00 0.0 0 7.0 16 210 M M 6 1 25 240
5 82 56 69 9 0 4 0.00 0.0 0 7.3 21 190 M M 6 25 190
6 76 58 67 7 0 2 0.30 0.0 0 5.2 23 320 M M 8 13 29 330
7 64 53 59 -2 6 0 T 0.0 0 11.8 20 360 M M 10 24 360
8 74 49 62 1 3 0 0.00 0.0 0 10.0 24 320 M M 7 30 330
9 73 51 62 1 3 0 0.00 0.0 0 4.1 16 320 M M 8 21 320
10 70 45 58 -4 7 0 0.00 0.0 0 9.9 23 170 M M 8 33 160
11 63 55 59 -3 6 0 0.36 0.0 0 12.6 25 180 M M 10 128 38 190
12 78 60 69 7 0 4 0.00 0.0 0 7.3 21 180 M M 6 12 27 190
13 68 48 58 -5 7 0 0.00 0.0 0 7.4 18 330 M M 4 23 350
14 71 45 58 -5 7 0 T 0.0 0 7.3 15 20 M M 6 20 20
15 75 44 60 -3 5 0 0.00 0.0 0 5.7 15 350 M M 2 21 350
16 82 44 63 0 2 0 0.00 0.0 0 4.8 17 190 M M 2 1 22 180
17 82 50 66 2 0 1 0.00 0.0 0 8.4 17 180 M M 3 23 170
18 92 53 73 9 0 8 0.00 0.0 0 6.2 15 210 M M 0 20 210
19 94 57 76 12 0 11 0.00 0.0 0 6.7 16 190 M M 1 1 20 170
20 95 63 79 15 0 14 0.00 0.0 0 5.5 16 180 M M 3 3 19 200
21 83 61 72 7 0 7 0.00 0.0 0 7.8 16 140 M M 5 1 24 140
22 82 60 71 6 0 6 0.00 0.0 0 7.0 13 160 M M 6 1 16 190
23 81 61 71 6 0 6 0.00 0.0 0 9.7 18 180 M M 5 1 25 170
24 75 63 69 3 0 4 T 0.0 0 9.4 17 180 M M 10 1 22 180
25 82 59 71 5 0 6 0.00 0.0 0 7.6 18 190 M M 6 12 25 220
26 82 55 69 3 0 4 0.49 0.0 0 3.9 21 100 M M 5 13 24 90
27 82 57 70 4 0 5 T 0.0 0 6.4 17 160 M M 8 1 23 150
28 83 61 72 6 0 7 T 0.0 0 5.4 16 200 M M 8 12 19 200
29 70 64 67 0 0 2 0.35 0.0 0 7.7 15 50 M M 10 1 20 50
30 71 65 68 1 0 3 0.56 0.0 0 8.2 16 40 M M 10 1 19 30
================================================================================
SM 2302 1610 83 95 2.08 0.0 218.9 M 180
================================================================================
AV 76.7 53.7 7.3 FASTST M M 6 MAX(MPH)
MISC ----> # 26 330 # 38 190
================================================================================
NOTES:
# LAST OF SEVERAL OCCURRENCES
COLUMN 17 PEAK WIND IN M.P.H.
PRELIMINARY LOCAL CLIMATOLOGICAL DATA (WS FORM: F-6) , PAGE 2
STATION: BANGOR ME
MONTH: JUNE
YEAR: 2020
LATITUDE: 44 47 N
LONGITUDE: 68 49 W
[TEMPERATURE DATA] [PRECIPITATION DATA] SYMBOLS USED IN COLUMN 16
AVERAGE MONTHLY: 65.2 TOTAL FOR MONTH: 2.08 1 = FOG OR MIST
DPTR FM NORMAL: 2.0 DPTR FM NORMAL: -1.68 2 = FOG REDUCING VISIBILITY
HIGHEST: 95 ON 20 GRTST 24HR 0.56 ON 30-30 TO 1/4 MILE OR LESS
LOWEST: 35 ON 2, 1 3 = THUNDER
SNOW, ICE PELLETS, HAIL 4 = ICE PELLETS
TOTAL MONTH: 0.0 INCH 5 = HAIL
GRTST 24HR 0.0 6 = FREEZING RAIN OR DRIZZLE
GRTST DEPTH: 0 7 = DUSTSTORM OR SANDSTORM:
VSBY 1/2 MILE OR LESS
8 = SMOKE OR HAZE
[NO. OF DAYS WITH] [WEATHER - DAYS WITH] 9 = BLOWING SNOW
X = TORNADO
MAX 32 OR BELOW: 0 0.01 INCH OR MORE: 6
MAX 90 OR ABOVE: 3 0.10 INCH OR MORE: 5
MIN 32 OR BELOW: 0 0.50 INCH OR MORE: 1
MIN 0 OR BELOW: 0 1.00 INCH OR MORE: 0
[HDD (BASE 65) ]
TOTAL THIS MO. 83 CLEAR (SCALE 0-3) 4
DPTR FM NORMAL -24 PTCLDY (SCALE 4-7) 19
TOTAL FM JUL 1 7409 CLOUDY (SCALE 8-10) 7
DPTR FM NORMAL -451
[CDD (BASE 65) ]
TOTAL THIS MO. 95
DPTR FM NORMAL 43 [PRESSURE DATA]
TOTAL FM JAN 1 115 HIGHEST SLP 30.51 ON 14
DPTR FM NORMAL 57 LOWEST SLP 29.43 ON 3
[REMARKS]
#FINAL-06-20#