000
CXUS55 KVEF 012143
CF6BIH
PRELIMINARY LOCAL CLIMATOLOGICAL DATA (WS FORM: F-6)
STATION: BISHOP CA
MONTH: MAY
YEAR: 2022
LATITUDE: 37 22 N
LONGITUDE: 118 22 W
TEMPERATURE IN F: :PCPN: SNOW: WIND :SUNSHINE: SKY :PK WND
================================================================================
1 2 3 4 5 6A 6B 7 8 9 10 11 12 13 14 15 16 17 18
12Z AVG MX 2MIN
DY MAX MIN AVG DEP HDD CDD WTR SNW DPTH SPD SPD DIR MIN PSBL S-S WX SPD DR
================================================================================
1 74 38 56 -3 9 0 0.00 0.0 0 16.5 35 340 M M 0 8 44 350
2 83 31 57 -2 8 0 0.00 0.0 0 9.6 38 340 M M 0 50 350
3 79 44 62 2 3 0 0.00 0.0 0 20.1 36 340 M M 0 48 340
4 83 39 61 1 4 0 0.00 0.0 0 6.4 16 140 M M 0 23 150
5 84 38 61 1 4 0 0.00 0.0 0 6.5 18 250 M M 0 23 250
6 91 44 68 8 0 3 0.00 0.0 0 7.8 30 360 M M 0 37 360
7 81 51 66 5 0 1 0.00 0.0 0 10.4 24 330 M M 0 29 240
8 72 35 54 -7 11 0 0.00 0.0 0 12.5 28 290 M M 0 36 240
9 65 26 46 -15 19 0 0.00 0.0 0 9.0 28 280 M M 0 35 290
10 63 30 47 -15 18 0 0.00 0.0 0 10.4 25 340 M M 0 33 350
11 57 36 47 -15 18 0 0.00 0.0 0 15.9 30 360 M M 3 38 360
12 72 25 49 -13 16 0 0.00 0.0 0 5.6 14 160 M M 0 18 150
13 84 33 59 -4 6 0 0.00 0.0 0 7.9 20 150 M M 0 25 150
14 92 42 67 4 0 2 0.00 0.0 0 7.2 20 150 M M 0 26 150
15 93 46 70 7 0 5 0.00 0.0 0 8.7 21 350 M M 0 29 170
16 92 54 73 9 0 8 0.00 0.0 0 7.3 16 330 M M 0 20 310
17 90 52 71 7 0 6 0.00 0.0 0 8.5 18 10 M M 0 25 360
18 96 48 72 8 0 7 0.00 0.0 0 5.5 13 10 M M 0 14 10
19 98 52 75 11 0 10 0.00 0.0 0 13.0 29 350 M M 0 38 330
20 71 44 58 -7 7 0 0.00 0.0 0 19.5 40 350 M M 2 8 56 350
21 78 33 56 -9 9 0 0.00 0.0 0 6.7 16 360 M M 0 20 350
22 86 40 63 -2 2 0 0.00 0.0 0 7.4 22 350 M M 0 34 340
23 89 47 68 2 0 3 0.00 0.0 0 7.3 20 350 M M 0 25 350
24 93 45 69 3 0 4 0.00 0.0 0 5.9 17 210 M M 0 23 230
25 96 48 72 6 0 7 0.00 0.0 0 6.2 15 160 M M 0 23 150
26 96 49 73 7 0 8 0.00 0.0 0 9.8 24 130 M M 0 32 160
27 92 54 73 6 0 8 0.00 0.0 0 8.9 25 30 M M 0 33 30
28 87 56 72 5 0 7 0.00 0.0 0 13.2 26 240 M M 0 34 250
29 83 55 69 2 0 4 0.00 0.0 0 17.9 31 320 M M 0 39 340
30 80 48 64 -4 1 0 0.00 0.0 0 11.0 23 360 M M 0 32 350
31 80 43 62 -6 3 0 0.00 0.0 0 6.7 24 360 M M 0 26 360
================================================================================
SM 2580 1326 138 83 0.00 0.0 309.3 M 5
================================================================================
AV 83.2 42.8 10.0 FASTST M M 0 MAX(MPH)
MISC ----> 40 350 56 350
================================================================================
NOTES:
# LAST OF SEVERAL OCCURRENCES
COLUMN 17 PEAK WIND IN M.P.H.
PRELIMINARY LOCAL CLIMATOLOGICAL DATA (WS FORM: F-6) , PAGE 2
STATION: BISHOP CA
MONTH: MAY
YEAR: 2022
LATITUDE: 37 22 N
LONGITUDE: 118 22 W
[TEMPERATURE DATA] [PRECIPITATION DATA] SYMBOLS USED IN COLUMN 16
AVERAGE MONTHLY: 63.0 TOTAL FOR MONTH: 0.00 1 = FOG OR MIST
DPTR FM NORMAL: -0.5 DPTR FM NORMAL: -0.23 2 = FOG REDUCING VISIBILITY
HIGHEST: 98 ON 19 GRTST 24HR 0.00 ON 10-10 TO 1/4 MILE OR LESS
LOWEST: 25 ON 12 3 = THUNDER
SNOW, ICE PELLETS, HAIL 4 = ICE PELLETS
TOTAL MONTH: 0.0 INCH 5 = HAIL
GRTST 24HR 0.0 6 = FREEZING RAIN OR DRIZZLE
GRTST DEPTH: 0 7 = DUSTSTORM OR SANDSTORM:
VSBY 1/2 MILE OR LESS
8 = SMOKE OR HAZE
[NO. OF DAYS WITH] [WEATHER - DAYS WITH] 9 = BLOWING SNOW
X = TORNADO
MAX 32 OR BELOW: 0 0.01 INCH OR MORE: 0
MAX 90 OR ABOVE: 11 0.10 INCH OR MORE: 0
MIN 32 OR BELOW: 4 0.50 INCH OR MORE: 0
MIN 0 OR BELOW: 0 1.00 INCH OR MORE: 0
[HDD (BASE 65) ]
TOTAL THIS MO. 138 CLEAR (SCALE 0-3) 31
DPTR FM NORMAL 24 PTCLDY (SCALE 4-7) 0
TOTAL FM JUL 1 3627 CLOUDY (SCALE 8-10) 0
DPTR FM NORMAL -358
[CDD (BASE 65) ]
TOTAL THIS MO. 83
DPTR FM NORMAL 16 [PRESSURE DATA]
TOTAL FM JAN 1 85 HIGHEST SLP 30.26 ON 12
DPTR FM NORMAL 14 LOWEST SLP 29.51 ON 20
[REMARKS]
#FINAL-05-22#