000
CXUS55 KVEF 032324
CLABIH
CLIMATE REPORT
NATIONAL WEATHER SERVICE LAS VEGAS, NV
324 PM PST FRI JAN 3 2020
...................................
...THE BISHOP CA CLIMATE SUMMARY FOR THE YEAR OF 2019...
CLIMATE NORMAL PERIOD 1981 TO 2010
CLIMATE RECORD PERIOD 1943 TO 2020
WEATHER OBSERVED NORMAL DEPART LAST YEAR`S
VALUE DATE(S) VALUE FROM VALUE DATE(S)
NORMAL
................................................................
TEMPERATURE (F)
RECORD
HIGH 110 07/10/2002
LOW -8 12/22/1990
12/27/1988
HIGHEST 104 07/22 74 30 106 08/10
07/27
07/17
LOWEST 8 11/30 38 -30 7 02/24
AVG. MAXIMUM 73.5 75.0 -1.5 77.2
AVG. MINIMUM 38.0 38.1 -0.1 39.8
MEAN 55.7 56.6 -0.9 58.5
DAYS MAX >= 90 99 99.9 -0.9 113
DAYS MAX <= 32 3 0.4 2.6 0
DAYS MIN <= 32 145 133.7 11.3 132
DAYS MIN <= 0 0 0.2 -0.2 0
PRECIPITATION (INCHES)
RECORD
MAXIMUM 17.09 1969
MINIMUM 0.80 1947
TOTALS 8.26 5.17 3.09 4.49
DAILY AVG. T 0.01 -0.01 T
DAYS >= .01 37 27.6 9.4 20
DAYS >= .10 15 12.3 2.7 9
DAYS >= .50 6 2.7 3.3 4
DAYS >= 1.00 2 0.6 1.4 0
GREATEST
24 HR. TOTAL 1.49 01/17 TO 01/17 1.46
07/11 TO 07/12
STORM TOTAL MM 0.74
(MM/DD(HH)) MM 07/12(18) TO 07/12(22)
SNOWFALL (INCHES)
RECORDS
TOTAL 57.1 1969
24 HR TOTAL 18.0 01/24/1969 TO 01/25/1969
SNOW DEPTH 22 01/25/1969
TOTALS 7.8 8.0 -0.2 0.2
LIQUID EQUIV 0.78 MM MM 0.02
SINCE 7/1 6.9 1.5 5.4 0.0
LIQUID 7/1 0.69 0.20 0.49 0.00
SNOWDEPTH AVG. 0 MM MM 0
DAYS >= TRACE 11 3.0 8.0 1
DAYS >= 1.0 2 1.9 0.1 0
GREATEST
SNOW DEPTH 5 11/27 0.2
24 HR TOTAL 5.2 11/27 TO 11/27 02/23 TO 02/23
STORM TOTAL MM 0.2
(MM/DD(HH)) MM 02/23(00) TO 02/23(00)
DEGREE_DAYS
HEATING TOTAL 4313 4178 135 3711
SINCE 7/1 MM 1747 MM 1574
COOLING TOTAL 1078 1104 -26 1448
SINCE 1/1 1078 1104 -26 1448
FREEZE DATES
RECORD
EARLIEST 09/11/1952
LATEST 06/16/1944
EARLIEST 10/12
LATEST 05/03
.................................................................
WIND (MPH)
AVERAGE WIND SPEED 7.9
RESULTANT WIND SPEED/DIRECTION 2/321
HIGHEST WIND SPEED/DIRECTION 49/350 DATE 11/25
HIGHEST GUST SPEED/DIRECTION 71/360 DATE 11/25
SKY COVER
POSSIBLE SUNSHINE (PERCENT) MM
AVERAGE SKY COVER 0.10
NUMBER OF DAYS FAIR 303
NUMBER OF DAYS PC 45
NUMBER OF DAYS CLOUDY 17
AVERAGE RH (PERCENT) 42
WEATHER CONDITIONS. NUMBER OF DAYS WITH
THUNDERSTORM 14 MIXED PRECIP 0
HEAVY RAIN 4 RAIN 11
LIGHT RAIN 53 FREEZING RAIN 0
LT FREEZING RAIN 0 HAIL 0
HEAVY SNOW 1 SNOW 2
LIGHT SNOW 17 SLEET 0
FOG 33 FOG W/VIS <= 1/4 MILE 7
HAZE 7
- INDICATES NEGATIVE NUMBERS.
R INDICATES RECORD WAS SET OR TIED.
MM INDICATES DATA IS MISSING.
T INDICATES TRACE AMOUNT.
$$