000
CXUS55 KVEF 022154
CLMBIH
CLIMATE REPORT
NATIONAL WEATHER SERVICE LAS VEGAS, NV
154 PM PST SAT DEC 02 2023
...................................
...THE BISHOP CA CLIMATE SUMMARY FOR THE MONTH OF NOVEMBER 2023...
CLIMATE NORMAL PERIOD: 1991 TO 2020
CLIMATE RECORD PERIOD: 1943 TO 2023
WEATHER OBSERVED NORMAL DEPART LAST YEAR`S
VALUE DATE(S) VALUE FROM VALUE DATE(S)
NORMAL
................................................................
TEMPERATURE (F)
RECORD
HIGH 84 11/03/1988
11/01/1960
11/02/1949
LOW 5 11/17/1958
HIGHEST 80 11/06 74 11/05
LOWEST 15 11/28 14 11/21
AVG. MAXIMUM 63.9 64.2 -0.3 59.1
AVG. MINIMUM 26.8 27.0 -0.2 24.0
MEAN 45.3 45.6 -0.3 41.5
DAYS MAX >= 90 0 0.0 0.0 0
DAYS MAX <= 32 0 0.1 -0.1 0
DAYS MIN <= 32 22 23.7 -1.7 28
DAYS MIN <= 0 0 0.0 0.0 0
PRECIPITATION (INCHES)
RECORD
MAXIMUM 2.59 1960
MINIMUM 0.00 2006
TOTALS 0.07 0.31 -0.24 0.46
DAILY AVG. 0.00 0.01 -0.01 0.02
DAYS >= .01 1 1.6 -0.6 2
DAYS >= .10 0 0.7 -0.7 1
DAYS >= .50 0 0.2 -0.2 0
DAYS >= 1.00 0 0.0 0.0 0
GREATEST
24 HR. TOTAL 0.07 11/15 TO 11/15
SNOWFALL (INCHES)
RECORDS
TOTAL 6.8 2019
24 HR TOTAL 5.2
TOTALS 0.0 MM MM T
SINCE 7/1 0.0
SNOWDEPTH AVG. 0
DAYS >= TRACE 0
DAYS >= 1.0 0
GREATEST
SNOW DEPTH 0
24 HR TOTAL 0.0
STORM TOTAL 0.0
DEGREE DAYS
HEATING TOTAL 582 582 0 697
SINCE 7/1 814 856 -42 MM
COOLING TOTAL 0 0 0 0
SINCE 1/1 1021 1211 -190 MM
FREEZE DATES
RECORD
EARLIEST 09/11/1952
LATEST 06/16/1944
EARLIEST 10/27
LATEST 05/08
................................................................
WIND (MPH)
AVERAGE WIND SPEED 7.7
HIGHEST WIND SPEED/DIRECTION 37/340 DATE 11/23
HIGHEST GUST SPEED/DIRECTION 51/340 DATE 11/23
SKY COVER
POSSIBLE SUNSHINE (PERCENT) MM
AVERAGE SKY COVER 0.11
NUMBER OF DAYS FAIR 27
NUMBER OF DAYS PC 2
NUMBER OF DAYS CLOUDY 1
AVERAGE RH (PERCENT) 42
WEATHER CONDITIONS. NUMBER OF DAYS WITH
THUNDERSTORM 0 MIXED PRECIP 0
HEAVY RAIN 0 RAIN 0
LIGHT RAIN 6 FREEZING RAIN 0
LT FREEZING RAIN 0 HAIL 0
HEAVY SNOW 0 SNOW 0
LIGHT SNOW 0 SLEET 0
FOG 2 FOG W/VIS <= 1/4 MILE 0
HAZE 1
- INDICATES NEGATIVE NUMBERS.
R INDICATES RECORD WAS SET OR TIED.
MM INDICATES DATA IS MISSING.
T INDICATES TRACE AMOUNT.
$$