000
CXUS53 KBIS 010930
CF6BIS
PRELIMINARY LOCAL CLIMATOLOGICAL DATA (WS FORM: F-6)
STATION: BISMARCK ND
MONTH: DECEMBER
YEAR: 2023
LATITUDE: 46 46 N
LONGITUDE: 100 45 W
TEMPERATURE IN F: :PCPN: SNOW: WIND :SUNSHINE: SKY :PK WND
================================================================================
1 2 3 4 5 6A 6B 7 8 9 10 11 12 13 14 15 16 17 18
12Z AVG MX 2MIN
DY MAX MIN AVG DEP HDD CDD WTR SNW DPTH SPD SPD DIR MIN PSBL S-S WX SPD DR
================================================================================
1 37 14 26 3 39 0 0.00 0.0 0 6.0 17 170 M M 8 1 22 150
2 42 18 30 7 35 0 0.00 0.0 0 6.6 14 160 M M 1 18 150
3 45 14 30 8 35 0 0.00 0.0 0 5.1 18 280 M M 2 22 260
4 40 16 28 6 37 0 T 0.1 0 6.1 22 320 M M 7 1 29 320
5 43 15 29 7 36 0 0.00 0.0 0 4.6 14 290 M M 3 128 19 280
6 66 28 47 26 18 0 0.00 0.0 0 2.9 12 250 M M 0 15 260
7 50 28 39 18 26 0 T 0.0 0 8.5 28 290 M M 0 38 290
8 42 30 36 16 29 0 0.21 2.5 0 20.5 33 320 M M 10 1 50 340
9 31 16 24 4 41 0 0.00 0.0 3 15.5 32 320 M M 0 42 330
10 29 8 19 -1 46 0 0.00 0.0 2 3.7 9 110 M M 3 1 10 140
11 36 9 23 4 42 0 0.00 0.0 2 8.9 24 310 M M 3 12 33 320
12 28 6 17 -2 48 0 0.00 0.0 1 5.2 15 200 M M 3 19 310
13 38 10 24 5 41 0 0.00 0.0 1 4.7 15 190 M M 1 1 20 190
14 40 22 31 13 34 0 0.00 0.0 1 6.6 13 200 M M 0 17 200
15 34 22 28 10 37 0 0.01 T T 6.6 14 320 M M 9 12 17 320
16 34 15 25 7 40 0 0.00 0.0 T 5.1 14 180 M M 1 17 180
17 43 20 32 15 33 0 0.00 0.0 T 11.0 38 320 M M 6 55 320
18 32 9 21 4 44 0 0.00 0.0 T 7.3 20 160 M M 0 26 170
19 38 19 29 12 36 0 0.00 0.0 T 4.4 14 70 M M 3 19 40
20 36 17 27 11 38 0 0.00 0.0 T 7.4 13 140 M M 1 17 140
21 45 23 34 18 31 0 0.00 0.0 T 2.9 8 150 M M 0 1 11 110
22 46 19 33 17 32 0 0.00 0.0 T 2.9 9 50 M M 0 1 10 40
23 42 24 33 17 32 0 0.00 0.0 0 6.7 23 330 M M 1 32 340
24 34 22 28 13 37 0 T T 0 17.2 29 320 M M 5 44 330
25 30 15 23 8 42 0 0.00 0.0 0 12.0 22 350 M M 5 33 340
26 32 28 30 15 35 0 0.22 0.0 0 10.7 20 340 M M 10 16 31 340
27 37 24 31 17 34 0 T 0.0 0 6.3 15 310 M M 4 6 20 350
28 39 16 28 14 37 0 0.00 0.0 0 2.9 8 300 M M 0 1 10 230
29 44 21 33 19 32 0 0.00 0.0 0 7.3 17 280 M M 0 1 22 290
30 32 21 27 13 38 0 0.00 0.0 0 11.7 21 330 M M 4 27 340
31 29 15 22 8 43 0 0.00 0.0 0 4.5 14 330 M M 5 1 18 340
================================================================================
SM 1194 564 1128 0 0.44 2.6 231.8 M 95
================================================================================
AV 38.5 18.2 7.5 FASTST M M 3 MAX(MPH)
MISC ----> 38 320 55 320
================================================================================
NOTES:
# LAST OF SEVERAL OCCURRENCES
COLUMN 17 PEAK WIND IN M.P.H.
PRELIMINARY LOCAL CLIMATOLOGICAL DATA (WS FORM: F-6) , PAGE 2
STATION: BISMARCK ND
MONTH: DECEMBER
YEAR: 2023
LATITUDE: 46 46 N
LONGITUDE: 100 45 W
[TEMPERATURE DATA] [PRECIPITATION DATA] SYMBOLS USED IN COLUMN 16
AVERAGE MONTHLY: 28.4 TOTAL FOR MONTH: 0.44 1 = FOG OR MIST
DPTR FM NORMAL: 10.5 DPTR FM NORMAL: -0.16 2 = FOG REDUCING VISIBILITY
HIGHEST: 66 ON 6 GRTST 24HR 0.22 ON 26-26 TO 1/4 MILE OR LESS
LOWEST: 6 ON 12 3 = THUNDER
SNOW, ICE PELLETS, HAIL 4 = ICE PELLETS
TOTAL MONTH: 2.6 INCHES 5 = HAIL
GRTST 24HR 2.5 ON 8- 8 6 = FREEZING RAIN OR DRIZZLE
GRTST DEPTH: 3 ON 9 7 = DUSTSTORM OR SANDSTORM:
VSBY 1/2 MILE OR LESS
8 = SMOKE OR HAZE
[NO. OF DAYS WITH] [WEATHER - DAYS WITH] 9 = BLOWING SNOW
X = TORNADO
MAX 32 OR BELOW: 8 0.01 INCH OR MORE: 3
MAX 90 OR ABOVE: 0 0.10 INCH OR MORE: 2
MIN 32 OR BELOW: 31 0.50 INCH OR MORE: 0
MIN 0 OR BELOW: 0 1.00 INCH OR MORE: 0
[HDD (BASE 65) ]
TOTAL THIS MO. 1128 CLEAR (SCALE 0-3) 19
DPTR FM NORMAL -332 PTCLDY (SCALE 4-7) 8
TOTAL FM JUL 1 2810 CLOUDY (SCALE 8-10) 4
DPTR FM NORMAL -581
[CDD (BASE 65) ]
TOTAL THIS MO. 0
DPTR FM NORMAL 0 [PRESSURE DATA]
TOTAL FM JAN 1 684 HIGHEST SLP 30.54 ON 13
DPTR FM NORMAL 148 LOWEST SLP 29.27 ON 7
[REMARKS]
#FINAL-12-23#