000
CXUS53 KBIS 011511
CF6BIS
PRELIMINARY LOCAL CLIMATOLOGICAL DATA (WS FORM: F-6)
STATION: BISMARCK ND
MONTH: AUGUST
YEAR: 2023
LATITUDE: 46 46 N
LONGITUDE: 100 45 W
TEMPERATURE IN F: :PCPN: SNOW: WIND :SUNSHINE: SKY :PK WND
================================================================================
1 2 3 4 5 6A 6B 7 8 9 10 11 12 13 14 15 16 17 18
12Z AVG MX 2MIN
DY MAX MIN AVG DEP HDD CDD WTR SNW DPTH SPD SPD DIR MIN PSBL S-S WX SPD DR
================================================================================
1 97 66 82 10 0 17 0.87 T 0 8.3 33 90 M M 2 135 41 80
2 87 65 76 4 0 11 0.16 0.0 0 6.3 32 90 M M 2 13 45 90
3 90 66 78 6 0 13 0.00 0.0 0 7.1 17 100 M M 1 23 100
4 75 65 70 -2 0 5 1.05 0.0 0 10.3 21 20 M M 7 13 28 40
5 74 64 69 -3 0 4 0.03 0.0 0 7.7 16 80 M M 9 24 80
6 80 60 70 -2 0 5 0.00 0.0 0 8.2 20 360 M M 1 26 350
7 81 57 69 -3 0 4 0.00 0.0 0 3.9 13 210 M M 0 8 17 170
8 86 55 71 -1 0 6 T 0.0 0 5.8 24 320 M M 1 3 32 320
9 79 61 70 -1 0 5 0.03 0.0 0 7.5 22 80 M M 3 1 30 80
10 82 59 71 0 0 6 T 0.0 0 8.1 18 110 M M 3 26 110
11 84 60 72 1 0 7 0.00 0.0 0 9.5 25 300 M M 1 35 330
12 83 54 69 -2 0 4 T 0.0 0 5.6 16 90 M M 1 20 80
13 68 58 63 -8 2 0 0.75 0.0 0 8.4 17 330 M M 9 1 22 330
14 81 55 68 -2 0 3 0.00 0.0 0 4.6 14 270 M M 1 18 270
15 89 57 73 3 0 8 0.00 0.0 0 4.6 13 230 M M 0 16 230
16 82 60 71 1 0 6 0.00 0.0 0 13.9 32 310 M M 0 46 310
17 78 52 65 -5 0 0 0.00 0.0 0 5.6 13 170 M M 0 21 40
18 90 60 75 5 0 10 0.00 0.0 0 8.7 18 130 M M 0 23 140
19 79 61 70 1 0 5 0.00 0.0 0 11.2 24 330 M M 0 1 34 320
20 62 56 59 -10 6 0 0.17 0.0 M 8.6 15 100 M M 7 1 20 90
21 68 58 63 -6 2 0 T 0.0 0 11.0 18 90 M M 10 1 25 90
22 80 64 72 4 0 7 0.00 0.0 0 4.7 12 70 M M 7 1 15 70
23 92 68 80 12 0 15 0.00 0.0 0 7.5 15 150 M M 6 1 19 310
24 90 58 74 6 0 9 T 0.0 0 4.6 30 330 M M 2 3 43 310
25 77 54 66 -2 0 1 0.00 0.0 0 8.4 18 10 M M 1 26 340
26 76 49 63 -4 2 0 0.00 0.0 0 8.1 15 150 M M 2 12 22 170
27 91 55 73 6 0 8 0.00 0.0 0 5.8 16 320 M M 2 22 320
28 85 59 72 5 0 7 0.00 0.0 0 7.3 17 330 M M 0 25 320
29 85 59 72 6 0 7 0.00 0.0 0 5.6 13 10 M M 0 18 17 20
30 86 56 71 5 0 6 0.00 0.0 0 15.5 31 140 M M 0 138 45 140
31 88 59 74 8 0 9 0.00 0.0 0 8.5 26 150 M M 0 18 40 130
================================================================================
SM 2545 1830 12 188 3.06 T 240.9 M 78
================================================================================
AV 82.1 59.0 7.8 FASTST M M 3 MAX(MPH)
MISC ----> 33 90 46 310
================================================================================
NOTES:
# LAST OF SEVERAL OCCURRENCES
COLUMN 17 PEAK WIND IN M.P.H.
PRELIMINARY LOCAL CLIMATOLOGICAL DATA (WS FORM: F-6) , PAGE 2
STATION: BISMARCK ND
MONTH: AUGUST
YEAR: 2023
LATITUDE: 46 46 N
LONGITUDE: 100 45 W
[TEMPERATURE DATA] [PRECIPITATION DATA] SYMBOLS USED IN COLUMN 16
AVERAGE MONTHLY: 70.6 TOTAL FOR MONTH: 3.06 1 = FOG OR MIST
DPTR FM NORMAL: 1.0 DPTR FM NORMAL: 0.56 2 = FOG REDUCING VISIBILITY
HIGHEST: 97 ON 1 GRTST 24HR 1.05 ON 4- 4 TO 1/4 MILE OR LESS
LOWEST: 49 ON 26 3 = THUNDER
SNOW, ICE PELLETS, HAIL 4 = ICE PELLETS
TOTAL MONTH: T 5 = HAIL
GRTST 24HR T ON 1- 1 6 = FREEZING RAIN OR DRIZZLE
GRTST DEPTH: 0 7 = DUSTSTORM OR SANDSTORM:
VSBY 1/2 MILE OR LESS
8 = SMOKE OR HAZE
[NO. OF DAYS WITH] [WEATHER - DAYS WITH] 9 = BLOWING SNOW
X = TORNADO
MAX 32 OR BELOW: 0 0.01 INCH OR MORE: 7
MAX 90 OR ABOVE: 6 0.10 INCH OR MORE: 5
MIN 32 OR BELOW: 0 0.50 INCH OR MORE: 3
MIN 0 OR BELOW: 0 1.00 INCH OR MORE: 1
[HDD (BASE 65) ]
TOTAL THIS MO. 12 CLEAR (SCALE 0-3) 23
DPTR FM NORMAL -19 PTCLDY (SCALE 4-7) 5
TOTAL FM JUL 1 35 CLOUDY (SCALE 8-10) 3
DPTR FM NORMAL -10
[CDD (BASE 65) ]
TOTAL THIS MO. 188
DPTR FM NORMAL 14 [PRESSURE DATA]
TOTAL FM JAN 1 620 HIGHEST SLP 30.37 ON 20
DPTR FM NORMAL 130 LOWEST SLP 29.50 ON 18
[REMARKS]
#FINAL-08-23#