000
CXUS56 KBOI 011002
CF6BKE
PRELIMINARY LOCAL CLIMATOLOGICAL DATA (WS FORM: F-6)
STATION: BAKER OR
MONTH: OCTOBER
YEAR: 2020
LATITUDE: 44 50 N
LONGITUDE: 117 49 W
TEMPERATURE IN F: :PCPN: SNOW: WIND :SUNSHINE: SKY :PK WND
================================================================================
1 2 3 4 5 6A 6B 7 8 9 10 11 12 13 14 15 16 17 18
12Z AVG MX 2MIN
DY MAX MIN AVG DEP HDD CDD WTR SNW DPTH SPD SPD DIR MIN PSBL S-S WX SPD DR
================================================================================
1 85 34 60 10 5 0 0.00 M M 1.7 7 270 M M 0 128 9 270
2 87 38 63 13 2 0 0.00 M M 2.4 10 300 M M 0 18 12 280
3 85 37 61 12 4 0 0.00 M M 2.3 8 290 M M 0 18 10 300
4 81 35 58 9 7 0 0.00 M M 3.4 13 10 M M 0 18 17 10
5 81 33 57 9 8 0 0.00 M M 2.3 8 260 M M 0 8 11 300
6 86 35 61 13 4 0 0.00 M M 1.6 9 80 M M 0 18 13 60
7 82 35 59 11 6 0 0.00 M M 4.0 20 120 M M 0 8 23 110
8 81 32 57 10 8 0 0.00 M M 2.5 9 290 M M 0 8 10 290
9 81 33 57 10 8 0 0.00 M M 4.4 15 120 M M 0 18 19 120
10 63 37 50 3 15 0 T M M 8.8 25 340 M M 5 8 33 220
11 60 34 47 1 18 0 T M M 8.6 22 210 M M 6 25 210
12 69 42 56 10 9 0 T M M 8.2 25 190 M M 4 31 200
13 67 41 54 8 11 0 0.01 M M 8.6 24 180 M M 5 29 190
14 59 31 45 0 20 0 T M M 5.8 14 10 M M 3 21 320
15 60 26 43 -2 22 0 0.00 M M 3.1 12 330 M M 0 18 15 340
16 72 26 49 5 16 0 0.00 M M 3.5 13 360 M M 2 8 15 340
17 69 48 59 15 6 0 0.00 M M 7.7 17 350 M M 3 22 360
18 67 37 52 8 13 0 0.00 M M 4.0 16 20 M M 6 19 20
19 70 38 54 11 11 0 0.00 M M 3.9 10 320 M M 0 18 13 50
20 63 47 55 12 10 0 T M M 5.8 18 10 M M 9 24 350
21 57 32 45 2 20 0 0.00 M M 8.1 26 320 M M 6 33 320
22 50 20 35 -7 30 0 0.00 M M 9.2 20 330 M M 0 26 340
23 55 13 34 -8 31 0 T M M 7.7 26 110 M M 5 32 120
24 M M M M M M M M M M M M M M M M M
25 44 16 30 -11 35 0 T M M 10.8 30 340 M M 0 1 39 320
26 47 12 30 -11 35 0 0.00 M M 2.2 9 330 M M 3 11 320
27 63 17 40 0 25 0 0.00 M M 1.8 7 140 M M 0 8 8 280
28 71 21 46 6 19 0 0.00 M M 1.4 8 20 M M 0 11 40
29 71 21 46 6 19 0 0.00 M M 1.9 10 140 M M 0 8 14 60
30 65 20 43 4 22 0 0.00 M M 7.7 23 10 M M 2 8 28 330
31 59 21 40 1 25 0 0.00 M M 2.1 9 160 M M 0 18 11 160
================================================================================
SM 2050 912 464 0 0.01 M 145.5 M 59
================================================================================
AV 68.3 30.4 4.8 FASTST M M 2 MAX(MPH)
MISC ----> 30 340 39 320
================================================================================
NOTES:
# LAST OF SEVERAL OCCURRENCES
COLUMN 17 PEAK WIND IN M.P.H.
PRELIMINARY LOCAL CLIMATOLOGICAL DATA (WS FORM: F-6) , PAGE 2
STATION: BAKER OR
MONTH: OCTOBER
YEAR: 2020
LATITUDE: 44 50 N
LONGITUDE: 117 49 W
[TEMPERATURE DATA] [PRECIPITATION DATA] SYMBOLS USED IN COLUMN 16
AVERAGE MONTHLY: 49.4 TOTAL FOR MONTH: 0.01 1 = FOG OR MIST
DPTR FM NORMAL: 4.9 DPTR FM NORMAL: -0.62 2 = FOG REDUCING VISIBILITY
HIGHEST: 87 ON 2 GRTST 24HR 0.01 ON 13-13 TO 1/4 MILE OR LESS
LOWEST: 12 ON 26 3 = THUNDER
SNOW, ICE PELLETS, HAIL 4 = ICE PELLETS
TOTAL MONTH: M 5 = HAIL
GRTST 24HR M ON M 6 = FREEZING RAIN OR DRIZZLE
GRTST DEPTH: M ON M 7 = DUSTSTORM OR SANDSTORM:
VSBY 1/2 MILE OR LESS
8 = SMOKE OR HAZE
[NO. OF DAYS WITH] [WEATHER - DAYS WITH] 9 = BLOWING SNOW
X = TORNADO
MAX 32 OR BELOW: 0 0.01 INCH OR MORE: 1
MAX 90 OR ABOVE: 0 0.10 INCH OR MORE: 0
MIN 32 OR BELOW: 14 0.50 INCH OR MORE: 0
MIN 0 OR BELOW: 0 1.00 INCH OR MORE: 0
[HDD (BASE 65) ]
TOTAL THIS MO. 464 CLEAR (SCALE 0-3) 20
DPTR FM NORMAL -173 PTCLDY (SCALE 4-7) 9
TOTAL FM JUL 1 672 CLOUDY (SCALE 8-10) 2
DPTR FM NORMAL -407
[CDD (BASE 65) ]
TOTAL THIS MO. 0
DPTR FM NORMAL 0 [PRESSURE DATA]
TOTAL FM JAN 1 315 HIGHEST SLP 30.60 ON 15
DPTR FM NORMAL 146 LOWEST SLP 29.68 ON 10
[REMARKS]
#FINAL-10-20#