402
CXUS51 KRLX 021609
CF6BKW
PRELIMINARY LOCAL CLIMATOLOGICAL DATA (WS FORM: F-6)
STATION: BECKLEY WV
MONTH: SEPTEMBER
YEAR: 2020
LATITUDE: 37 46 N
LONGITUDE: 81 7 W
TEMPERATURE IN F: :PCPN: SNOW: WIND :SUNSHINE: SKY :PK WND
================================================================================
1 2 3 4 5 6A 6B 7 8 9 10 11 12 13 14 15 16 17 18
12Z AVG MX 2MIN
DY MAX MIN AVG DEP HDD CDD WTR SNW DPTH SPD SPD DIR MIN PSBL S-S WX SPD DR
================================================================================
1 79 67 73 5 0 8 0.13 0.0 0 5.8 14 140 M M 7 1 18 160
2 80 69 75 7 0 10 0.10 0.0 0 7.7 20 260 M M 8 1 25 240
3 80 68 74 7 0 9 0.29 0.0 0 8.4 22 260 M M 8 13 30 260
4 78 59 69 2 0 4 0.26 0.0 0 6.3 17 280 M M 5 13 26 280
5 73 52 63 -4 2 0 0.00 0.0 0 2.3 12 340 M M 0 16 330
6 77 50 64 -2 1 0 0.00 0.0 0 2.4 9 170 M M 0 16 320
7 82 58 70 4 0 5 0.00 0.0 0 5.6 13 140 M M 0 19 130
8 82 58 70 4 0 5 0.00 0.0 0 5.5 14 100 M M 0 17 110
9 80 60 70 4 0 5 T 0.0 0 6.0 17 120 M M 5 1 23 110
10 79 65 72 7 0 7 0.01 0.0 0 3.5 10 130 M M 8 14 30
11 80 65 73 8 0 8 0.00 0.0 0 3.8 13 10 M M 6 12 16 10
12 73 66 70 6 0 5 0.00 0.0 0 10.2 21 130 M M 7 29 140
13 78 64 71 7 0 6 0.42 0.0 0 6.6 16 130 M M 8 1 24 150
14 73 55 64 0 1 0 0.02 0.0 0 6.9 15 10 M M 6 1 20 350
15 67 53 60 -4 5 0 0.00 0.0 0 5.9 12 170 M M 3 12 17 180
16 71 51 61 -2 4 0 0.00 0.0 0 8.3 15 140 M M 1 23 140
17 63 54 59 -4 6 0 0.29 0.0 0 4.2 9 120 M M 6 1 20 90
18 62 52 57 -5 8 0 0.01 0.0 0 7.0 14 350 M M 10 12 21 360
19 64 45 55 -7 10 0 0.00 0.0 0 4.1 12 110 M M 4 1 16 120
20 63 41 52 -10 13 0 0.00 0.0 0 8.0 16 120 M M 0 22 120
21 63 41 52 -9 13 0 0.00 0.0 0 6.5 21 120 M M 0 27 110
22 67 39 53 -8 12 0 0.00 0.0 0 4.9 12 340 M M 0 15 350
23 68 45 57 -3 8 0 0.00 0.0 0 3.1 9 60 M M 0 12 20
24 68 55 62 2 3 0 0.01 0.0 0 3.7 14 160 M M 8 17 150
25 65 56 61 1 4 0 0.09 0.0 0 6.7 29 120 M M 8 1 37 130
26 71 56 64 5 1 0 0.00 0.0 0 2.8 9 10 M M 7 11 20
27 71 53 62 3 3 0 0.00 0.0 0 5.9 13 240 M M 5 1 17 240
28 75 61 68 9 0 3 0.06 0.0 0 7.7 17 320 M M 6 1 21 320
29 62 49 56 -2 9 0 0.56 0.0 0 6.6 16 300 M M 10 1 24 300
30 65 45 55 -3 10 0 0.00 0.0 0 9.8 21 250 M M 4 29 260
================================================================================
SM 2159 1652 113 75 2.25 0.0 176.2 M 140
================================================================================
AV 72.0 55.1 5.9 FASTST M M 5 MAX(MPH)
MISC ----> 29 120 37 130
================================================================================
NOTES:
# LAST OF SEVERAL OCCURRENCES
COLUMN 17 PEAK WIND IN M.P.H.
PRELIMINARY LOCAL CLIMATOLOGICAL DATA (WS FORM: F-6) , PAGE 2
STATION: BECKLEY WV
MONTH: SEPTEMBER
YEAR: 2020
LATITUDE: 37 46 N
LONGITUDE: 81 7 W
[TEMPERATURE DATA] [PRECIPITATION DATA] SYMBOLS USED IN COLUMN 16
AVERAGE MONTHLY: 63.5 TOTAL FOR MONTH: 2.25 1 = FOG OR MIST
DPTR FM NORMAL: 0.3 DPTR FM NORMAL: -0.76 2 = FOG REDUCING VISIBILITY
HIGHEST: 82 ON 8, 7 GRTST 24HR 0.56 ON 28-29 TO 1/4 MILE OR LESS
LOWEST: 39 ON 22 3 = THUNDER
SNOW, ICE PELLETS, HAIL 4 = ICE PELLETS
TOTAL MONTH: 0.0 INCH 5 = HAIL
GRTST 24HR 0.0 6 = FREEZING RAIN OR DRIZZLE
GRTST DEPTH: 0 7 = DUSTSTORM OR SANDSTORM:
VSBY 1/2 MILE OR LESS
8 = SMOKE OR HAZE
[NO. OF DAYS WITH] [WEATHER - DAYS WITH] 9 = BLOWING SNOW
X = TORNADO
MAX 32 OR BELOW: 0 0.01 INCH OR MORE: 13
MAX 90 OR ABOVE: 0 0.10 INCH OR MORE: 7
MIN 32 OR BELOW: 0 0.50 INCH OR MORE: 1
MIN 0 OR BELOW: 0 1.00 INCH OR MORE: 0
[HDD (BASE 65) ]
TOTAL THIS MO. 113 CLEAR (SCALE 0-3) 10
DPTR FM NORMAL 0 PTCLDY (SCALE 4-7) 16
TOTAL FM JUL 1 113 CLOUDY (SCALE 8-10) 4
DPTR FM NORMAL -21
[CDD (BASE 65) ]
TOTAL THIS MO. 75
DPTR FM NORMAL 18 [PRESSURE DATA]
TOTAL FM JAN 1 794 HIGHEST SLP 30.52 ON 21
DPTR FM NORMAL 244 LOWEST SLP 29.77 ON 29
[REMARKS]
#FINAL-09-20#