000
CXUS51 KRLX 011138
CF6BKW
PRELIMINARY LOCAL CLIMATOLOGICAL DATA (WS FORM: F-6)
STATION: BECKLEY WV
MONTH: JULY
YEAR: 2020
LATITUDE: 37 46 N
LONGITUDE: 81 7 W
TEMPERATURE IN F: :PCPN: SNOW: WIND :SUNSHINE: SKY :PK WND
================================================================================
1 2 3 4 5 6A 6B 7 8 9 10 11 12 13 14 15 16 17 18
12Z AVG MX 2MIN
DY MAX MIN AVG DEP HDD CDD WTR SNW DPTH SPD SPD DIR MIN PSBL S-S WX SPD DR
================================================================================
1 83 64 74 4 0 9 0.00 0.0 0 4.2 14 360 M M 5 128 19 10
2 82 59 71 1 0 6 0.00 0.0 0 4.2 16 350 M M 0 1 21 360
3 85 60 73 3 0 8 0.00 0.0 0 3.4 14 10 M M 1 19 10
4 86 60 73 3 0 8 0.00 0.0 0 2.5 10 30 M M 4 15 30
5 89 63 76 5 0 11 T 0.0 0 4.1 16 170 M M 2 3 21 180
6 87 68 78 7 0 13 0.07 0.0 0 4.8 20 150 M M 1 3 27 150
7 86 63 75 4 0 10 0.00 0.0 0 4.5 17 140 M M 0 23 140
8 86 65 76 5 0 11 T 0.0 0 3.6 12 20 M M 1 3 16 10
9 86 64 75 4 0 10 0.00 0.0 0 4.1 12 340 M M 1 3 15 10
10 88 64 76 5 0 11 0.18 0.0 0 5.1 37 270 M M 2 13 46 270
11 80 65 73 2 0 8 0.00 0.0 0 9.5 22 320 M M 5 26 320
12 80 63 72 1 0 7 0.05 0.0 0 6.1 20 240 M M 3 13 26 250
13 80 62 71 0 0 6 T 0.0 0 4.4 14 330 M M 5 12 22 10
14 83 59 71 0 0 6 0.00 0.0 0 3.7 12 330 M M 2 1 15 330
15 87 60 74 3 0 9 0.00 0.0 0 5.6 12 130 M M 2 20 130
16 88 71 80 9 0 15 T 0.0 0 8.2 14 240 M M 3 3 20 220
17 86 69 78 7 0 13 0.02 0.0 0 4.8 13 340 M M 4 13 19 240
18 89 66 78 7 0 13 0.00 0.0 0 3.5 13 300 M M 2 1 16 300
19 90 68 79 8 0 14 0.00 0.0 0 6.4 16 220 M M 1 21 300
20 89 68 79 8 0 14 0.00 0.0 0 5.2 15 300 M M 3 20 310
21 90 68 79 8 0 14 0.00 0.0 0 4.7 15 270 M M 1 23 280
22 87 68 78 7 0 13 0.35 0.0 0 6.0 22 330 M M 3 13 30 330
23 78 67 73 2 0 8 0.42 0.0 0 4.7 15 330 M M 5 123 19 300
24 84 67 76 5 0 11 0.00 0.0 0 5.3 12 340 M M 5 19 280
25 85 65 75 5 0 10 0.00 0.0 0 4.0 14 320 M M 3 1 18 320
26 87 65 76 6 0 11 T 0.0 0 5.4 14 320 M M 4 19 310
27 83 66 75 5 0 10 T 0.0 0 5.4 17 350 M M 3 3 22 360
28 81 67 74 4 0 9 1.13 0.0 0 5.2 17 340 M M 5 123 24 320
29 86 66 76 6 0 11 0.00 0.0 0 2.7 8 320 M M 5 12 12 300
30 82 66 74 4 0 9 0.97 0.0 0 3.3 15 190 M M 5 123 61 150
31 77 69 73 3 0 8 0.31 0.0 0 7.2 20 260 M M 8 1 24 260
================================================================================
SM 2630 2015 0 316 3.50 0.0 151.8 M 94
================================================================================
AV 84.8 65.0 4.9 FASTST M M 3 MAX(MPH)
MISC ----> 37 270 61 150
================================================================================
NOTES:
# LAST OF SEVERAL OCCURRENCES
COLUMN 17 PEAK WIND IN M.P.H.
PRELIMINARY LOCAL CLIMATOLOGICAL DATA (WS FORM: F-6) , PAGE 2
STATION: BECKLEY WV
MONTH: JULY
YEAR: 2020
LATITUDE: 37 46 N
LONGITUDE: 81 7 W
[TEMPERATURE DATA] [PRECIPITATION DATA] SYMBOLS USED IN COLUMN 16
AVERAGE MONTHLY: 74.9 TOTAL FOR MONTH: 3.50 1 = FOG OR MIST
DPTR FM NORMAL: 4.3 DPTR FM NORMAL: -1.53 2 = FOG REDUCING VISIBILITY
HIGHEST: 90 ON 21,19 GRTST 24HR 1.17 ON 30-31 TO 1/4 MILE OR LESS
LOWEST: 59 ON 14, 2 3 = THUNDER
SNOW, ICE PELLETS, HAIL 4 = ICE PELLETS
TOTAL MONTH: 0.0 INCH 5 = HAIL
GRTST 24HR 0.0 6 = FREEZING RAIN OR DRIZZLE
GRTST DEPTH: 0 7 = DUSTSTORM OR SANDSTORM:
VSBY 1/2 MILE OR LESS
8 = SMOKE OR HAZE
[NO. OF DAYS WITH] [WEATHER - DAYS WITH] 9 = BLOWING SNOW
X = TORNADO
MAX 32 OR BELOW: 0 0.01 INCH OR MORE: 9
MAX 90 OR ABOVE: 2 0.10 INCH OR MORE: 6
MIN 32 OR BELOW: 0 0.50 INCH OR MORE: 2
MIN 0 OR BELOW: 0 1.00 INCH OR MORE: 1
[HDD (BASE 65) ]
TOTAL THIS MO. 0 CLEAR (SCALE 0-3) 17
DPTR FM NORMAL -8 PTCLDY (SCALE 4-7) 14
TOTAL FM JUL 1 0 CLOUDY (SCALE 8-10) 0
DPTR FM NORMAL 0
[CDD (BASE 65) ]
TOTAL THIS MO. 316
DPTR FM NORMAL 135 [PRESSURE DATA]
TOTAL FM JAN 1 508 HIGHEST SLP 30.19 ON 17
DPTR FM NORMAL 175 LOWEST SLP 29.75 ON 31
[REMARKS]
#FINAL-07-20#