000
CXUS51 KRNK 010814
CLABLF
CLIMATE REPORT
NATIONAL WEATHER SERVICE BLACKSBURG, VA
314 AM EST SAT JAN 01 2022
...................................
...THE BLUEFIELD WV CLIMATE SUMMARY FOR THE YEAR OF 2021...
CLIMATE NORMAL PERIOD: 1991 TO 2020
CLIMATE RECORD PERIOD: 1909 TO 2021
WEATHER OBSERVED NORMAL DEPART LAST YEAR`S
VALUE DATE(S) VALUE FROM VALUE
NORMAL
..............................................................
TEMPERATURE (F)
RECORD
HIGH 99 09/11/2019
08/09/1957
07/28/1952
LOW -21 01/21/1985
HIGHEST 87 08/12
08/13
LOWEST 10 02/21
AVG. MAXIMUM 61.7 60.9 0.8
AVG. MINIMUM 44.3 43.3 1.0
MEAN 53.0 52.1 0.9
DAYS MAX >= 90 0 2.4 -2.4
DAYS MAX <= 32 17 20.6 -3.6
DAYS MIN <= 32 99 91.6 7.4
DAYS MIN <= 0 0 0.9 -0.9
PRECIPITATION (INCHES)
RECORD
MAXIMUM 54.58 2004
MINIMUM 30.07 1969
TOTALS 34.05 41.24 -7.19
DAYS >= .01 149 154.2 -5.2
DAYS >= .10 88 88.3 -0.3
DAYS >= .50 21 26.8 -5.8
DAYS >= 1.00 4 6.6 -2.6
GREATEST
24 HR. TOTAL 1.76
SNOWFALL (INCHES)
TOTALS 34.6 34.6 0.0 20.5
DAYS >= TRACE 44
DAYS >= 1.0 11
GREATEST
24 HR TOTAL 0.0
DEGREE DAYS
HEATING TOTAL 4852 5219 -367
COOLING TOTAL 613 536 77
..............................................................
WIND (MPH)
AVERAGE WIND SPEED 6.2
RESULTANT WIND SPEED/DIRECTION 3/260
HIGHEST WIND SPEED/DIRECTION 33/260 DATE 05/09
HIGHEST GUST SPEED/DIRECTION 48/270 DATE 05/04
SKY COVER
AVERAGE SKY COVER 0.43
AVERAGE RH (PERCENT) 70
WEATHER CONDITIONS. NUMBER OF DAYS WITH
THUNDERSTORM 39 MIXED PRECIP 0
HEAVY RAIN 39 RAIN 66
LIGHT RAIN 164 FREEZING RAIN 3
LT FREEZING RAIN 8 HAIL 0
HEAVY SNOW 3 SNOW 8
LIGHT SNOW 40 SLEET 7
FOG 171 FOG W/VIS <= 1/4 MILE 39
HAZE 2
- INDICATES NEGATIVE NUMBERS.
R INDICATES RECORD WAS SET OR TIED.
MM INDICATES DATA IS MISSING.
T INDICATES TRACE AMOUNT.
$$
RCS