000
CXUS55 KPSR 011005
CF6BLH
PRELIMINARY LOCAL CLIMATOLOGICAL DATA (WS FORM: F-6)
STATION: BLYTHE CA
MONTH: JULY
YEAR: 2021
LATITUDE: 33 37 N
LONGITUDE: 114 43 W
TEMPERATURE IN F: :PCPN: SNOW: WIND :SUNSHINE: SKY :PK WND
================================================================================
1 2 3 4 5 6A 6B 7 8 9 10 11 12 13 14 15 16 17 18
12Z AVG MX 2MIN
DY MAX MIN AVG DEP HDD CDD WTR SNW DPTH SPD SPD DIR MIN PSBL S-S WX SPD DR
================================================================================
1 110 83 97 4 0 32 0.00 M M 11.5 21 180 M M 1 26 180
2 102 86 94 1 0 29 0.00 M M 11.8 21 170 M M 0 25 170
3 108 86 97 3 0 32 T M M 7.7 16 140 M M 0 20 190
4 109 85 97 3 0 32 0.00 M M 10.4 16 190 M M 1 22 170
5 113 85 99 5 0 34 0.00 M M 11.9 22 240 M M 2 26 230
6 115 82 99 5 0 34 0.00 M M 10.4 22 170 M M 2 30 160
7 114 89 102 8 0 37 0.00 M M 13.7 21 210 M M 1 3 26 200
8 112 89 101 7 0 36 0.00 M M 12.8 20 180 M M 2 24 180
9 116 89 103 8 0 38 0.00 M M 14.9 24 170 M M 3 29 170
10 118 92 105 10 0 40 0.00 M M 14.4 25 170 M M 3 34 160
11 114 90 102 7 0 37 0.00 M M 12.9 22 190 M M 3 8 27 180
12 109 89 99 4 0 34 T M M 15.1 32 190 M M 2 8 38 190
13 109 87 98 3 0 33 0.00 M M 11.5 24 170 M M 2 30 160
14 109 87 98 3 0 33 0.00 M M 14.4 23 160 M M 2 29 150
15 110 87 99 4 0 34 0.00 M M 13.7 25 160 M M 2 30 160
16 111 86 99 4 0 34 0.00 M M 10.8 22 160 M M 3 31 170
17 107 85 96 1 0 31 0.00 M M 9.4 20 160 M M 0 24 180
18 108 88 98 2 0 33 0.00 M M 11.0 18 190 M M 1 24 170
19 110 89 100 4 0 35 0.00 M M 8.1 28 130 M M 2 3 34 130
20 110 88 99 3 0 34 0.05 M M 8.1 17 50 M M 2 20 50
21 113 89 101 5 0 36 0.00 M M 9.2 23 120 M M 2 30 110
22 110 90 100 4 0 35 0.00 M M 10.8 18 210 M M 3 23 190
23 108 89 99 3 0 34 0.00 M M 12.6 21 180 M M 1 26 130
24 94 80 87 -9 0 22 0.05 M M 7.3 17 50 M M 1 20 50
25 100 83 92 -4 0 27 T M M 9.2 28 120 M M 2 3 31 120
26 101 76 89 -7 0 24 0.11 M M 7.0 13 170 M M 2 17 160
27 110 80 95 -1 0 30 0.00 M M 6.1 21 180 M M 0 24 180
28 107 88 98 2 0 33 0.00 M M 5.6 20 210 M M 0 24 210
29 113 86 100 4 0 35 T M M 4.6 35 140 M M 2 38 44 140
30 97 84 91 -5 0 26 0.00 M M 8.2 33 270 M M 1 39 260
31 105 82 94 -2 0 29 0.00 M M 5.6 14 280 M M 1 16 280
================================================================================
SM 3372 2669 01013 0.21 M 320.7 M 49
================================================================================
AV108.8 86.1 10.3 FASTST M M 2 MAX(MPH)
MISC ----> 35 140 44 140
================================================================================
NOTES:
# LAST OF SEVERAL OCCURRENCES
COLUMN 17 PEAK WIND IN M.P.H.
PRELIMINARY LOCAL CLIMATOLOGICAL DATA (WS FORM: F-6) , PAGE 2
STATION: BLYTHE CA
MONTH: JULY
YEAR: 2021
LATITUDE: 33 37 N
LONGITUDE: 114 43 W
[TEMPERATURE DATA] [PRECIPITATION DATA] SYMBOLS USED IN COLUMN 16
AVERAGE MONTHLY: 97.4 TOTAL FOR MONTH: 0.21 1 = FOG OR MIST
DPTR FM NORMAL: 2.4 DPTR FM NORMAL: -0.05 2 = FOG REDUCING VISIBILITY
HIGHEST: 118 ON 10 GRTST 24HR 0.11 ON 25-26 TO 1/4 MILE OR LESS
LOWEST: 76 ON 26 3 = THUNDER
SNOW, ICE PELLETS, HAIL 4 = ICE PELLETS
TOTAL MONTH: M 5 = HAIL
GRTST 24HR M ON M 6 = FREEZING RAIN OR DRIZZLE
GRTST DEPTH: M ON M 7 = DUSTSTORM OR SANDSTORM:
VSBY 1/2 MILE OR LESS
8 = SMOKE OR HAZE
[NO. OF DAYS WITH] [WEATHER - DAYS WITH] 9 = BLOWING SNOW
X = TORNADO
MAX 32 OR BELOW: 0 0.01 INCH OR MORE: 3
MAX 90 OR ABOVE: 31 0.10 INCH OR MORE: 1
MIN 32 OR BELOW: 0 0.50 INCH OR MORE: 0
MIN 0 OR BELOW: 0 1.00 INCH OR MORE: 0
[HDD (BASE 65) ]
TOTAL THIS MO. 0 CLEAR (SCALE 0-3) 31
DPTR FM NORMAL 0 PTCLDY (SCALE 4-7) 0
TOTAL FM JUL 1 0 CLOUDY (SCALE 8-10) 0
DPTR FM NORMAL 0
[CDD (BASE 65) ]
TOTAL THIS MO. 1013
DPTR FM NORMAL 83 [PRESSURE DATA]
TOTAL FM JAN 1 2760 HIGHEST SLP M ON M
DPTR FM NORMAL 295 LOWEST SLP 29.56 ON 7
[REMARKS]
#FINAL-07-21#