000
CXUS55 KSEW 070126
CF6BLI
PRELIMINARY LOCAL CLIMATOLOGICAL DATA (WS FORM: F-6)
STATION: BELLINGHAM WA AIRPORT
MONTH: SEPTEMBER
YEAR: 2020
LATITUDE: 48 47 N
LONGITUDE: 122 32 W
TEMPERATURE IN F: :PCPN: SNOW: WIND :SUNSHINE: SKY :PK WND
================================================================================
1 2 3 4 5 6A 6B 7 8 9 10 11 12 13 14 15 16 17 18
12Z AVG MX 2MIN
DY MAX MIN AVG DEP HDD CDD WTR SNW DPTH SPD SPD DIR MIN PSBL S-S WX SPD DR
================================================================================
1 74 56 65 4 0 0 0.00 0.0 0 2.4 10 180 M M 5 14 180
2 73 54 64 4 1 0 0.00 0.0 0 5.8 16 190 M M 4 1 23 190
3 78 51 65 5 0 0 T 0.0 0 2.5 9 290 M M 2 12 14 310
4 78 52 65 5 0 0 0.00 0.0 0 4.6 16 190 M M 0 1 23 190
5 69 55 62 2 3 0 0.00 0.0 0 6.7 17 180 M M 5 22 190
6 74 52 63 3 2 0 0.00 0.0 0 1.9 9 180 M M 4 12 14 170
7 84 53 69 10 0 4 0.00 0.0 0 10.9 32 30 M M 0 1 45 10
8 79 48 64 5 1 0 0.00 0.0 0 2.2 10 300 M M 1 8 15 290
9 84 47 66 7 0 1 0.00 0.0 0 2.5 9 300 M M 0 18 14 60
10 85 51 68 9 0 3 0.00 0.0 0 1.8 7 290 M M 0 18 10 220
11 70 55 63 5 2 0 0.00 0.0 0 8.8 16 180 M M 0 18 24 190
12 62 53 58 0 7 0 0.00 0.0 0 4.9 14 180 M M 9 18 19 190
13 64 49 57 -1 8 0 0.00 0.0 0 0.6 9 190 M M 10 128 15 190
14 69 50 60 2 5 0 0.08 0.0 0 2.5 9 30 M M 10 128 12 300
15 79 56 68 10 0 3 0.01 0.0 0 3.0 10 310 M M 8 18 14 280
16 71 56 64 7 1 0 0.00 0.0 0 1.7 9 190 M M 6 128 13 210
17 70 56 63 6 2 0 0.00 0.0 0 1.8 8 330 M M 7 128 15 310
18 66 52 59 2 6 0 T 0.0 0 4.1 14 190 M M 9 128 21 200
19 64 59 62 5 3 0 T 0.0 0 8.9 14 180 M M 8 20 180
20 70 51 61 5 4 0 0.00 0.0 0 4.6 13 180 M M 3 17 190
21 69 48 59 3 6 0 T 0.0 0 1.7 9 190 M M 5 1 13 180
22 68 57 63 7 2 0 T 0.0 0 4.1 14 190 M M 5 20 180
23 68 56 62 6 3 0 0.68 0.0 0 16.0 33 160 M M 8 13 52 170
24 64 58 61 6 4 0 0.60 0.0 0 12.8 24 160 M M 8 1 32 160
25 65 56 61 6 4 0 0.33 0.0 0 13.5 32 180 M M 9 1 50 190
26 59 54 57 2 8 0 0.49 0.0 0 6.7 14 190 M M 8 1 23 180
27 67 49 58 4 7 0 T 0.0 0 2.0 8 20 M M 6 1 11 190
28 72 47 60 6 5 0 0.00 0.0 0 4.1 12 30 M M 0 1 15 40
29 76 48 62 8 3 0 0.00 0.0 0 3.3 10 10 M M 0 1 14 20
30 76 48 62 8 3 0 0.00 0.0 0 0.9 7 230 M M 3 128 9 240
================================================================================
SM 2147 1577 90 11 2.19 0.0 147.3 M 143
================================================================================
AV 71.6 52.6 4.9 FASTST M M 5 MAX(MPH)
MISC ----> # 33 160 # 52 170
================================================================================
NOTES:
# LAST OF SEVERAL OCCURRENCES
COLUMN 17 PEAK WIND IN M.P.H.
PRELIMINARY LOCAL CLIMATOLOGICAL DATA (WS FORM: F-6) , PAGE 2
STATION: BELLINGHAM WA AIRPORT
MONTH: SEPTEMBER
YEAR: 2020
LATITUDE: 48 47 N
LONGITUDE: 122 32 W
[TEMPERATURE DATA] [PRECIPITATION DATA] SYMBOLS USED IN COLUMN 16
AVERAGE MONTHLY: 62.1 TOTAL FOR MONTH: 2.19 1 = FOG OR MIST
DPTR FM NORMAL: 4.9 DPTR FM NORMAL: 0.41 2 = FOG REDUCING VISIBILITY
HIGHEST: 85 ON 10 GRTST 24HR 0.68 ON 23-23 TO 1/4 MILE OR LESS
LOWEST: 47 ON 28, 9 3 = THUNDER
SNOW, ICE PELLETS, HAIL 4 = ICE PELLETS
TOTAL MONTH: 0.0 INCH 5 = HAIL
GRTST 24HR 0.0 6 = FREEZING RAIN OR DRIZZLE
GRTST DEPTH: 0 7 = DUSTSTORM OR SANDSTORM:
VSBY 1/2 MILE OR LESS
8 = SMOKE OR HAZE
[NO. OF DAYS WITH] [WEATHER - DAYS WITH] 9 = BLOWING SNOW
X = TORNADO
MAX 32 OR BELOW: 0 0.01 INCH OR MORE: 6
MAX 90 OR ABOVE: 0 0.10 INCH OR MORE: 4
MIN 32 OR BELOW: 0 0.50 INCH OR MORE: 2
MIN 0 OR BELOW: 0 1.00 INCH OR MORE: 0
[HDD (BASE 65) ]
TOTAL THIS MO. 90 CLEAR (SCALE 0-3) 11
DPTR FM NORMAL -144 PTCLDY (SCALE 4-7) 13
TOTAL FM JUL 1 231 CLOUDY (SCALE 8-10) 6
DPTR FM NORMAL -200
[CDD (BASE 65) ]
TOTAL THIS MO. 11
DPTR FM NORMAL 9 [PRESSURE DATA]
TOTAL FM JAN 1 84 HIGHEST SLP 30.51 ON 27
DPTR FM NORMAL 42 LOWEST SLP 29.57 ON 23
[REMARKS]
CORRECTED?50?5
#FINAL-09-20#