000
CXUS53 KIND 010600
CF6BMG
PRELIMINARY LOCAL CLIMATOLOGICAL DATA (WS FORM: F-6)
STATION: BLOOMINGTON IN
MONTH: MAY
YEAR: 2022
LATITUDE: 39 7 N
LONGITUDE: 86 37 W
TEMPERATURE IN F: :PCPN: SNOW: WIND :SUNSHINE: SKY :PK WND
================================================================================
1 2 3 4 5 6A 6B 7 8 9 10 11 12 13 14 15 16 17 18
12Z AVG MX 2MIN
DY MAX MIN AVG DEP HDD CDD WTR SNW DPTH SPD SPD DIR MIN PSBL S-S WX SPD DR
================================================================================
1 69 48 59 0 6 0 0.04 M M 10.0 22 240 M M 4 3 36 220
2 71 41 56 -4 9 0 0.03 M M 2.3 12 240 M M 1 16 270
3 77 55 66 6 0 1 0.23 M M 11.2 29 230 M M 9 13 39 210
4 62 49 56 -4 9 0 0.00 M M 5.7 12 90 M M 10 1 18 290
5 60 53 57 -3 8 0 0.40 M M 7.8 15 120 M M 9 1 21 100
6 69 54 62 1 3 0 0.24 M M 5.5 16 30 M M 10 1 21 20
7 69 48 59 -2 6 0 0.01 M M 10.9 21 20 M M 7 1 29 10
8 72 46 59 -2 6 0 0.00 M M 8.5 21 120 M M 0 26 110
9 81 54 68 6 0 3 0.00 M M 10.4 22 150 M M 2 34 150
10 88 62 75 13 0 10 0.00 M M 6.9 15 220 M M 6 20 230
11 90 69 80 18 0 15 0.00 M M 4.3 15 110 M M 5 19 110
12 88 61 75 12 0 10 0.00 M M 4.9 14 110 M M 0 1 21 100
13 88 56 72 9 0 7 0.00 M M 3.8 14 150 M M 0 19 120
14 84 60 72 9 0 7 1.31 M M 4.5 29 10 M M 3 138 38 10
15 84 55 70 6 0 5 0.04 M M 4.2 18 350 M M 2 1 27 350
16 78 55 67 3 0 2 0.05 M M 5.8 16 290 M M 2 13 23 290
17 83 55 69 5 0 4 0.00 M M 4.2 16 280 M M 0 28 290
18 68 59 64 0 1 0 0.37 M M 4.8 14 180 M M 7 12 19 200
19 83 57 70 5 0 5 0.59 M M 6.3 22 210 M M 4 123 35 190
20 87 65 76 11 0 11 0.40 M M 11.4 23 190 M M 1 13 37 200
21 81 66 74 9 0 9 0.36 M M 7.1 32 270 M M 5 13 49 270
22 67 55 61 -5 4 0 0.02 M M 6.7 16 360 M M 7 1 23 10
23 70 51 61 -5 4 0 0.00 M M 8.1 20 40 M M 2 29 40
24 78 51 65 -1 0 0 0.00 M M 8.8 16 130 M M 0 26 130
25 85 63 74 8 0 9 0.36 M M 10.7 28 190 M M 6 1 40 190
26 75 59 67 0 0 2 0.97 M M 7.6 16 140 M M 8 13 26 150
27 70 56 63 -4 2 0 0.35 M M 6.4 18 350 M M 9 1 24 350
28 72 52 62 -5 3 0 0.00 M M 3.6 13 230 M M 5 17 240
29 83 55 69 1 0 4 0.00 M M 8.3 17 190 M M 0 1 25 150
30 88 63 76 8 0 11 0.00 M M 9.6 22 190 M M 1 32 150
31 89 66 78 10 0 13 0.00 M M 8.6 17 210 M M 1 25 210
================================================================================
SM 2409 1739 61 128 5.77 M 218.9 M 126
================================================================================
AV 77.7 56.1 7.1 FASTST M M 4 MAX(MPH)
MISC ----> 32 270 49 270
================================================================================
NOTES:
# LAST OF SEVERAL OCCURRENCES
COLUMN 17 PEAK WIND IN M.P.H.
PRELIMINARY LOCAL CLIMATOLOGICAL DATA (WS FORM: F-6) , PAGE 2
STATION: BLOOMINGTON IN
MONTH: MAY
YEAR: 2022
LATITUDE: 39 7 N
LONGITUDE: 86 37 W
[TEMPERATURE DATA] [PRECIPITATION DATA] SYMBOLS USED IN COLUMN 16
AVERAGE MONTHLY: 66.9 TOTAL FOR MONTH: 5.77 1 = FOG OR MIST
DPTR FM NORMAL: 3.1 DPTR FM NORMAL: 1.30 2 = FOG REDUCING VISIBILITY
HIGHEST: 90 ON 11 GRTST 24HR 1.31 ON 14-14 TO 1/4 MILE OR LESS
LOWEST: 41 ON 2 3 = THUNDER
SNOW, ICE PELLETS, HAIL 4 = ICE PELLETS
TOTAL MONTH: M 5 = HAIL
GRTST 24HR M ON M 6 = FREEZING RAIN OR DRIZZLE
GRTST DEPTH: M ON M 7 = DUSTSTORM OR SANDSTORM:
VSBY 1/2 MILE OR LESS
8 = SMOKE OR HAZE
[NO. OF DAYS WITH] [WEATHER - DAYS WITH] 9 = BLOWING SNOW
X = TORNADO
MAX 32 OR BELOW: 0 0.01 INCH OR MORE: 17
MAX 90 OR ABOVE: 1 0.10 INCH OR MORE: 11
MIN 32 OR BELOW: 0 0.50 INCH OR MORE: 3
MIN 0 OR BELOW: 0 1.00 INCH OR MORE: 1
[HDD (BASE 65) ]
TOTAL THIS MO. 61 CLEAR (SCALE 0-3) 15
DPTR FM NORMAL -62 PTCLDY (SCALE 4-7) 10
TOTAL FM JUL 1 4672 CLOUDY (SCALE 8-10) 6
DPTR FM NORMAL -401
[CDD (BASE 65) ]
TOTAL THIS MO. 128
DPTR FM NORMAL 43 [PRESSURE DATA]
TOTAL FM JAN 1 153 HIGHEST SLP M ON M
DPTR FM NORMAL 48 LOWEST SLP 29.52 ON 6
[REMARKS]
#FINAL-05-22#