000
CXUS53 KIND 011726
CLMBMG
CLIMATE REPORT
NATIONAL WEATHER SERVICE INDIANAPOLIS IN
1226 PM EST FRI DEC 01 2023
...................................
...THE BLOOMINGTON IN CLIMATE SUMMARY FOR THE MONTH OF NOVEMBER 2023...
CLIMATE NORMAL PERIOD 1991 TO 2020
CLIMATE RECORD PERIOD 9999 TO 9999
WEATHER OBSERVED NORMAL DEPART LAST YEAR`S
VALUE DATE(S) VALUE FROM VALUE DATE(S)
NORMAL
................................................................
TEMPERATURE (F)
HIGHEST 80 11/08 77 11/04
LOWEST 16 11/28 15 11/20
11/29
AVG. MAXIMUM 58.0 53.3 4.7 55.7
AVG. MINIMUM 33.1 34.1 -1.0 34.0
MEAN 45.5 43.7 1.8 44.9
DAYS MAX >= 90 0 0.0 0.0 0
DAYS MAX <= 32 1 0.7 0.3 1
DAYS MIN <= 32 17 13.8 3.2 16
DAYS MIN <= 0 0 0.0 0.0 0
PRECIPITATION (INCHES)
TOTALS 1.05R 3.73 -2.68 1.39
DAILY AVG. 0.04 0.12 -0.08 0.05
DAYS >= .01 4 10.0 -6.0 7
DAYS >= .10 4 6.3 -2.3 5
DAYS >= .50 1 2.5 -1.5 1
DAYS >= 1.00 0 0.7 -0.7 0
GREATEST
24 HR. TOTAL 0.65 11/17 TO 11/17
DEGREE DAYS
HEATING TOTAL 578 639 -61 600
SINCE 7/1 860 1034 -174 MM
COOLING TOTAL 3 0 3 0
SINCE 1/1 1044 1024 20 MM
................................................................
WIND (MPH)
AVERAGE WIND SPEED 6.4
HIGHEST WIND SPEED/DIRECTION 26/220 DATE 11/06
HIGHEST GUST SPEED/DIRECTION 45/230 DATE 11/06
SKY COVER
AVERAGE SKY COVER 0.28
AVERAGE RH (PERCENT) 61
WEATHER CONDITIONS. NUMBER OF DAYS WITH
THUNDERSTORM 0 MIXED PRECIP 0
HEAVY RAIN 1 RAIN 4
LIGHT RAIN 5 FREEZING RAIN 0
LT FREEZING RAIN 0 HAIL 0
HEAVY SNOW 0 SNOW 0
LIGHT SNOW 0 SLEET 0
FOG 7 FOG W/VIS <= 1/4 MILE 2
HAZE 4
- INDICATES NEGATIVE NUMBERS.
R INDICATES RECORD WAS SET OR TIED.
MM INDICATES DATA IS MISSING.
T INDICATES TRACE AMOUNT.
$$