000
CXUS54 KMAF 011110
CF6BPG
PRELIMINARY LOCAL CLIMATOLOGICAL DATA (WS FORM: F-6)
STATION: BIG SPRING MCMAHON-WRINKLE FI
MONTH: AUGUST
YEAR: 2020
LATITUDE: 32 12 N
LONGITUDE: 101 31 W
TEMPERATURE IN F: :PCPN: SNOW: WIND :SUNSHINE: SKY :PK WND
================================================================================
1 2 3 4 5 6A 6B 7 8 9 10 11 12 13 14 15 16 17 18
12Z AVG MX 2MIN
DY MAX MIN AVG DEP HDD CDD WTR SNW DPTH SPD SPD DIR MIN PSBL S-S WX SPD DR
================================================================================
1 97 64 81 M 0 16 M M M 4.5 22 90 M M 1 8 35 90
2 99 72 86 M 0 21 M M M 9.2 25 110 M M 1 33 80
3 90 68 79 M 0 14 0.35 M M 9.3 23 130 M M 4 3 25 130
4 101 70 86 M 0 21 M M M 9.3 14 170 M M 0 21 150
5 102 76 89 M 0 24 M M M 13.8 22 170 M M 0 29 160
6 101 76 89 M 0 24 M M M 16.0 22 190 M M 0 28 190
7 100 76 88 M 0 23 M M M 15.2 23 190 M M 0 28 190
8 98 75 87 M 0 22 M M M 13.6 20 210 M M 1 8 25 190
9 100 74 87 M 0 22 M M M 14.9 22 170 M M 0 26 180
10 101 75 88 M 0 23 M M M 15.0 22 170 M M 0 26 170
11 102 76 89 M 0 24 M M M 15.3 22 170 M M 0 30 160
12 105 77 91 M 0 26 M M M 12.4 20 190 M M 0 22 150
13 105 76 91 M 0 26 M M M 13.4 20 190 M M 0 22 180
14 109 75 92 M 0 27 M M M 9.8 20 200 M M 0 24 200
15 105 78 92 M 0 27 M M M 8.0 23 90 M M 0 8 30 90
16 102 74 88 M 0 23 0.14 M M 9.8 23 90 M M 1 33 270
17 94 69 82 M 0 17 M M M 8.7 16 20 M M 2 29 30
18 96 67 82 M 0 17 M M M 7.0 14 60 M M 1 18 30
19 99 71 85 M 0 20 M M M 7.2 13 70 M M 0 20 50
20 98 74 86 M 0 21 M M M 13.1 18 120 M M 0 25 120
21 99 69 84 M 0 19 M M M 10.4 16 100 M M 0 23 160
22 98 71 85 M 0 20 M M M 10.1 16 130 M M 2 23 130
23 98 72 85 M 0 20 M M M 9.3 15 80 M M 1 23 90
24 95 70 83 M 0 18 M M M 9.2 14 130 M M 1 22 150
25 96 66 81 M 0 16 M M M 6.5 12 90 M M 2 M M
26 97 70 84 M 0 19 M M M 8.3 15 80 M M 2 20 80
27 99 73 86 M 0 21 M M M 9.2 17 140 M M 1 17 140
28 104 74 89 M 0 24 M M M 9.8 17 170 M M 1 26 190
29 102 76 89 M 0 24 M M M 8.5 13 130 M M 2 20 190
30 102 73 88 M 0 23 M M M 10.8 15 160 M M 0 24 180
31 101 76 89 M 0 24 M M M 14.3 22 30 M M 2 3 32 200
================================================================================
SM 3095 2253 0 666 0.49 M 331.8 M 25
================================================================================
AV 99.8 72.7 10.7 FASTST M M 1 MAX(MPH)
MISC ----> 25 110 35 90
================================================================================
NOTES:
# LAST OF SEVERAL OCCURRENCES
COLUMN 17 PEAK WIND IN M.P.H.
PRELIMINARY LOCAL CLIMATOLOGICAL DATA (WS FORM: F-6) , PAGE 2
STATION: BIG SPRING MCMAHON-WRINKLE FI
MONTH: AUGUST
YEAR: 2020
LATITUDE: 32 12 N
LONGITUDE: 101 31 W
[TEMPERATURE DATA] [PRECIPITATION DATA] SYMBOLS USED IN COLUMN 16
AVERAGE MONTHLY: 86.3 TOTAL FOR MONTH: 0.49 1 = FOG OR MIST
DPTR FM NORMAL: 0.0 DPTR FM NORMAL: M 2 = FOG REDUCING VISIBILITY
HIGHEST: 109 ON 14 GRTST 24HR 0.35 ON 3- 3 TO 1/4 MILE OR LESS
LOWEST: 64 ON 1 3 = THUNDER
SNOW, ICE PELLETS, HAIL 4 = ICE PELLETS
TOTAL MONTH: M 5 = HAIL
GRTST 24HR M ON M 6 = FREEZING RAIN OR DRIZZLE
GRTST DEPTH: M ON M 7 = DUSTSTORM OR SANDSTORM:
VSBY 1/2 MILE OR LESS
8 = SMOKE OR HAZE
[NO. OF DAYS WITH] [WEATHER - DAYS WITH] 9 = BLOWING SNOW
X = TORNADO
MAX 32 OR BELOW: 0 0.01 INCH OR MORE: 2
MAX 90 OR ABOVE: 31 0.10 INCH OR MORE: 2
MIN 32 OR BELOW: 0 0.50 INCH OR MORE: 0
MIN 0 OR BELOW: 0 1.00 INCH OR MORE: 0
[HDD (BASE 65) ]
TOTAL THIS MO. 0 CLEAR (SCALE 0-3) 30
DPTR FM NORMAL M PTCLDY (SCALE 4-7) 1
TOTAL FM JUL 1 0 CLOUDY (SCALE 8-10) 0
DPTR FM NORMAL M
[CDD (BASE 65) ]
TOTAL THIS MO. 666
DPTR FM NORMAL M [PRESSURE DATA]
TOTAL FM JAN 1 2382 HIGHEST SLP M ON M
DPTR FM NORMAL M LOWEST SLP M ON M
[REMARKS]
#FINAL-08-20#