000
CXUS54 KMAF 011110
CF6BPG
PRELIMINARY LOCAL CLIMATOLOGICAL DATA (WS FORM: F-6)
STATION: BIG SPRING MCMAHON-WRINKLE FI
MONTH: OCTOBER
YEAR: 2023
LATITUDE: 32 12 N
LONGITUDE: 101 31 W
TEMPERATURE IN F: :PCPN: SNOW: WIND :SUNSHINE: SKY :PK WND
================================================================================
1 2 3 4 5 6A 6B 7 8 9 10 11 12 13 14 15 16 17 18
12Z AVG MX 2MIN
DY MAX MIN AVG DEP HDD CDD WTR SNW DPTH SPD SPD DIR MIN PSBL S-S WX SPD DR
================================================================================
1 87 71 79 M 0 14 M M M 13.8 22 130 M M 2 25 120
2 87 69 78 M 0 13 M M M 15.6 21 130 M M 3 30 130
3 89 64 77 M 0 12 0.57 M M 12.8 21 70 M M 6 13 61 120
4 89 68 79 M 0 14 M M M 11.7 20 180 M M 3 24 180
5 78 64 71 M 0 6 M M M 11.0 16 30 M M 5 21 360
6 82 57 70 M 0 5 M M M 7.3 32 50 M M 0 37 50
7 72 49 61 M 4 0 M M M 11.7 25 40 M M 0 31 50
8 83 50 67 M 0 2 M M M 8.2 16 190 M M 0 21 190
9 86 51 69 M 0 4 M M M 6.4 12 170 M M 0 8 M M
10 83 55 69 M 0 4 M M M 9.2 14 150 M M 0 20 150
11 90 64 77 M 0 12 M M M 16.4 24 170 M M 3 8 32 170
12 92 66 79 M 0 14 M M M 19.6 26 230 M M 3 8 36 230
13 74 57 66 M 0 1 M M M 9.9 20 10 M M 1 8 23 20
14 68 49 59 M 6 0 M M M 9.4 18 50 M M 0 M M
15 69 47 58 M 7 0 M M M 9.5 15 60 M M 0 21 40
16 74 42 58 M 7 0 M M M 2.8 10 130 M M 0 M M
17 83 50 67 M 0 2 M M M 11.5 17 160 M M 0 22 200
18 92 58 75 M 0 10 M M M 13.5 17 360 M M 0 21 210
19 85 47 66 M 0 1 M M M 3.4 8 130 M M 0 M M
20 90 46 68 M 0 3 M M M 5.7 10 140 M M 0 M M
21 89 58 74 M 0 9 M M M 10.7 22 180 M M 0 25 180
22 83 68 76 M 0 11 M M M 14.3 24 160 M M 1 29 160
23 73 65 69 M 0 4 0.38 M M 16.2 24 160 M M 7 1 30 170
24 81 66 74 M 0 9 0.01 M M 13.1 17 150 M M 5 1 25 190
25 76 60 68 M 0 3 0.72 M M 8.5 17 310 M M 5 1 22 150
26 81 55 68 M 0 3 M M M 11.2 20 210 M M 0 23 210
27 75 56 66 M 0 1 M M M 9.7 15 60 M M 4 1 21 70
28 65 50 58 M 7 0 M M M 13.9 24 70 M M 9 1 28 70
29 50 34 42 M 23 0 0.53 M M 19.8 25 40 M M 0 1 32 40
30 43 32 38 M 27 0 M M M 12.9 24 360 M M 0 31 360
31 56 29 43 M 22 0 M M M 3.4 8 330 M M 0 M M
================================================================================
SM 2425 1697 103 157 2.21 M 343.0 M 57
================================================================================
AV 78.2 54.7 11.1 FASTST M M 2 MAX(MPH)
MISC ----> 32 50 61 120
================================================================================
NOTES:
# LAST OF SEVERAL OCCURRENCES
COLUMN 17 PEAK WIND IN M.P.H.
PRELIMINARY LOCAL CLIMATOLOGICAL DATA (WS FORM: F-6) , PAGE 2
STATION: BIG SPRING MCMAHON-WRINKLE FI
MONTH: OCTOBER
YEAR: 2023
LATITUDE: 32 12 N
LONGITUDE: 101 31 W
[TEMPERATURE DATA] [PRECIPITATION DATA] SYMBOLS USED IN COLUMN 16
AVERAGE MONTHLY: 66.5 TOTAL FOR MONTH: 2.21 1 = FOG OR MIST
DPTR FM NORMAL: 0.0 DPTR FM NORMAL: M 2 = FOG REDUCING VISIBILITY
HIGHEST: 92 ON 18,12 GRTST 24HR 0.72 ON 25-25 TO 1/4 MILE OR LESS
LOWEST: 29 ON 31 3 = THUNDER
SNOW, ICE PELLETS, HAIL 4 = ICE PELLETS
TOTAL MONTH: M 5 = HAIL
GRTST 24HR M ON M 6 = FREEZING RAIN OR DRIZZLE
GRTST DEPTH: M ON M 7 = DUSTSTORM OR SANDSTORM:
VSBY 1/2 MILE OR LESS
8 = SMOKE OR HAZE
[NO. OF DAYS WITH] [WEATHER - DAYS WITH] 9 = BLOWING SNOW
X = TORNADO
MAX 32 OR BELOW: 0 0.01 INCH OR MORE: 5
MAX 90 OR ABOVE: 4 0.10 INCH OR MORE: 4
MIN 32 OR BELOW: 2 0.50 INCH OR MORE: 3
MIN 0 OR BELOW: 0 1.00 INCH OR MORE: 0
[HDD (BASE 65) ]
TOTAL THIS MO. 103 CLEAR (SCALE 0-3) 22
DPTR FM NORMAL M PTCLDY (SCALE 4-7) 8
TOTAL FM JUL 1 103 CLOUDY (SCALE 8-10) 1
DPTR FM NORMAL M
[CDD (BASE 65) ]
TOTAL THIS MO. 157
DPTR FM NORMAL M [PRESSURE DATA]
TOTAL FM JAN 1 2992 HIGHEST SLP M ON M
DPTR FM NORMAL M LOWEST SLP M ON M
[REMARKS]
#FINAL-10-23#