000
CXUS54 KLCH 010830
CF6BPT
PRELIMINARY LOCAL CLIMATOLOGICAL DATA (WS FORM: F-6)
STATION: BEAUMONT PORT ARTHUR
MONTH: AUGUST
YEAR: 2021
LATITUDE: 29 57 N
LONGITUDE: 94 1 W
TEMPERATURE IN F: :PCPN: SNOW: WIND :SUNSHINE: SKY :PK WND
================================================================================
1 2 3 4 5 6A 6B 7 8 9 10 11 12 13 14 15 16 17 18
12Z AVG MX 2MIN
DY MAX MIN AVG DEP HDD CDD WTR SNW DPTH SPD SPD DIR MIN PSBL S-S WX SPD DR
================================================================================
1 94 76 85 1 0 20 0.00 0.0 M 5.0 15 210 M M 3 13 21 220
2 94 76 85 1 0 20 0.24 0.0 M 6.0 18 270 M M 3 13 27 290
3 88 76 82 -2 0 17 1.51 0.0 M 4.3 14 310 M M 6 123 20 300
4 91 76 84 0 0 19 T 0.0 M 7.1 13 60 M M 6 18 17 80
5 90 71 81 -3 0 16 0.00 0.0 M 5.5 13 100 M M 1 17 100
6 92 72 82 -2 0 17 0.00 0.0 M 3.3 13 160 M M 1 1 17 150
7 90 73 82 -2 0 17 0.18 0.0 M 5.3 18 210 M M 2 13 24 210
8 92 76 84 0 0 19 0.02 0.0 M 7.7 17 180 M M 2 24 190
9 93 77 85 1 0 20 T 0.0 M 8.2 17 160 M M 2 25 160
10 93 77 85 1 0 20 0.00 0.0 M 6.5 16 180 M M 3 22 170
11 94 74 84 0 0 19 0.00 0.0 M 5.4 14 160 M M 1 1 19 170
12 91 76 84 0 0 19 T 0.0 M 4.2 12 120 M M 2 3 16 130
13 89 75 82 -2 0 17 T 0.0 M 3.2 17 110 M M 2 3 22 110
14 93 74 84 0 0 19 0.00 0.0 M 4.6 15 20 M M 3 13 19 20
15 93 74 84 0 0 19 T 0.0 M 4.6 13 160 M M 2 3 16 150
16 93 74 84 0 0 19 0.11 0.0 M 2.9 15 350 M M 3 13 20 340
17 92 76 84 0 0 19 T 0.0 M 6.0 15 180 M M 2 13 20 170
18 90 77 84 0 0 19 0.07 0.0 M 6.7 17 160 M M 3 138 25 160
19 93 78 86 2 0 21 0.04 0.0 M 7.6 18 160 M M 3 13 26 160
20 93 75 84 0 0 19 0.00 0.0 0 6.4 15 150 M M 2 1 22 140
21 94 72 83 -1 0 18 0.00 0.0 0 4.3 13 180 M M 1 1 18 170
22 95 71 83 -1 0 18 0.00 0.0 M 3.8 14 160 M M 1 1 22 150
23 96 71 84 0 0 19 0.00 0.0 M 3.0 10 180 M M 1 1 14 170
24 97 73 85 2 0 20 0.01 0.0 M 5.2 36 50 M M 2 54 50
25 97 73 85 2 0 20 0.00 0.0 M 3.9 12 120 M M 2 3 16 40
26 96 77 87 4 0 22 T 0.0 M 8.7 29 100 M M 1 3 40 100
27 92 75 84 1 0 19 1.80 0.0 M 6.7 20 130 M M 5 13 25 140
28 85 75 80 -3 0 15 1.68 0.0 M 6.8 14 100 M M 5 13 18 110
29 94 75 85 2 0 20 T 0.0 M 10.3 18 360 M M 1 27 10
30 94 73 84 1 0 19 0.00 0.0 M 7.1 16 300 M M 2 24 310
31 95 76 86 3 0 21 T 0.0 M 6.4 21 90 M M 2 13 27 80
================================================================================
SM 2873 2314 0 586 5.66 0.0 176.7 M 75
================================================================================
AV 92.7 74.6 5.7 FASTST M M 2 MAX(MPH)
MISC ----> 36 50 54 50
================================================================================
NOTES:
# LAST OF SEVERAL OCCURRENCES
COLUMN 17 PEAK WIND IN M.P.H.
PRELIMINARY LOCAL CLIMATOLOGICAL DATA (WS FORM: F-6) , PAGE 2
STATION: BEAUMONT PORT ARTHUR
MONTH: AUGUST
YEAR: 2021
LATITUDE: 29 57 N
LONGITUDE: 94 1 W
[TEMPERATURE DATA] [PRECIPITATION DATA] SYMBOLS USED IN COLUMN 16
AVERAGE MONTHLY: 83.7 TOTAL FOR MONTH: 5.66 1 = FOG OR MIST
DPTR FM NORMAL: -0.1 DPTR FM NORMAL: -1.23 2 = FOG REDUCING VISIBILITY
HIGHEST: 97 ON 25,24 GRTST 24HR 2.69 ON 27-28 TO 1/4 MILE OR LESS
LOWEST: 71 ON 23,22 3 = THUNDER
SNOW, ICE PELLETS, HAIL 4 = ICE PELLETS
TOTAL MONTH: 0.0 INCH 5 = HAIL
GRTST 24HR 0.0 6 = FREEZING RAIN OR DRIZZLE
GRTST DEPTH: 0 7 = DUSTSTORM OR SANDSTORM:
VSBY 1/2 MILE OR LESS
8 = SMOKE OR HAZE
[NO. OF DAYS WITH] [WEATHER - DAYS WITH] 9 = BLOWING SNOW
X = TORNADO
MAX 32 OR BELOW: 0 0.01 INCH OR MORE: 10
MAX 90 OR ABOVE: 28 0.10 INCH OR MORE: 6
MIN 32 OR BELOW: 0 0.50 INCH OR MORE: 3
MIN 0 OR BELOW: 0 1.00 INCH OR MORE: 3
[HDD (BASE 65) ]
TOTAL THIS MO. 0 CLEAR (SCALE 0-3) 26
DPTR FM NORMAL 0 PTCLDY (SCALE 4-7) 5
TOTAL FM JUL 1 0 CLOUDY (SCALE 8-10) 0
DPTR FM NORMAL 0
[CDD (BASE 65) ]
TOTAL THIS MO. 586
DPTR FM NORMAL 5 [PRESSURE DATA]
TOTAL FM JAN 1 2215 HIGHEST SLP 30.15 ON 13
DPTR FM NORMAL -86 LOWEST SLP 29.70 ON 30
[REMARKS]
#FINAL-08-21#