000
CXUS55 KDVN 011100
CF6BRL
PRELIMINARY LOCAL CLIMATOLOGICAL DATA (WS FORM: F-6)
STATION: BURLINGTON IA
MONTH: JANUARY
YEAR: 2024
LATITUDE: 40 46 N
LONGITUDE: 91 7 W
TEMPERATURE IN F: :PCPN: SNOW: WIND :SUNSHINE: SKY :PK WND
================================================================================
1 2 3 4 5 6A 6B 7 8 9 10 11 12 13 14 15 16 17 18
12Z AVG MX 2MIN
DY MAX MIN AVG DEP HDD CDD WTR SNW DPTH SPD SPD DIR MIN PSBL S-S WX SPD DR
================================================================================
1 31 23 27 1 38 0 0.00 M M 7.2 12 240 M M 8 18 310
2 41 23 32 6 33 0 0.00 M M 8.6 18 220 M M 1 1 25 220
3 35 29 32 7 33 0 0.00 M M 5.0 15 330 M M 10 1 20 320
4 37 26 32 7 33 0 0.00 M M 3.2 8 210 M M 6 11 120
5 35 26 31 6 34 0 0.00 M M 5.8 16 170 M M 3 21 170
6 32 30 31 6 34 0 0.01 M M 3.5 8 150 M M 10 1 11 150
7 32 27 30 5 35 0 0.01 M M 6.3 17 260 M M 9 1 24 290
8 36 28 32 7 33 0 0.20 M M 11.2 17 140 M M 4 1 25 90
9 33 27 30 6 35 0 0.61 M M 15.5 23 320 M M 10 12 35 320
10 30 23 27 3 38 0 0.00 M M 9.7 17 220 M M 9 1 25 280
11 28 20 24 0 41 0 0.01 M M 8.1 20 50 M M 3 18 27 310
12 33 13 23 -1 42 0 0.63 M M 14.9 25 40 M M 10 126 40 290
13 13 -9 2 -22 63 0 T M M 14.7 23 290 M M 9 18 42 270
14 -8 -18 -13 -37 78 0 0.00 M M 10.1 22 280 M M 1 8 30 270
15 1 -17 -8 -32 73 0 0.00 M M 7.6 16 300 M M 5 26 280
16 6 -9 -1 -25 66 0 0.00 M M 12.8 20 240 M M 0 26 240
17 22 1 12 -12 53 0 0.00 M M 8.8 16 240 M M 4 21 240
18 24 11 18 -6 47 0 0.10 M M 9.9 20 330 M M 8 18 27 310
19 11 -3 4 -20 61 0 T M M 11.1 20 330 M M 2 18 29 340
20 10 -9 1 -23 64 0 0.00 M M 5.6 14 310 M M 0 20 320
21 27 -8 10 -14 55 0 0.00 M M 11.3 22 180 M M 2 28 170
22 33 26 30 6 35 0 T M M 11.5 20 200 M M 10 16 28 190
23 37 32 35 11 30 0 0.38 M M 4.3 9 180 M M 10 12 11 170
24 38 32 35 11 30 0 0.05 M M 5.6 13 40 M M 10 12 16 40
25 36 33 35 11 30 0 0.50 M M 4.7 12 20 M M 10 12 16 30
26 38 33 36 12 29 0 0.00 M M 4.7 9 340 M M 10 12 13 330
27 36 33 35 11 30 0 0.00 M M 7.0 16 340 M M 10 12 23 340
28 33 31 32 8 33 0 0.00 M M 7.8 15 330 M M 10 1 21 330
29 47 28 38 14 27 0 0.00 M M 7.8 15 190 M M 6 12 19 180
30 42 35 39 14 26 0 0.00 M M 8.8 15 300 M M 9 25 320
31 49 35 42 17 23 0 0.00 M M 8.1 16 200 M M 4 23 200
================================================================================
SM 898 552 1282 0 2.50 M 261.2 M 203
================================================================================
AV 29.0 17.8 8.4 FASTST M M 7 MAX(MPH)
MISC ----> 25 40 42 270
================================================================================
NOTES:
# LAST OF SEVERAL OCCURRENCES
COLUMN 17 PEAK WIND IN M.P.H.
PRELIMINARY LOCAL CLIMATOLOGICAL DATA (WS FORM: F-6) , PAGE 2
STATION: BURLINGTON IA
MONTH: JANUARY
YEAR: 2024
LATITUDE: 40 46 N
LONGITUDE: 91 7 W
[TEMPERATURE DATA] [PRECIPITATION DATA] SYMBOLS USED IN COLUMN 16
AVERAGE MONTHLY: 23.4 TOTAL FOR MONTH: 2.50 1 = FOG OR MIST
DPTR FM NORMAL: -0.9 DPTR FM NORMAL: 1.05 2 = FOG REDUCING VISIBILITY
HIGHEST: 49 ON 31 GRTST 24HR 0.63 ON 12-12 TO 1/4 MILE OR LESS
LOWEST: -18 ON 14 3 = THUNDER
SNOW, ICE PELLETS, HAIL 4 = ICE PELLETS
TOTAL MONTH: M 5 = HAIL
GRTST 24HR M ON M 6 = FREEZING RAIN OR DRIZZLE
GRTST DEPTH: M ON M 7 = DUSTSTORM OR SANDSTORM:
VSBY 1/2 MILE OR LESS
8 = SMOKE OR HAZE
[NO. OF DAYS WITH] [WEATHER - DAYS WITH] 9 = BLOWING SNOW
X = TORNADO
MAX 32 OR BELOW: 14 0.01 INCH OR MORE: 10
MAX 90 OR ABOVE: 0 0.10 INCH OR MORE: 6
MIN 32 OR BELOW: 26 0.50 INCH OR MORE: 3
MIN 0 OR BELOW: 7 1.00 INCH OR MORE: 0
[HDD (BASE 65) ]
TOTAL THIS MO. 1282 CLEAR (SCALE 0-3) 8
DPTR FM NORMAL 22 PTCLDY (SCALE 4-7) 7
TOTAL FM JUL 1 3143 CLOUDY (SCALE 8-10) 16
DPTR FM NORMAL -360
[CDD (BASE 65) ]
TOTAL THIS MO. 0
DPTR FM NORMAL 0 [PRESSURE DATA]
TOTAL FM JAN 1 0 HIGHEST SLP 30.72 ON 20
DPTR FM NORMAL 0 LOWEST SLP 29.09 ON 9
[REMARKS]
#FINAL-01-24#