000
CXUS53 KGRR 011010
CF6BTL
PRELIMINARY LOCAL CLIMATOLOGICAL DATA (WS FORM: F-6)
STATION: BATTLE CREEK
MONTH: JANUARY
YEAR: 2023
LATITUDE: 42 17 N
LONGITUDE: 85 14 W
TEMPERATURE IN F: :PCPN: SNOW: WIND :SUNSHINE: SKY :PK WND
================================================================================
1 2 3 4 5 6A 6B 7 8 9 10 11 12 13 14 15 16 17 18
12Z AVG MX 2MIN
DY MAX MIN AVG DEP HDD CDD WTR SNW DPTH SPD SPD DIR MIN PSBL S-S WX SPD DR
================================================================================
1 45 33 39 13 26 0 0.17 M M 6.9 15 250 M M 9 1 20 240
2 42 37 40 14 25 0 0.01 M M 3.2 10 70 M M 10 12 13 70
3 57 40 49 23 16 0 0.53 M M 7.2 12 180 M M 10 12 18 60
4 57 M M M M M 0.04 M M 9.3 22 240 M M 9 1 30 230
5 37 33 35 9 30 0 0.06 M M 8.7 17 240 M M 10 1 22 230
6 35 31 33 8 32 0 0.04 M M 7.6 16 260 M M 10 16 21 270
7 33 29 31 6 34 0 0.00 M M 5.3 10 20 M M 10 1 15 330
8 32 29 31 6 34 0 0.00 M M 4.9 12 300 M M 10 15 300
9 41 28 35 10 30 0 0.00 M M 10.3 18 240 M M 4 24 250
10 38 32 35 10 30 0 0.12 M M 5.4 10 80 M M 6 168 14 150
11 50 32 41 17 24 0 T M M 5.6 14 170 M M 6 128 18 140
12 44 35 40 16 25 0 0.00 M M 10.3 20 360 M M 10 12 27 30
13 35 26 31 7 34 0 T M M 11.8 21 10 M M 10 28 10
14 34 19 27 3 38 0 0.00 M M 3.0 13 340 M M 3 16 330
15 40 23 32 8 33 0 0.00 M M 9.3 16 170 M M 0 22 140
16 42 31 37 13 28 0 0.13 M M 11.1 18 130 M M 8 1 28 130
17 47 38 43 19 22 0 0.03 M M 12.7 22 260 M M 10 1 29 260
18 40 35 38 14 27 0 0.09 M M 8.0 17 290 M M 10 18 24 290
19 44 36 40 16 25 0 0.32 M M 11.4 22 110 M M 10 1 33 100
20 37 30 34 10 31 0 0.02 M M 10.2 18 290 M M 10 16 28 270
21 32 30 31 7 34 0 T M M 8.1 14 210 M M 10 8 17 200
22 33 27 30 6 35 0 0.05 M M 3.3 13 190 M M 10 128 15 200
23 31 27 29 5 36 0 T M M 11.1 22 240 M M 8 1 30 230
24 35 25 30 6 35 0 T M M 8.9 22 250 M M 9 18 30 250
25 33 31 32 8 33 0 0.25 M M 7.9 14 10 M M 10 12 20 20
26 34 22 28 4 37 0 0.04 M M 9.0 20 260 M M 10 18 25 250
27 35 16 26 2 39 0 0.03 M M 17.2 29 250 M M 8 12 38 250
28 31 24 28 4 37 0 T M M 8.8 24 270 M M 9 18 37 270
29 29 24 27 3 38 0 0.07 M M 6.7 15 360 M M 10 1 20 360
30 24 9 17 -7 48 0 T M M 8.1 18 310 M M 10 18 24 310
31 19 4 12 -12 53 0 T M M 5.3 16 260 M M 7 18 20 240
================================================================================
SM 1166 836 969 0 2.00 M 256.6 M 266
================================================================================
AV 37.6 27.9 8.3 FASTST M M 9 MAX(MPH)
MISC ----> 29 250 38 250
================================================================================
NOTES:
# LAST OF SEVERAL OCCURRENCES
COLUMN 17 PEAK WIND IN M.P.H.
PRELIMINARY LOCAL CLIMATOLOGICAL DATA (WS FORM: F-6) , PAGE 2
STATION: BATTLE CREEK
MONTH: JANUARY
YEAR: 2023
LATITUDE: 42 17 N
LONGITUDE: 85 14 W
[TEMPERATURE DATA] [PRECIPITATION DATA] SYMBOLS USED IN COLUMN 16
AVERAGE MONTHLY: 32.7 TOTAL FOR MONTH: 2.00 1 = FOG OR MIST
DPTR FM NORMAL: 8.4 DPTR FM NORMAL: 0.42 2 = FOG REDUCING VISIBILITY
HIGHEST: 57 ON 4, 3 GRTST 24HR 0.55 ON 3- 4 TO 1/4 MILE OR LESS
LOWEST: 4 ON 31 3 = THUNDER
SNOW, ICE PELLETS, HAIL 4 = ICE PELLETS
TOTAL MONTH: M 5 = HAIL
GRTST 24HR M ON M 6 = FREEZING RAIN OR DRIZZLE
GRTST DEPTH: M ON M 7 = DUSTSTORM OR SANDSTORM:
VSBY 1/2 MILE OR LESS
8 = SMOKE OR HAZE
[NO. OF DAYS WITH] [WEATHER - DAYS WITH] 9 = BLOWING SNOW
X = TORNADO
MAX 32 OR BELOW: 7 0.01 INCH OR MORE: 17
MAX 90 OR ABOVE: 0 0.10 INCH OR MORE: 6
MIN 32 OR BELOW: 22 0.50 INCH OR MORE: 1
MIN 0 OR BELOW: 0 1.00 INCH OR MORE: 0
[HDD (BASE 65) ]
TOTAL THIS MO. 969 CLEAR (SCALE 0-3) 1
DPTR FM NORMAL -293 PTCLDY (SCALE 4-7) 7
TOTAL FM JUL 1 3211 CLOUDY (SCALE 8-10) 23
DPTR FM NORMAL -457
[CDD (BASE 65) ]
TOTAL THIS MO. 0
DPTR FM NORMAL 0 [PRESSURE DATA]
TOTAL FM JAN 1 0 HIGHEST SLP 30.44 ON 31
DPTR FM NORMAL 0 LOWEST SLP 29.46 ON 19
[REMARKS]
#FINAL-01-23#