000
CXUS53 KGRR 011010
CF6BTL
PRELIMINARY LOCAL CLIMATOLOGICAL DATA (WS FORM: F-6)
STATION: BATTLE CREEK
MONTH: DECEMBER
YEAR: 2022
LATITUDE: 42 17 N
LONGITUDE: 85 14 W
TEMPERATURE IN F: :PCPN: SNOW: WIND :SUNSHINE: SKY :PK WND
================================================================================
1 2 3 4 5 6A 6B 7 8 9 10 11 12 13 14 15 16 17 18
12Z AVG MX 2MIN
DY MAX MIN AVG DEP HDD CDD WTR SNW DPTH SPD SPD DIR MIN PSBL S-S WX SPD DR
================================================================================
1 35 28 32 -2 33 0 0.00 M M 11.4 28 270 M M 7 36 280
2 52 33 43 9 22 0 0.01 M M 16.1 28 210 M M 10 1 38 210
3 50 21 36 2 29 0 0.23 M M 15.9 33 300 M M 7 1 51 300
4 38 19 29 -4 36 0 0.00 M M 11.4 22 230 M M 0 29 230
5 42 25 34 1 31 0 T M M 9.2 16 190 M M 5 18 21 200
6 44 37 41 9 24 0 0.00 M M 3.4 14 320 M M 10 18 16 120
7 47 39 43 11 22 0 0.00 M M 5.3 15 300 M M 10 8 19 320
8 39 32 36 4 29 0 0.00 M M 5.7 10 70 M M 9 8 14 60
9 36 29 33 1 32 0 0.18 M M 9.5 17 80 M M 8 12 25 70
10 34 32 33 2 32 0 0.01 M M 5.2 13 70 M M 10 18 20 70
11 39 33 36 5 29 0 T M M 3.1 8 50 M M 10 12 10 40
12 36 34 35 4 30 0 0.00 M M 5.5 10 110 M M 10 1 14 120
13 35 31 33 2 32 0 0.00 M M 9.5 16 110 M M 7 24 100
14 43 33 38 8 27 0 0.07 M M 13.8 20 100 M M 8 32 100
15 41 33 37 7 28 0 0.50 M M 12.7 24 100 M M 10 1 37 100
16 34 27 31 1 34 0 T M M 12.7 21 230 M M 10 1 28 220
17 27 25 26 -4 39 0 0.01 M M 14.7 20 230 M M 10 1 28 210
18 25 22 24 -5 41 0 T M M 13.8 21 240 M M 10 1 29 240
19 26 23 25 -4 40 0 0.00 M M 6.9 17 270 M M 10 23 290
20 33 21 27 -2 38 0 0.00 M M 7.5 12 290 M M 10 18 17 170
21 31 20 26 -3 39 0 0.00 M M 4.7 13 330 M M 7 8 18 300
22 36 17 27 -1 38 0 0.17 M M 8.0 28 290 M M 9 18 37 290
23 17 4 11 -17 54 0 T M M 23.6 36 260 M M 10 53 260
24 17 2 10 -18 55 0 T M M 19.1 28 230 M M 10 1 41 270
25 17 11 14 -14 51 0 T M M 12.9 20 270 M M 10 1 26 260
26 23 13 18 -10 47 0 T M M 7.3 13 210 M M 10 8 16 210
27 29 20 25 -2 40 0 T M M 11.4 22 200 M M 7 1 31 190
28 43 27 35 8 30 0 0.00 M M 17.5 24 170 M M 1 35 180
29 53 41 47 20 18 0 0.00 M M 17.2 24 200 M M 7 1 33 190
30 55 40 48 21 17 0 0.16 M M 9.4 22 200 M M 10 1 32 200
31 40 30 35 9 30 0 T M M 5.4 12 260 M M 9 18 14 260
================================================================================
SM 1117 802 1047 0 1.34 M 329.8 M 261
================================================================================
AV 36.0 25.9 10.6 FASTST M M 8 MAX(MPH)
MISC ----> 36 260 53 260
================================================================================
NOTES:
# LAST OF SEVERAL OCCURRENCES
COLUMN 17 PEAK WIND IN M.P.H.
PRELIMINARY LOCAL CLIMATOLOGICAL DATA (WS FORM: F-6) , PAGE 2
STATION: BATTLE CREEK
MONTH: DECEMBER
YEAR: 2022
LATITUDE: 42 17 N
LONGITUDE: 85 14 W
[TEMPERATURE DATA] [PRECIPITATION DATA] SYMBOLS USED IN COLUMN 16
AVERAGE MONTHLY: 31.0 TOTAL FOR MONTH: 1.34 1 = FOG OR MIST
DPTR FM NORMAL: 1.0 DPTR FM NORMAL: -0.09 2 = FOG REDUCING VISIBILITY
HIGHEST: 55 ON 30 GRTST 24HR 0.56 ON 14-15 TO 1/4 MILE OR LESS
LOWEST: 2 ON 24 3 = THUNDER
SNOW, ICE PELLETS, HAIL 4 = ICE PELLETS
TOTAL MONTH: M 5 = HAIL
GRTST 24HR M ON M 6 = FREEZING RAIN OR DRIZZLE
GRTST DEPTH: M ON M 7 = DUSTSTORM OR SANDSTORM:
VSBY 1/2 MILE OR LESS
8 = SMOKE OR HAZE
[NO. OF DAYS WITH] [WEATHER - DAYS WITH] 9 = BLOWING SNOW
X = TORNADO
MAX 32 OR BELOW: 9 0.01 INCH OR MORE: 9
MAX 90 OR ABOVE: 0 0.10 INCH OR MORE: 5
MIN 32 OR BELOW: 22 0.50 INCH OR MORE: 1
MIN 0 OR BELOW: 0 1.00 INCH OR MORE: 0
[HDD (BASE 65) ]
TOTAL THIS MO. 1047 CLEAR (SCALE 0-3) 2
DPTR FM NORMAL -39 PTCLDY (SCALE 4-7) 8
TOTAL FM JUL 1 2242 CLOUDY (SCALE 8-10) 21
DPTR FM NORMAL -163
[CDD (BASE 65) ]
TOTAL THIS MO. 0
DPTR FM NORMAL 0 [PRESSURE DATA]
TOTAL FM JAN 1 882 HIGHEST SLP 30.50 ON 1
DPTR FM NORMAL 167 LOWEST SLP 29.46 ON 15
[REMARKS]
#FINAL-12-22#