000
CXUS55 KMSO 010900
CF6BTM
PRELIMINARY LOCAL CLIMATOLOGICAL DATA (WS FORM: F-6)
STATION: BUTTE MT
MONTH: AUGUST
YEAR: 2020
LATITUDE: 45 57 N
LONGITUDE: 112 30 W
TEMPERATURE IN F: :PCPN: SNOW: WIND :SUNSHINE: SKY :PK WND
================================================================================
1 2 3 4 5 6A 6B 7 8 9 10 11 12 13 14 15 16 17 18
12Z AVG MX 2MIN
DY MAX MIN AVG DEP HDD CDD WTR SNW DPTH SPD SPD DIR MIN PSBL S-S WX SPD DR
================================================================================
1 90 53 72 8 0 7 0.00 M M 4.8 18 140 M M 0 25 110
2 94 51 73 9 0 8 0.00 M M 4.8 17 280 M M 0 28 300
3 85 52 69 5 0 4 0.00 M M 8.0 23 330 M M 0 28 330
4 86 45 66 2 0 1 0.00 M M 4.8 13 310 M M 0 17 310
5 88 47 68 4 0 3 T M M 6.0 24 20 M M 1 3 31 20
6 86 51 69 5 0 4 T M M 6.9 37 170 M M 2 38 44 180
7 74 48 61 -3 4 0 0.00 M M 7.0 20 310 M M 1 26 310
8 80 36 58 -6 7 0 0.00 M M 6.2 18 250 M M 1 26 270
9 77 44 61 -3 4 0 0.00 M M 6.5 21 330 M M 0 24 320
10 83 39 61 -2 4 0 0.00 M M 4.1 14 330 M M 0 17 300
11 85 43 64 1 1 0 0.00 M M 5.6 20 230 M M 0 27 220
12 80 45 63 0 2 0 0.00 M M 7.1 23 230 M M 1 33 280
13 74 40 57 -6 8 0 0.00 M M 6.9 21 330 M M 3 25 340
14 77 34 56 -6 9 0 0.00 M M 6.3 15 330 M M 0 25 340
15 85 37 61 -1 4 0 0.00 M M 4.8 16 300 M M 0 21 300
16 92 39 66 4 0 1 0.00 M M 3.8 15 320 M M 0 20 320
17 92 50 71 9 0 6 0.00 M M 5.9 22 260 M M 0 29 260
18 88 53 71 9 0 6 T M M 5.0 13 320 M M 2 17 320
19 86 52 69 8 0 4 T M M 6.4 22 340 M M 2 3 30 340
20 84 52 68 7 0 3 0.00 M M 5.3 20 330 M M 0 8 25 330
21 87 44 66 5 0 1 0.00 M M 4.3 17 120 M M 0 23 180
22 84 46 65 4 0 0 0.00 M M 3.8 14 310 M M 0 8 18 310
23 88 44 66 6 0 1 0.00 M M 5.1 14 230 M M 0 8 20 190
24 84 46 65 5 0 0 0.00 M M 3.2 16 270 M M 0 8 22 310
25 82 50 66 6 0 1 0.10 M M 5.8 32 310 M M 2 38 46 310
26 80 49 65 6 0 0 0.04 M M 3.5 16 310 M M 2 1 21 310
27 74 48 61 2 4 0 0.06 M M 5.0 16 320 M M 2 13 21 320
28 82 42 62 3 3 0 0.00 M M 2.9 13 190 M M 0 15 190
29 82 40 61 3 4 0 0.00 M M 6.4 21 300 M M 0 27 290
30 67 43 55 -3 10 0 0.00 M M 9.9 23 280 M M 2 33 300
31 53 43 48 -10 17 0 0.02 M M 5.5 16 330 M M 9 22 280
================================================================================
SM 2549 1406 81 50 0.22 M 171.6 M 30
================================================================================
AV 82.2 45.4 5.5 FASTST M M 1 MAX(MPH)
MISC ----> 37 170 46 310
================================================================================
NOTES:
# LAST OF SEVERAL OCCURRENCES
COLUMN 17 PEAK WIND IN M.P.H.
PRELIMINARY LOCAL CLIMATOLOGICAL DATA (WS FORM: F-6) , PAGE 2
STATION: BUTTE MT
MONTH: AUGUST
YEAR: 2020
LATITUDE: 45 57 N
LONGITUDE: 112 30 W
[TEMPERATURE DATA] [PRECIPITATION DATA] SYMBOLS USED IN COLUMN 16
AVERAGE MONTHLY: 63.8 TOTAL FOR MONTH: 0.22 1 = FOG OR MIST
DPTR FM NORMAL: 2.1 DPTR FM NORMAL: -1.14 2 = FOG REDUCING VISIBILITY
HIGHEST: 94 ON 2 GRTST 24HR 0.17 ON 31- 1 TO 1/4 MILE OR LESS
LOWEST: 34 ON 14 3 = THUNDER
SNOW, ICE PELLETS, HAIL 4 = ICE PELLETS
TOTAL MONTH: M 5 = HAIL
GRTST 24HR M ON M 6 = FREEZING RAIN OR DRIZZLE
GRTST DEPTH: M ON M 7 = DUSTSTORM OR SANDSTORM:
VSBY 1/2 MILE OR LESS
8 = SMOKE OR HAZE
[NO. OF DAYS WITH] [WEATHER - DAYS WITH] 9 = BLOWING SNOW
X = TORNADO
MAX 32 OR BELOW: 0 0.01 INCH OR MORE: 4
MAX 90 OR ABOVE: 4 0.10 INCH OR MORE: 1
MIN 32 OR BELOW: 0 0.50 INCH OR MORE: 0
MIN 0 OR BELOW: 0 1.00 INCH OR MORE: 0
[HDD (BASE 65) ]
TOTAL THIS MO. 81 CLEAR (SCALE 0-3) 29
DPTR FM NORMAL -47 PTCLDY (SCALE 4-7) 1
TOTAL FM JUL 1 175 CLOUDY (SCALE 8-10) 1
DPTR FM NORMAL -52
[CDD (BASE 65) ]
TOTAL THIS MO. 50
DPTR FM NORMAL 22 [PRESSURE DATA]
TOTAL FM JAN 1 85 HIGHEST SLP M ON M
DPTR FM NORMAL 6 LOWEST SLP 29.66 ON 6
[REMARKS]
#FINAL-08-20#