000
CXUS54 KLIX 010810
CF6BTR
PRELIMINARY LOCAL CLIMATOLOGICAL DATA (WS FORM: F-6)
STATION: BATON ROUGE
MONTH: SEPTEMBER
YEAR: 2020
LATITUDE: 30 31 N
LONGITUDE: 91 9 W
TEMPERATURE IN F: :PCPN: SNOW: WIND :SUNSHINE: SKY :PK WND
================================================================================
1 2 3 4 5 6A 6B 7 8 9 10 11 12 13 14 15 16 17 18
12Z AVG MX 2MIN
DY MAX MIN AVG DEP HDD CDD WTR SNW DPTH SPD SPD DIR MIN PSBL S-S WX SPD DR
================================================================================
1 93 80 87 5 0 22 0.00 0.0 M 11.1 18 180 M M 4 23 160
2 94 79 87 5 0 22 0.00 0.0 M 9.0 17 170 M M 2 22 180
3 96 74 85 3 0 20 0.00 0.0 M 3.8 10 210 M M 2 1 12 200
4 97 76 87 5 0 22 0.00 0.0 M 3.0 10 50 M M 1 21 340
5 96 76 86 5 0 21 T 0.0 M 3.8 20 20 M M 0 3 26 30
6 92 71 82 1 0 17 0.00 0.0 M 4.3 10 60 M M 0 14 60
7 94 67 81 0 0 16 0.00 0.0 M 3.4 9 100 M M 0 12 80
8 92 69 81 0 0 16 0.00 0.0 M 3.4 12 150 M M 1 16 80
9 93 74 84 4 0 19 0.00 0.0 M 5.8 16 110 M M 1 21 100
10 95 73 84 4 0 19 0.00 0.0 M 5.1 14 70 M M 0 19 50
11 94 72 83 3 0 18 0.07 0.0 M 6.0 16 10 M M 3 22 20
12 92 74 83 3 0 18 0.30 0.0 M 4.0 18 110 M M 1 13 24 120
13 94 76 85 5 0 20 0.00 0.0 M 6.9 16 50 M M 1 19 80
14 92 76 84 5 0 19 T 0.0 M 9.6 18 30 M M 4 25 50
15 89 76 83 4 0 18 0.00 0.0 M 10.7 21 360 M M 3 27 10
16 87 74 81 2 0 16 T 0.0 M 7.8 15 350 M M 4 21 350
17 89 70 80 2 0 15 0.00 0.0 M 4.3 13 10 M M 2 17 20
18 82 70 76 -2 0 11 T 0.0 M 6.6 14 30 M M 2 27 350
19 76 68 72 -6 0 7 0.09 0.0 M 11.0 18 70 M M 6 1 24 60
20 73 68 71 -7 0 6 0.23 0.0 M 16.3 25 50 M M 10 1 34 40
21 73 67 70 -7 0 5 0.03 0.0 M 14.3 22 60 M M 10 1 27 60
22 77 67 72 -5 0 7 T 0.0 M 12.3 21 100 M M 10 8 27 100
23 86 71 79 2 0 14 1.02 0.0 M 12.0 22 200 M M 9 138 29 220
24 76 68 72 -4 0 7 T 0.0 M 8.4 17 220 M M 10 1 22 210
25 80 66 73 -3 0 8 0.00 0.0 M 3.1 8 10 M M 7 11 10
26 85 64 75 -1 0 10 T 0.0 M 2.9 8 80 M M 5 1 10 40
27 89 66 78 3 0 13 0.00 0.0 M 3.5 10 180 M M 1 1 M M
28 87 64 76 1 0 11 0.07 0.0 M 6.6 21 360 M M 8 123 28 360
29 77 55 66 -9 0 1 T 0.0 M 5.5 15 350 M M 1 22 340
30 82 50 66 -8 0 1 0.00 0.0 M 1.8 10 240 M M 0 13 240
================================================================================
SM 2622 2101 0 419 1.81 0.0 206.3 M 108
================================================================================
AV 87.4 70.0 6.9 FASTST M M 4 MAX(MPH)
MISC ----> 25 50 34 40
================================================================================
NOTES:
# LAST OF SEVERAL OCCURRENCES
COLUMN 17 PEAK WIND IN M.P.H.
PRELIMINARY LOCAL CLIMATOLOGICAL DATA (WS FORM: F-6) , PAGE 2
STATION: BATON ROUGE
MONTH: SEPTEMBER
YEAR: 2020
LATITUDE: 30 31 N
LONGITUDE: 91 9 W
[TEMPERATURE DATA] [PRECIPITATION DATA] SYMBOLS USED IN COLUMN 16
AVERAGE MONTHLY: 78.7 TOTAL FOR MONTH: 1.81 1 = FOG OR MIST
DPTR FM NORMAL: 0.1 DPTR FM NORMAL: -2.73 2 = FOG REDUCING VISIBILITY
HIGHEST: 97 ON 4 GRTST 24HR 1.02 ON 23-23 TO 1/4 MILE OR LESS
LOWEST: 50 ON 30 3 = THUNDER
SNOW, ICE PELLETS, HAIL 4 = ICE PELLETS
TOTAL MONTH: 0.0 INCH 5 = HAIL
GRTST 24HR 0.0 6 = FREEZING RAIN OR DRIZZLE
GRTST DEPTH: M ON M 7 = DUSTSTORM OR SANDSTORM:
VSBY 1/2 MILE OR LESS
8 = SMOKE OR HAZE
[NO. OF DAYS WITH] [WEATHER - DAYS WITH] 9 = BLOWING SNOW
X = TORNADO
MAX 32 OR BELOW: 0 0.01 INCH OR MORE: 7
MAX 90 OR ABOVE: 14 0.10 INCH OR MORE: 3
MIN 32 OR BELOW: 0 0.50 INCH OR MORE: 1
MIN 0 OR BELOW: 0 1.00 INCH OR MORE: 1
[HDD (BASE 65) ]
TOTAL THIS MO. 0 CLEAR (SCALE 0-3) 16
DPTR FM NORMAL -2 PTCLDY (SCALE 4-7) 9
TOTAL FM JUL 1 0 CLOUDY (SCALE 8-10) 5
DPTR FM NORMAL 0
[CDD (BASE 65) ]
TOTAL THIS MO. 419
DPTR FM NORMAL 9 [PRESSURE DATA]
TOTAL FM JAN 1 2798 HIGHEST SLP M ON M
DPTR FM NORMAL 227 LOWEST SLP 29.68 ON 23
[REMARKS]
#FINAL-09-20#