000
CXUS54 KLIX 010810
CF6BTR
PRELIMINARY LOCAL CLIMATOLOGICAL DATA (WS FORM: F-6)
STATION: BATON ROUGE
MONTH: MAY
YEAR: 2020
LATITUDE: 30 31 N
LONGITUDE: 91 9 W
TEMPERATURE IN F: :PCPN: SNOW: WIND :SUNSHINE: SKY :PK WND
================================================================================
1 2 3 4 5 6A 6B 7 8 9 10 11 12 13 14 15 16 17 18
12Z AVG MX 2MIN
DY MAX MIN AVG DEP HDD CDD WTR SNW DPTH SPD SPD DIR MIN PSBL S-S WX SPD DR
================================================================================
1 82 52 67 -5 0 2 0.00 0.0 0 4.6 13 180 M M 0 16 170
2 84 57 71 -1 0 6 0.00 0.0 0 6.2 14 180 M M 0 1 22 160
3 84 60 72 0 0 7 0.00 0.0 M 7.5 16 190 M M 3 1 23 180
4 86 65 76 3 0 11 0.00 0.0 M 6.9 16 190 M M 3 1 20 180
5 88 67 78 5 0 13 0.00 0.0 M 5.8 15 270 M M 4 20 310
6 84 59 72 -1 0 7 T 0.0 M 7.5 16 20 M M 1 24 30
7 81 54 68 -6 0 3 0.00 0.0 M 7.2 16 160 M M 0 19 170
8 80 59 70 -4 0 5 2.21 0.0 M 7.1 18 60 M M 5 123 26 190
9 68 57 63 -11 2 0 T 0.0 M 8.8 18 40 M M 7 23 50
10 80 55 68 -6 0 3 0.00 0.0 M 5.9 14 20 M M 3 17 30
11 83 52 68 -7 0 3 0.00 0.0 M 3.8 12 220 M M 0 15 20
12 82 59 71 -4 0 6 0.00 0.0 M 8.3 17 100 M M 1 23 100
13 86 64 75 0 0 10 T 0.0 M 9.0 18 110 M M 2 1 23 140
14 83 68 76 1 0 11 1.44 0.0 M 8.6 21 110 M M 6 138 25 110
15 84 68 76 0 0 11 T 0.0 M 7.9 20 190 M M 7 1 25 160
16 86 73 80 4 0 15 0.02 0.0 M 11.4 23 160 M M 7 1 29 150
17 84 70 77 1 0 12 0.13 0.0 M 11.8 24 260 M M 8 18 31 260
18 82 66 74 -2 0 9 0.04 0.0 M 8.2 16 280 M M 2 1 24 280
19 90 65 78 2 0 13 0.00 0.0 M 7.7 18 220 M M 2 23 210
20 77 69 73 -4 0 8 0.01 0.0 M 5.0 12 20 M M 6 14 30
21 91 68 80 3 0 15 0.00 0.0 M 7.8 17 170 M M 3 128 22 160
22 91 72 82 5 0 17 0.00 0.0 M 8.4 17 210 M M 2 1 23 210
23 91 69 80 3 0 15 T 0.0 M 7.8 24 120 M M 4 13 32 120
24 90 67 79 1 0 14 0.00 0.0 M 8.1 18 100 M M 1 1 22 120
25 87 71 79 1 0 14 0.31 0.0 M 9.6 25 110 M M 4 13 32 110
26 82 70 76 -2 0 11 0.63 0.0 M 4.0 22 280 M M 6 13 30 280
27 86 68 77 -1 0 12 0.00 0.0 M 5.3 16 220 M M 2 1 20 250
28 91 64 78 0 0 13 0.11 0.0 M 3.7 15 140 M M 2 8 19 120
29 89 68 79 0 0 14 T 0.0 M 3.3 9 30 M M 3 13 60
30 89 70 80 1 0 15 0.00 0.0 M 4.6 10 60 M M 5 14 40
31 90 72 81 2 0 16 0.00 0.0 M 5.2 10 40 M M 6 15 40
================================================================================
SM 2631 1998 2 311 4.90 0.0 217.0 M 105
================================================================================
AV 84.9 64.5 7.0 FASTST M M 3 MAX(MPH)
MISC ----> 25 110 # 32 120
================================================================================
NOTES:
# LAST OF SEVERAL OCCURRENCES
COLUMN 17 PEAK WIND IN M.P.H.
PRELIMINARY LOCAL CLIMATOLOGICAL DATA (WS FORM: F-6) , PAGE 2
STATION: BATON ROUGE
MONTH: MAY
YEAR: 2020
LATITUDE: 30 31 N
LONGITUDE: 91 9 W
[TEMPERATURE DATA] [PRECIPITATION DATA] SYMBOLS USED IN COLUMN 16
AVERAGE MONTHLY: 74.7 TOTAL FOR MONTH: 4.90 1 = FOG OR MIST
DPTR FM NORMAL: -1.0 DPTR FM NORMAL: 0.01 2 = FOG REDUCING VISIBILITY
HIGHEST: 91 ON 28,23 GRTST 24HR 2.21 ON 8- 8 TO 1/4 MILE OR LESS
LOWEST: 52 ON 11, 1 3 = THUNDER
SNOW, ICE PELLETS, HAIL 4 = ICE PELLETS
TOTAL MONTH: 0.0 INCH 5 = HAIL
GRTST 24HR 0.0 6 = FREEZING RAIN OR DRIZZLE
GRTST DEPTH: 0 7 = DUSTSTORM OR SANDSTORM:
VSBY 1/2 MILE OR LESS
8 = SMOKE OR HAZE
[NO. OF DAYS WITH] [WEATHER - DAYS WITH] 9 = BLOWING SNOW
X = TORNADO
MAX 32 OR BELOW: 0 0.01 INCH OR MORE: 9
MAX 90 OR ABOVE: 7 0.10 INCH OR MORE: 6
MIN 32 OR BELOW: 0 0.50 INCH OR MORE: 3
MIN 0 OR BELOW: 0 1.00 INCH OR MORE: 2
[HDD (BASE 65) ]
TOTAL THIS MO. 2 CLEAR (SCALE 0-3) 15
DPTR FM NORMAL 0 PTCLDY (SCALE 4-7) 16
TOTAL FM JUL 1 1167 CLOUDY (SCALE 8-10) 0
DPTR FM NORMAL -386
[CDD (BASE 65) ]
TOTAL THIS MO. 311
DPTR FM NORMAL -23 [PRESSURE DATA]
TOTAL FM JAN 1 733 HIGHEST SLP M ON M
DPTR FM NORMAL 168 LOWEST SLP 29.74 ON 16
[REMARKS]
#FINAL-05-20#