000
CXUS54 KLIX 011430
CLMBTR
CLIMATE REPORT
NATIONAL WEATHER SERVICE NEW ORLEANS
930 AM CDT TUE AUG 01 2023
...................................
...THE BATON ROUGE CLIMATE SUMMARY FOR THE MONTH OF JULY 2023...
CLIMATE NORMAL PERIOD: 1991 TO 2020
CLIMATE RECORD PERIOD: 1894 TO 2023
WEATHER OBSERVED NORMAL DEPART LAST YEAR`S
VALUE DATE(S) VALUE FROM VALUE DATE(S)
NORMAL
................................................................
TEMPERATURE (F)
RECORD
HIGH 103 07/13/1901
LOW 58 07/15/1967
HIGHEST 102 07/31 MM MM 97 07/08
07/12
LOWEST 73 07/24 MM MM 71 07/14
07/23
AVG. MAXIMUM 97.8 91.9 5.9 93.5
AVG. MINIMUM 77.8 73.8 4.0 74.6
MEAN 87.8 82.9 4.9 84.0
DAYS MAX >= 90 31 25.0 6.0 28
DAYS MAX <= 32 0 0.0 0.0 0
DAYS MIN <= 32 0 0.0 0.0 0
DAYS MIN <= 0 0 0.0 0.0 0
PRECIPITATION (INCHES)
RECORD
MAXIMUM 15.92 1911
MINIMUM 0.55 1924
TOTALS 0.68 5.09 -4.41 9.30
DAILY AVG. 0.07 0.16 -0.09 0.30
DAYS >= .01 2 13.2 -11.2 15
DAYS >= .10 1 8.5 -7.5 9
DAYS >= .50 1 3.4 -2.4 4
DAYS >= 1.00 0 1.3 -1.3 3
GREATEST
24 HR. TOTAL 0.64 07/31 TO 07/31 3.36 07/22 TO 07/22
SNOWFALL (INCHES)
RECORDS
TOTAL MM MM
24 HR TOTAL MM
SNOW DEPTH MM MM
TOTALS 0.0 0.0 0.0 0.0
SINCE 7/1 0.0 0.0 0.0 MM
SNOWDEPTH AVG. MM MM
DAYS >= TRACE 0 0.0 0.0 0
DAYS >= 1.0 0 0.0 0.0 0
GREATEST
SNOW DEPTH MM MM MM
24 HR TOTAL MM MM
DEGREE DAYS
HEATING TOTAL 0 0 0 0
SINCE 7/1 0 0 0 MM
COOLING TOTAL 714 553 161 598
SINCE 1/1 2216 1605 611 MM
................................................................
WIND (MPH)
AVERAGE WIND SPEED 6.1
HIGHEST WIND SPEED/DIRECTION 35/310 DATE 07/31
HIGHEST GUST SPEED/DIRECTION 56/310 DATE 07/31
SKY COVER
POSSIBLE SUNSHINE (PERCENT) MM
AVERAGE SKY COVER 0.20
NUMBER OF DAYS FAIR 28
NUMBER OF DAYS PC 3
NUMBER OF DAYS CLOUDY 0
AVERAGE RH (PERCENT) 68
WEATHER CONDITIONS. NUMBER OF DAYS WITH
THUNDERSTORM 12 MIXED PRECIP 0
HEAVY RAIN 3 RAIN 2
LIGHT RAIN 8 FREEZING RAIN 0
LT FREEZING RAIN 0 HAIL 0
HEAVY SNOW 0 SNOW 0
LIGHT SNOW 0 SLEET 0
FOG 4 FOG W/VIS <= 1/4 MILE 0
HAZE 2
- INDICATES NEGATIVE NUMBERS.
R INDICATES RECORD WAS SET OR TIED.
MM INDICATES DATA IS MISSING.
T INDICATES TRACE AMOUNT.
$$