000
CXUS51 KBTV 010700
CF6BTV
PRELIMINARY LOCAL CLIMATOLOGICAL DATA (WS FORM: F-6)
STATION: BURLINGTON VT
MONTH: JUNE
YEAR: 2020
LATITUDE: 44 28 N
LONGITUDE: 73 9 W
TEMPERATURE IN F: :PCPN: SNOW: WIND :SUNSHINE: SKY :PK WND
================================================================================
1 2 3 4 5 6A 6B 7 8 9 10 11 12 13 14 15 16 17 18
12Z AVG MX 2MIN
DY MAX MIN AVG DEP HDD CDD WTR SNW DPTH SPD SPD DIR MIN PSBL S-S WX SPD DR
================================================================================
1 61 39 50 -11 15 0 0.01 0.0 0 4.7 18 320 M M 5 1 22 320
2 67 42 55 -7 10 0 T 0.0 0 5.4 14 190 M M 7 17 200
3 62 55 59 -3 6 0 0.04 0.0 M 3.1 9 340 M M 10 1 12 350
4 84 51 68 6 0 3 0.01 0.0 M 3.3 13 260 M M 6 1 17 210
5 90 61 76 13 0 11 0.00 0.0 0 5.4 16 190 M M 5 3 21 190
6 84 57 71 8 0 6 0.14 0.0 0 7.9 33 340 M M 8 47 330
7 71 53 62 -1 3 0 0.00 0.0 0 8.5 21 330 M M 6 25 320
8 73 49 61 -3 4 0 0.00 0.0 0 5.9 16 360 M M 3 21 330
9 71 56 64 0 1 0 0.05 0.0 0 2.9 8 10 M M 8 11 190
10 81 55 68 4 0 3 0.00 0.0 0 8.8 20 160 M M 6 28 150
11 85 59 72 7 0 7 0.11 0.0 0 11.5 24 180 M M 6 33 200
12 79 54 67 2 0 2 0.00 0.0 0 10.6 24 290 M M 4 32 300
13 57 46 52 -13 13 0 0.01 0.0 0 6.0 18 330 M M 10 23 330
14 67 50 59 -7 6 0 0.00 0.0 0 3.0 9 310 M M 8 13 310
15 75 48 62 -4 3 0 0.00 0.0 0 4.2 12 350 M M 4 15 310
16 83 49 66 0 0 1 0.00 0.0 0 3.0 12 300 M M 1 15 260
17 88 55 72 6 0 7 0.00 0.0 0 3.3 12 180 M M 1 15 180
18 92 58 75 8 0 10 0.00 0.0 0 6.1 13 190 M M 1 17 190
19 91 71 81 14 0 16 0.00 0.0 0 6.2 15 200 M M 3 21 200
20 94 66 80 13 0 15 0.00 0.0 0 3.6 15 120 M M 4 18 130
21 94 68 81 13 0 16 0.00 0.0 0 4.4 13 260 M M 3 18 160
22 96 68 82 14 0 17 T 0.0 M 5.0 18 320 M M 3 3 24 310
23 96 72 84 16 0 19 0.00 0.0 M 10.9 22 190 M M 4 29 200
24 83 65 74 6 0 9 0.33 0.0 0 9.1 20 170 M M 6 13 27 160
25 83 59 71 3 0 6 0.00 0.0 0 8.7 21 190 M M 4 27 180
26 85 64 75 6 0 10 T 0.0 0 6.8 18 350 M M 5 24 360
27 82 66 74 5 0 9 0.01 0.0 0 10.4 20 180 M M 7 29 200
28 80 66 73 4 0 8 0.03 0.0 0 6.0 16 180 M M 7 21 180
29 71 65 68 -1 0 3 0.29 0.0 0 8.4 13 340 M M 10 1 17 330
30 80 65 73 3 0 8 0.85 0.0 0 7.8 22 330 M M 8 13 27 350
================================================================================
SM 2405 1732 61 186 1.88 0.0 190.9 M 163
================================================================================
AV 80.2 57.7 6.4 FASTST M M 5 MAX(MPH)
MISC ----> 33 340 47 330
================================================================================
NOTES:
# LAST OF SEVERAL OCCURRENCES
COLUMN 17 PEAK WIND IN M.P.H.
PRELIMINARY LOCAL CLIMATOLOGICAL DATA (WS FORM: F-6) , PAGE 2
STATION: BURLINGTON VT
MONTH: JUNE
YEAR: 2020
LATITUDE: 44 28 N
LONGITUDE: 73 9 W
[TEMPERATURE DATA] [PRECIPITATION DATA] SYMBOLS USED IN COLUMN 16
AVERAGE MONTHLY: 69.0 TOTAL FOR MONTH: 1.88 1 = FOG OR MIST
DPTR FM NORMAL: 3.1 DPTR FM NORMAL: -1.81 2 = FOG REDUCING VISIBILITY
HIGHEST: 96 ON 23,22 GRTST 24HR 1.03 ON 29-30 TO 1/4 MILE OR LESS
LOWEST: 39 ON 1 3 = THUNDER
SNOW, ICE PELLETS, HAIL 4 = ICE PELLETS
TOTAL MONTH: 0.0 INCH 5 = HAIL
GRTST 24HR 0.0 6 = FREEZING RAIN OR DRIZZLE
GRTST DEPTH: 0 7 = DUSTSTORM OR SANDSTORM:
VSBY 1/2 MILE OR LESS
8 = SMOKE OR HAZE
[NO. OF DAYS WITH] [WEATHER - DAYS WITH] 9 = BLOWING SNOW
X = TORNADO
MAX 32 OR BELOW: 0 0.01 INCH OR MORE: 12
MAX 90 OR ABOVE: 7 0.10 INCH OR MORE: 5
MIN 32 OR BELOW: 0 0.50 INCH OR MORE: 1
MIN 0 OR BELOW: 0 1.00 INCH OR MORE: 0
[HDD (BASE 65) ]
TOTAL THIS MO. 61 CLEAR (SCALE 0-3) 5
DPTR FM NORMAL -12 PTCLDY (SCALE 4-7) 21
TOTAL FM JUL 1 6812 CLOUDY (SCALE 8-10) 4
DPTR FM NORMAL -622
[CDD (BASE 65) ]
TOTAL THIS MO. 186
DPTR FM NORMAL 89 [PRESSURE DATA]
TOTAL FM JAN 1 259 HIGHEST SLP M ON M
DPTR FM NORMAL 143 LOWEST SLP 29.53 ON 24
[REMARKS]
#FINAL-06-20#