772
CXUS56 KLOX 011255
CF6BUR
PRELIMINARY LOCAL CLIMATOLOGICAL DATA (WS FORM: F-6)
STATION: HOLLYWOOD/BURBANK AIRPORT CA
MONTH: JANUARY
YEAR: 2021
LATITUDE: 34 12 N
LONGITUDE: 118 22 W
TEMPERATURE IN F: :PCPN: SNOW: WIND :SUNSHINE: SKY :PK WND
================================================================================
1 2 3 4 5 6A 6B 7 8 9 10 11 12 13 14 15 16 17 18
12Z AVG MX 2MIN
DY MAX MIN AVG DEP HDD CDD WTR SNW DPTH SPD SPD DIR MIN PSBL S-S WX SPD DR
================================================================================
1 69 47 58 4 7 0 0.00 M M 6.8 16 360 M M 0 21 360
2 64 43 54 0 11 0 0.00 M M 2.2 9 180 M M 0 8 12 120
3 61 45 53 -1 12 0 0.00 M M 2.7 9 150 M M 2 128 13 100
4 65 43 54 0 11 0 0.00 M M 2.1 9 120 M M 0 1 13 100
5 67 42 55 1 10 0 0.00 M M 2.9 10 120 M M 0 18 14 100
6 74 46 60 6 5 0 0.00 M M 2.7 9 160 M M 0 8 15 120
7 75 43 59 4 6 0 0.00 M M 2.5 9 240 M M 0 13 230
8 73 44 59 4 6 0 0.00 M M 5.1 25 330 M M 0 8 34 330
9 73 50 62 7 3 0 0.00 M M 5.5 24 240 M M 0 8 28 240
10 71 44 58 3 7 0 0.00 M M 3.2 12 160 M M 0 13 170
11 73 43 58 3 7 0 0.00 M M 2.5 10 150 M M 0 13 150
12 72 43 58 3 7 0 0.00 M M 2.1 8 180 M M 0 10 360
13 75 46 61 6 4 0 0.00 M M 2.6 9 300 M M 0 13 300
14 86 51 69 14 0 4 0.00 M M 4.5 24 10 M M 0 30 10
15 92 61 77 22 0 12 0.00 M M 6.7 22 360 M M 0 28 50
16 87 57 72 17 0 7 0.00 M M 2.5 10 10 M M 0 13 10
17 86 54 70 15 0 5 0.00 M M 2.7 9 140 M M 0 8 12 170
18 81 49 65 10 0 0 T M M 4.1 13 120 M M 0 1 17 80
19 67 51 59 4 6 0 T M M 15.3 36 40 M M 4 18 47 40
20 75 57 66 11 0 1 0.00 M M 8.0 30 40 M M 0 8 36 50
21 71 51 61 6 4 0 0.00 M M 3.6 13 160 M M 0 16 170
22 61 47 54 -1 11 0 0.00 M M 7.2 17 140 M M 5 22 150
23 51 45 48 -7 17 0 1.10 M M 3.2 14 240 M M 8 1 15 250
24 57 39 48 -7 17 0 0.00 M M 4.5 15 220 M M 3 1 21 120
25 53 40 47 -8 18 0 0.16 M M 8.4 28 270 M M 5 34 270
26 55 37 46 -9 19 0 0.00 M M 6.4 16 330 M M 1 8 21 360
27 56 46 51 -4 14 0 0.00 M M 9.6 21 140 M M 7 28 140
28 63 41 52 -3 13 0 0.86 M M 8.1 25 150 M M 2 18 34 160
29 51 43 47 -8 18 0 0.70 M M 4.5 15 120 M M 8 1 20 120
30 62 38 50 -5 15 0 0.00 M M 0.9 7 340 M M 0 9 270
31 68 42 55 0 10 0 0.00 M M 2.0 9 270 M M 0 12 270
================================================================================
SM 2134 1428 258 29 2.82 M 145.1 M 45
================================================================================
AV 68.8 46.1 4.7 FASTST M M 1 MAX(MPH)
MISC ----> 36 40 47 40
================================================================================
NOTES:
# LAST OF SEVERAL OCCURRENCES
COLUMN 17 PEAK WIND IN M.P.H.
PRELIMINARY LOCAL CLIMATOLOGICAL DATA (WS FORM: F-6) , PAGE 2
STATION: HOLLYWOOD/BURBANK AIRPORT CA
MONTH: JANUARY
YEAR: 2021
LATITUDE: 34 12 N
LONGITUDE: 118 22 W
[TEMPERATURE DATA] [PRECIPITATION DATA] SYMBOLS USED IN COLUMN 16
AVERAGE MONTHLY: 57.5 TOTAL FOR MONTH: 2.82 1 = FOG OR MIST
DPTR FM NORMAL: 2.7 DPTR FM NORMAL: -0.71 2 = FOG REDUCING VISIBILITY
HIGHEST: 92 ON 15 GRTST 24HR 3.71 ON 28-29 TO 1/4 MILE OR LESS
LOWEST: 37 ON 26 3 = THUNDER
SNOW, ICE PELLETS, HAIL 4 = ICE PELLETS
TOTAL MONTH: M 5 = HAIL
GRTST 24HR M ON M 6 = FREEZING RAIN OR DRIZZLE
GRTST DEPTH: M ON M 7 = DUSTSTORM OR SANDSTORM:
VSBY 1/2 MILE OR LESS
8 = SMOKE OR HAZE
[NO. OF DAYS WITH] [WEATHER - DAYS WITH] 9 = BLOWING SNOW
X = TORNADO
MAX 32 OR BELOW: 0 0.01 INCH OR MORE: 4
MAX 90 OR ABOVE: 1 0.10 INCH OR MORE: 4
MIN 32 OR BELOW: 0 0.50 INCH OR MORE: 3
MIN 0 OR BELOW: 0 1.00 INCH OR MORE: 1
[HDD (BASE 65) ]
TOTAL THIS MO. 258 CLEAR (SCALE 0-3) 24
DPTR FM NORMAL -58 PTCLDY (SCALE 4-7) 6
TOTAL FM JUL 1 644 CLOUDY (SCALE 8-10) 1
DPTR FM NORMAL -239
[CDD (BASE 65) ]
TOTAL THIS MO. 29
DPTR FM NORMAL 27 [PRESSURE DATA]
TOTAL FM JAN 1 29 HIGHEST SLP 30.27 ON 12
DPTR FM NORMAL 27 LOWEST SLP 29.63 ON 25
[REMARKS]
#FINAL-01-21#