000
CXUS54 KTSA 010950
CF6BVO
PRELIMINARY LOCAL CLIMATOLOGICAL DATA (WS FORM: F-6)
STATION: BARTLESVILLE OKLAHOMA
MONTH: JANUARY
YEAR: 2022
LATITUDE: 36 45 N
LONGITUDE: 96 0 W
TEMPERATURE IN F: :PCPN: SNOW: WIND :SUNSHINE: SKY :PK WND
================================================================================
1 2 3 4 5 6A 6B 7 8 9 10 11 12 13 14 15 16 17 18
12Z AVG MX 2MIN
DY MAX MIN AVG DEP HDD CDD WTR SNW DPTH SPD SPD DIR MIN PSBL S-S WX SPD DR
================================================================================
1 14 12 13 -21 52 0 T M M 9.8 16 10 M M 9 1 23 10
2 31 12 22 -12 43 0 T M M 5.1 13 350 M M 4 1 24 10
3 49 11 30 -4 35 0 0.00 0.0 M 4.4 14 170 M M 0 18 160
4 56 29 43 9 22 0 0.00 0.0 M 11.8 23 210 M M 0 36 210
5 47 23 35 1 30 0 0.00 0.0 M 9.7 20 20 M M 0 26 360
6 24 15 20 -14 45 0 T M M 11.0 23 10 M M 7 18 32 360
7 34 12 23 -11 42 0 0.00 0.0 M 5.9 15 160 M M 1 21 160
8 52 33 43 9 22 0 0.00 0.0 M 10.0 20 170 M M 10 1 28 180
9 47 17 32 -2 33 0 T 0.0 M 12.6 26 10 M M 2 1 36 20
10 55 13 34 0 31 0 0.00 0.0 M 2.3 12 250 M M 0 17 260
11 63 17 40 6 25 0 0.00 0.0 M 6.9 20 200 M M 0 29 220
12 63 25 44 10 21 0 0.00 0.0 M 4.2 15 220 M M 0 22 220
13 69 25 47 13 18 0 0.00 0.0 M 2.2 14 360 M M 0 20 10
14 56 29 43 9 22 0 0.03 0.0 M 6.0 18 350 M M 2 35 330
15 36 22 29 -5 36 0 T M M 10.2 22 360 M M 10 18 39 350
16 43 21 32 -2 33 0 0.00 0.0 M 3.5 12 220 M M 6 1 16 210
17 57 20 39 5 26 0 0.00 0.0 M 3.4 14 210 M M 0 19 210
18 62 26 44 10 21 0 0.00 0.0 M 3.7 15 170 M M 0 21 170
19 45 19 32 -3 33 0 0.00 0.0 M 18.1 30 10 M M 4 42 360
20 26 8 17 -18 48 0 0.00 0.0 M 9.5 22 20 M M 1 29 10
21 35 3 19 -16 46 0 0.00 0.0 M 1.4 9 150 M M 0 13 120
22 51 12 32 -3 33 0 0.00 0.0 M 2.4 10 220 M M 0 15 220
23 59 24 42 7 23 0 0.00 M M 4.3 14 20 M M 0 23 250
24 67 32 50 15 15 0 0.00 0.0 M 9.5 26 20 M M 0 37 10
25 39 21 30 -5 35 0 0.00 0.0 M 11.3 18 20 M M 5 26 30
26 34 17 26 -9 39 0 0.01 M M 5.1 14 30 M M 10 1 19 30
27 49 19 34 -2 31 0 T M M 2.8 15 20 M M 4 1 22 30
28 46 16 31 -5 34 0 0.00 0.0 M 2.9 13 10 M M 1 20 10
29 66 13 40 4 25 0 0.00 0.0 M 4.3 16 230 M M 0 25 220
30 60 20 40 4 25 0 0.00 0.0 M 1.8 10 40 M M 0 14 40
31 71 16 44 8 21 0 0.00 0.0 M 6.5 23 170 M M 0 33 170
================================================================================
SM 1506 582 965 0 0.04 0.0 202.6 M 76
================================================================================
AV 48.6 18.8 6.5 FASTST M M 2 MAX(MPH)
MISC ----> 30 10 42 360
================================================================================
NOTES:
# LAST OF SEVERAL OCCURRENCES
COLUMN 17 PEAK WIND IN M.P.H.
PRELIMINARY LOCAL CLIMATOLOGICAL DATA (WS FORM: F-6) , PAGE 2
STATION: BARTLESVILLE OKLAHOMA
MONTH: JANUARY
YEAR: 2022
LATITUDE: 36 45 N
LONGITUDE: 96 0 W
[TEMPERATURE DATA] [PRECIPITATION DATA] SYMBOLS USED IN COLUMN 16
AVERAGE MONTHLY: 33.7 TOTAL FOR MONTH: 0.04 1 = FOG OR MIST
DPTR FM NORMAL: -1.0 DPTR FM NORMAL: -1.49 2 = FOG REDUCING VISIBILITY
HIGHEST: 71 ON 31 GRTST 24HR 1.07 ON 1- 1 TO 1/4 MILE OR LESS
LOWEST: 3 ON 21 3 = THUNDER
SNOW, ICE PELLETS, HAIL 4 = ICE PELLETS
TOTAL MONTH: 0.0 INCH 5 = HAIL
GRTST 24HR 0.0 6 = FREEZING RAIN OR DRIZZLE
GRTST DEPTH: M ON M 7 = DUSTSTORM OR SANDSTORM:
VSBY 1/2 MILE OR LESS
8 = SMOKE OR HAZE
[NO. OF DAYS WITH] [WEATHER - DAYS WITH] 9 = BLOWING SNOW
X = TORNADO
MAX 32 OR BELOW: 4 0.01 INCH OR MORE: 2
MAX 90 OR ABOVE: 0 0.10 INCH OR MORE: 0
MIN 32 OR BELOW: 30 0.50 INCH OR MORE: 0
MIN 0 OR BELOW: 0 1.00 INCH OR MORE: 0
[HDD (BASE 65) ]
TOTAL THIS MO. 965 CLEAR (SCALE 0-3) 21
DPTR FM NORMAL 26 PTCLDY (SCALE 4-7) 6
TOTAL FM JUL 1 2131 CLOUDY (SCALE 8-10) 4
DPTR FM NORMAL -466
[CDD (BASE 65) ]
TOTAL THIS MO. 0
DPTR FM NORMAL 0 [PRESSURE DATA]
TOTAL FM JAN 1 0 HIGHEST SLP 30.74 ON 20
DPTR FM NORMAL 0 LOWEST SLP 29.72 ON 4
[REMARKS]
#FINAL-01-22#