000
CXUS51 KLWX 012059
CF6BWI
PRELIMINARY LOCAL CLIMATOLOGICAL DATA (WS FORM: F-6)
STATION: BALTIMORE MD
MONTH: MARCH
YEAR: 2022
LATITUDE: 39 10 N
LONGITUDE: 76 40 W
TEMPERATURE IN F: :PCPN: SNOW: WIND :SUNSHINE: SKY :PK WND
================================================================================
1 2 3 4 5 6A 6B 7 8 9 10 11 12 13 14 15 16 17 18
12Z AVG MX 2MIN
DY MAX MIN AVG DEP HDD CDD WTR SNW DPTH SPD SPD DIR MIN PSBL S-S WX SPD DR
================================================================================
1 55 28 42 2 23 0 0.00 0.0 0 3.2 13 230 M M 6 20 180
2 63 33 48 8 17 0 0.00 0.0 0 4.1 17 300 M M 4 24 280
3 56 34 45 5 20 0 0.00 0.0 0 11.2 22 290 M M 6 32 340
4 46 26 36 -5 29 0 0.00 0.0 0 5.2 13 40 M M 3 19 50
5 57 30 44 3 21 0 0.00 0.0 0 5.6 18 110 M M 8 25 110
6 78 41 60 19 5 0 0.12 0.0 0 8.2 18 250 M M 9 138 29 190
7 79 51 65 23 0 0 T 0.0 0 15.3 35 310 M M 8 48 220
8 53 43 48 6 17 0 0.00 0.0 0 10.4 30 300 M M 8 41 280
9 45 36 41 -1 24 0 0.55 0.0 0 6.6 16 100 M M 10 1 23 100
10 50 30 40 -2 25 0 0.00 0.0 0 3.8 12 110 M M 7 1 21 10
11 60 31 46 3 19 0 0.00 0.0 0 4.7 16 140 M M 3 1 24 150
12 49 23 36 -7 29 0 0.69 0.4 0 14.6 30 280 M M 8 18 44 310
13 42 20 31 -12 34 0 0.00 0.0 0 9.2 23 290 M M 5 35 270
14 63 26 45 1 20 0 0.00 0.0 0 4.5 15 130 M M 3 21 110
15 73 33 53 9 12 0 0.00 0.0 0 3.2 15 240 M M 3 22 230
16 72 40 56 12 9 0 0.00 0.0 0 5.0 17 110 M M 6 24 120
17 60 48 54 10 11 0 0.38 0.0 0 4.4 9 340 M M 9 1 18 350
18 76 44 60 15 5 0 0.00 0.0 0 6.6 21 140 M M 5 12 36 130
19 77 50 64 19 1 0 0.00 0.0 0 8.2 23 220 M M 5 1 38 230
20 60 47 54 8 11 0 0.00 0.0 0 13.6 29 290 M M 6 43 300
21 69 39 54 8 11 0 0.00 0.0 0 7.9 22 280 M M 1 30 270
22 67 43 55 9 10 0 0.00 0.0 0 5.0 12 70 M M 7 21 20
23 52 47 50 4 15 0 0.59 0.0 0 13.3 20 80 M M 9 13 25 70
24 54 49 52 5 13 0 0.05 0.0 0 5.8 16 60 M M 10 123 20 310
25 62 42 52 5 13 0 0.00 0.0 0 8.9 25 290 M M 7 1 36 290
26 54 40 47 -1 18 0 T 0.0 0 15.0 31 290 M M 7 44 310
27 45 31 38 -10 27 0 T T 0 17.0 32 280 M M 6 43 290
28 38 26 32 -16 33 0 T T 0 15.4 33 280 M M 5 50 300
29 47 22 35 -14 30 0 0.00 0.0 0 8.5 21 290 M M 2 28 300
30 56 28 42 -7 23 0 0.00 0.0 0 7.0 17 140 M M 8 27 120
31 75 48 62 13 3 0 0.75 0.0 0 9.1 29 200 M M 9 123 44 210
================================================================================
SM 1833 1129 528 0 3.13 0.4 260.5 M 193
================================================================================
AV 59.1 36.4 8.4 FASTST M M 6 MAX(MPH)
MISC ----> 35 310 50 300
================================================================================
NOTES:
# LAST OF SEVERAL OCCURRENCES
COLUMN 17 PEAK WIND IN M.P.H.
PRELIMINARY LOCAL CLIMATOLOGICAL DATA (WS FORM: F-6) , PAGE 2
STATION: BALTIMORE MD
MONTH: MARCH
YEAR: 2022
LATITUDE: 39 10 N
LONGITUDE: 76 40 W
[TEMPERATURE DATA] [PRECIPITATION DATA] SYMBOLS USED IN COLUMN 16
AVERAGE MONTHLY: 47.8 TOTAL FOR MONTH: 3.13 1 = FOG OR MIST
DPTR FM NORMAL: 3.5 DPTR FM NORMAL: -0.88 2 = FOG REDUCING VISIBILITY
HIGHEST: 79 ON 7 GRTST 24HR 0.75 ON 31-31 TO 1/4 MILE OR LESS
LOWEST: 20 ON 13 3 = THUNDER
SNOW, ICE PELLETS, HAIL 4 = ICE PELLETS
TOTAL MONTH: 0.4 INCH 5 = HAIL
GRTST 24HR 0.4 ON 12-12 6 = FREEZING RAIN OR DRIZZLE
GRTST DEPTH: 0 7 = DUSTSTORM OR SANDSTORM:
VSBY 1/2 MILE OR LESS
8 = SMOKE OR HAZE
[NO. OF DAYS WITH] [WEATHER - DAYS WITH] 9 = BLOWING SNOW
X = TORNADO
MAX 32 OR BELOW: 0 0.01 INCH OR MORE: 7
MAX 90 OR ABOVE: 0 0.10 INCH OR MORE: 6
MIN 32 OR BELOW: 12 0.50 INCH OR MORE: 4
MIN 0 OR BELOW: 0 1.00 INCH OR MORE: 0
[HDD (BASE 65) ]
TOTAL THIS MO. 528 CLEAR (SCALE 0-3) 6
DPTR FM NORMAL -114 PTCLDY (SCALE 4-7) 17
TOTAL FM JUL 1 3487 CLOUDY (SCALE 8-10) 8
DPTR FM NORMAL -561
[CDD (BASE 65) ]
TOTAL THIS MO. 0
DPTR FM NORMAL -2 [PRESSURE DATA]
TOTAL FM JAN 1 0 HIGHEST SLP 30.61 ON 4
DPTR FM NORMAL -2 LOWEST SLP 29.42 ON 12
[REMARKS]
#FINAL-03-22#