230
CXUS55 KRIW 011110
CF6BYG
PRELIMINARY LOCAL CLIMATOLOGICAL DATA (WS FORM: F-6)
STATION: BUFFALO WY
MONTH: OCTOBER
YEAR: 2020
LATITUDE: 44 22 N
LONGITUDE: 106 43 W
TEMPERATURE IN F: :PCPN: SNOW: WIND :SUNSHINE: SKY :PK WND
================================================================================
1 2 3 4 5 6A 6B 7 8 9 10 11 12 13 14 15 16 17 18
12Z AVG MX 2MIN
DY MAX MIN AVG DEP HDD CDD WTR SNW DPTH SPD SPD DIR MIN PSBL S-S WX SPD DR
================================================================================
1 66 35 51 0 14 0 0.00 M M 6.2 14 150 M M 2 18 160
2 70 45 58 8 7 0 0.00 M M 13.7 36 350 M M 1 49 360
3 68 40 54 4 11 0 0.00 M M 9.6 26 350 M M 1 36 360
4 80 44 62 12 3 0 0.00 M M 7.4 15 150 M M 0 20 140
5 70 50 60 11 5 0 0.00 M M 12.3 32 350 M M 0 44 340
6 81 50 66 17 0 1 0.00 M M 6.1 14 150 M M 0 19 140
7 80 52 66 17 0 1 0.00 M M 8.2 16 140 M M 0 23 110
8 83 48 66 18 0 1 0.00 M M 5.4 14 170 M M 0 16 170
9 73 53 63 15 2 0 0.00 M M 10.9 25 320 M M 0 37 310
10 84 46 65 17 0 0 0.00 M M 11.0 30 250 M M 0 49 200
11 71 35 53 6 12 0 0.03 M M 16.0 37 230 M M 4 1 58 340
12 67 31 49 2 16 0 T M M 11.0 40 260 M M 2 56 260
13 66 32 49 2 16 0 T M M 9.7 38 330 M M 1 53 350
14 53 32 43 -3 22 0 0.05 M M 16.5 41 340 M M 6 1 57 340
15 44 28 36 -10 29 0 0.01 M M 10.0 30 330 M M 6 8 43 310
16 56 25 41 -5 24 0 0.06 M M 8.8 41 310 M M 6 60 320
17 50 24 37 -9 28 0 0.45 M M 10.9 35 320 M M 10 12 51 320
18 40 20 30 -15 35 0 0.06 M M 6.1 16 240 M M 10 12 21 260
19 44 25 35 -10 30 0 0.06 M M 7.8 24 330 M M 9 126 33 340
20 44 35 40 -5 25 0 0.18 M M 9.7 35 320 M M 9 12 60 330
21 42 33 38 -6 27 0 0.03 M M 7.7 17 320 M M 10 12 25 330
22 33 15 24 -20 41 0 0.08 M M 20.3 35 340 M M 10 1 50 330
23 26 6 16 -28 49 0 T M M 6.3 12 150 M M 4 16 160
24 24 10 17 -27 48 0 0.01 M M 17.4 33 350 M M 10 12 48 330
25 11 -3 4 -39 61 0 T M M 10.3 22 330 M M 8 31 340
26 29 2 16 -27 49 0 0.00 M M 4.1 9 250 M M 3 11 200
27 48 17 33 -10 32 0 0.00 M M 5.8 14 180 M M 0 18 330
28 49 36 43 1 22 0 0.00 M M 5.8 16 200 M M 2 24 190
29 63 36 50 8 15 0 0.00 M M 6.1 13 150 M M 1 17 150
30 72 36 54 12 11 0 0.00 M M 9.2 32 350 M M 0 44 350
31 48 31 40 -1 25 0 0.00 M M 12.4 35 350 M M 3 48 350
================================================================================
SM 1735 969 659 3 1.02 M 302.7 M 118
================================================================================
AV 56.0 31.3 9.8 FASTST M M 4 MAX(MPH)
MISC ----> # 41 340 # 60 320
================================================================================
NOTES:
# LAST OF SEVERAL OCCURRENCES
COLUMN 17 PEAK WIND IN M.P.H.
PRELIMINARY LOCAL CLIMATOLOGICAL DATA (WS FORM: F-6) , PAGE 2
STATION: BUFFALO WY
MONTH: OCTOBER
YEAR: 2020
LATITUDE: 44 22 N
LONGITUDE: 106 43 W
[TEMPERATURE DATA] [PRECIPITATION DATA] SYMBOLS USED IN COLUMN 16
AVERAGE MONTHLY: 43.6 TOTAL FOR MONTH: 1.02 1 = FOG OR MIST
DPTR FM NORMAL: -2.4 DPTR FM NORMAL: 0.09 2 = FOG REDUCING VISIBILITY
HIGHEST: 84 ON 10 GRTST 24HR 0.47 ON 17-18 TO 1/4 MILE OR LESS
LOWEST: -3 ON 25 3 = THUNDER
SNOW, ICE PELLETS, HAIL 4 = ICE PELLETS
TOTAL MONTH: M 5 = HAIL
GRTST 24HR M ON M 6 = FREEZING RAIN OR DRIZZLE
GRTST DEPTH: M ON M 7 = DUSTSTORM OR SANDSTORM:
VSBY 1/2 MILE OR LESS
8 = SMOKE OR HAZE
[NO. OF DAYS WITH] [WEATHER - DAYS WITH] 9 = BLOWING SNOW
X = TORNADO
MAX 32 OR BELOW: 4 0.01 INCH OR MORE: 11
MAX 90 OR ABOVE: 0 0.10 INCH OR MORE: 2
MIN 32 OR BELOW: 15 0.50 INCH OR MORE: 0
MIN 0 OR BELOW: 1 1.00 INCH OR MORE: 0
[HDD (BASE 65) ]
TOTAL THIS MO. 659 CLEAR (SCALE 0-3) 18
DPTR FM NORMAL 67 PTCLDY (SCALE 4-7) 6
TOTAL FM JUL 1 851 CLOUDY (SCALE 8-10) 7
DPTR FM NORMAL -55
[CDD (BASE 65) ]
TOTAL THIS MO. 3
DPTR FM NORMAL 2 [PRESSURE DATA]
TOTAL FM JAN 1 711 HIGHEST SLP 30.60 ON 25
DPTR FM NORMAL 219 LOWEST SLP 29.32 ON 11
[REMARKS]
#FINAL-10-20#