000
CXUS54 KHGX 251619
CF6BYY
PRELIMINARY LOCAL CLIMATOLOGICAL DATA (WS FORM: F-6)
STATION: Bay City
MONTH: JUNE
YEAR: 2020
LATITUDE: 28 58 N
LONGITUDE: 95 52 W
TEMPERATURE IN F: :PCPN: SNOW: WIND :SUNSHINE: SKY :PK WND
================================================================================
1 2 3 4 5 6A 6B 7 8 9 10 11 12 13 14 15 16 17 18
12Z AVG MX 2MIN
DY MAX MIN AVG DEP HDD CDD WTR SNW DPTH SPD SPD DIR MIN PSBL S-S WX SPD DR
================================================================================
1 0 0 0 M 65 0 0.01 0.0 0 0.0 0 0 M M 4 0 0
2 91 73 82 M 0 17 0.00 0.0 0 5.1 14 100 M M 0 1 17 100
3 90 74 82 M 0 17 0.35 0.0 0 2.7 9 150 M M 3 1 M M
4 90 73 82 M 0 17 0.00 0.0 0 3.3 9 160 M M 2 1 16 180
5 92 74 83 M 0 18 0.00 0.0 0 2.7 9 120 M M 3 M M
6 95 73 84 M 0 19 0.08 0.0 0 4.7 12 50 M M 3 17 50
7 95 75 85 M 0 20 0.00 0.0 0 4.6 12 330 M M 3 16 360
8 95 77 86 M 0 21 0.00 0.0 0 7.7 15 200 M M 2 17 260
9 93 80 87 M 0 22 0.00 0.0 0 7.7 14 190 M M 4 1 17 190
10 93 72 83 M 0 18 0.00 0.0 0 4.9 16 30 M M 3 1 20 30
11 92 67 80 M 0 15 0.00 0.0 0 4.2 12 50 M M 0 M M
12 91 68 80 M 0 15 0.00 0.0 0 5.6 12 70 M M 0 17 40
13 92 68 80 M 0 15 0.00 0.0 0 6.5 13 80 M M 0 21 50
14 92 68 80 M 0 15 0.00 0.0 0 6.2 15 110 M M 1 21 110
15 93 74 84 M 0 19 0.00 0.0 0 6.4 16 100 M M 3 1 22 100
16 93 70 82 M 0 17 0.00 0.0 0 5.2 12 130 M M 0 1 16 130
17 92 69 81 M 0 16 0.00 0.0 0 4.8 10 130 M M 0 1 M M
18 91 70 81 M 0 16 0.00 0.0 0 6.8 14 180 M M 2 17 180
19 91 75 83 M 0 18 0.18 0.0 0 7.3 15 150 M M 5 29 170
20 92 77 85 M 0 20 0.04 0.0 0 6.0 15 180 M M 4 20 180
21 92 77 85 M 0 20 T 0.0 0 8.0 14 170 M M 4 17 170
22 89 74 82 M 0 17 0.07 0.0 0 8.8 18 180 M M 4 24 200
23 89 74 82 M 0 17 0.42 0.0 0 6.4 18 150 M M 3 27 320
24 86 74 80 M 0 15 3.67 0.0 0 5.7 12 60 M M 6 21 60
25 89 76 83 M 0 18 0.53 0.0 0 6.7 15 190 M M 6 1 27 170
26 87 81 84 M 0 19 0.00 0.0 0 6.8 13 160 M M 10 18 17 160
27 89 81 85 M 0 20 0.00 0.0 0 7.7 14 170 M M 6 1 17 160
28 90 82 86 M 0 21 0.00 0.0 0 11.1 20 160 M M 7 24 160
29 91 83 87 M 0 22 0.00 0.0 0 13.6 21 160 M M 8 27 160
30 91 82 87 M 0 22 0.00 0.0 0 11.3 16 180 M M 8 21 170
================================================================================
SM 2646 2161 65 526 5.35 0.0 188.5 M 104
================================================================================
AV 88.2 72.0 6.3 FASTST M M 3 MAX(MPH)
MISC ----> 21 160 29 170
================================================================================
NOTES:
# LAST OF SEVERAL OCCURRENCES
COLUMN 17 PEAK WIND IN M.P.H.
PRELIMINARY LOCAL CLIMATOLOGICAL DATA (WS FORM: F-6) , PAGE 2
STATION: Bay City
MONTH: JUNE
YEAR: 2020
LATITUDE: 28 58 N
LONGITUDE: 95 52 W
[TEMPERATURE DATA] [PRECIPITATION DATA] SYMBOLS USED IN COLUMN 16
AVERAGE MONTHLY: 80.1 TOTAL FOR MONTH: 5.35 1 = FOG OR MIST
DPTR FM NORMAL: 0.0 DPTR FM NORMAL: M 2 = FOG REDUCING VISIBILITY
HIGHEST: 95 ON 8, 7 GRTST 24HR 3.67 ON 24-24 TO 1/4 MILE OR LESS
LOWEST: 0 ON 1 3 = THUNDER
SNOW, ICE PELLETS, HAIL 4 = ICE PELLETS
TOTAL MONTH: 0.0 INCH 5 = HAIL
GRTST 24HR 0.0 6 = FREEZING RAIN OR DRIZZLE
GRTST DEPTH: 0 7 = DUSTSTORM OR SANDSTORM:
VSBY 1/2 MILE OR LESS
8 = SMOKE OR HAZE
[NO. OF DAYS WITH] [WEATHER - DAYS WITH] 9 = BLOWING SNOW
X = TORNADO
MAX 32 OR BELOW: 1 0.01 INCH OR MORE: 9
MAX 90 OR ABOVE: 23 0.10 INCH OR MORE: 5
MIN 32 OR BELOW: 1 0.50 INCH OR MORE: 2
MIN 0 OR BELOW: 1 1.00 INCH OR MORE: 1
[HDD (BASE 65) ]
TOTAL THIS MO. 65 CLEAR (SCALE 0-3) 16
DPTR FM NORMAL M PTCLDY (SCALE 4-7) 13
TOTAL FM JUL 1 821 CLOUDY (SCALE 8-10) 1
DPTR FM NORMAL M
[CDD (BASE 65) ]
TOTAL THIS MO. 526
DPTR FM NORMAL M [PRESSURE DATA]
TOTAL FM JAN 1 1551 HIGHEST SLP M ON M
DPTR FM NORMAL M LOWEST SLP M ON M
[REMARKS]
#FINAL-06-20#