000
CXUS55 KBOU 011000
CF6CCU
PRELIMINARY LOCAL CLIMATOLOGICAL DATA (WS FORM: F-6)
STATION: COPPER MTN/RED CLIFF
MONTH: JANUARY
YEAR: 2024
LATITUDE: 39 28 N
LONGITUDE: 106 9 W
TEMPERATURE IN F: :PCPN: SNOW: WIND :SUNSHINE: SKY :PK WND
================================================================================
1 2 3 4 5 6A 6B 7 8 9 10 11 12 13 14 15 16 17 18
12Z AVG MX 2MIN
DY MAX MIN AVG DEP HDD CDD WTR SNW DPTH SPD SPD DIR MIN PSBL S-S WX SPD DR
================================================================================
1 27 21 24 M 41 0 M M M 4.5 14 290 M M 3 8 17 310
2 28 19 24 M 41 0 M M M 4.7 13 280 M M 0 18 300
3 28 19 24 M 41 0 M M M 7.3 14 150 M M 1 9 0
4 27 14 21 M 44 0 M M M 3.8 9 300 M M 10 8 16 80
5 14 9 12 M 53 0 M M M 12.7 17 290 M M 10 8 29 290
6 10 5 8 M 57 0 M M M 11.5 20 180 M M 7 8 26 180
7 16 9 13 M 52 0 M M M 9.6 21 170 M M 6 8 22 230
8 9 0 5 M 60 0 M M M 11.3 21 290 M M 9 8 30 290
9 18 -4 7 M 58 0 M M M 16.6 32 260 M M 8 45 270
10 14 3 9 M 56 0 M M M 19.8 41 280 M M 10 8 58 270
11 12 -4 4 M 61 0 M M M 13.5 22 160 M M 10 8 32 230
12 10 -4 3 M 62 0 M M M 30.2 47 260 M M 10 66 260
13 16 5 11 M 54 0 M M M 38.3 53 270 M M 9 8 79 270
14 21 14 18 M 47 0 M M M 17.9 36 280 M M 10 45 280
15 14 -6 4 M 61 0 M M M 27.3 40 260 M M 10 58 280
16 14 0 7 M 58 0 M M M 23.6 36 280 M M 4 8 48 270
17 25 12 19 M 46 0 M M M 16.4 30 280 M M 7 44 280
18 23 18 21 M 44 0 M M M 18.6 35 280 M M 9 8 51 270
19 27 19 23 M 42 0 M M M 13.2 21 270 M M 8 18 29 280
20 34 25 30 M 35 0 M M M 7.2 12 250 M M 4 20 220
21 28 23 26 M 39 0 M M M 4.7 12 240 M M 10 20 190
22 27 23 25 M 40 0 M M M 4.2 10 160 M M 9 18 M M
23 30 19 25 M 40 0 M M M 4.9 13 170 M M 5 18 150
24 25 19 22 M 43 0 M M M 5.6 14 240 M M 9 8 18 240
25 25 18 22 M 43 0 M M M 4.5 12 260 M M 9 20 240
26 19 16 18 M 47 0 M M M 5.2 13 270 M M 10 8 17 270
27 27 10 19 M 46 0 M M M 9.0 20 290 M M 2 8 24 270
28 36 21 29 M 36 0 M M M 8.5 14 300 M M 2 1 16 260
29 34 25 30 M 35 0 M M M 4.9 16 270 M M 5 18 16 300
30 37 28 33 M 32 0 M M M 2.7 10 190 M M 0 M M
31 37 25 31 M 34 0 M M M 6.2 17 290 M M 2 M M
================================================================================
SM 712 401 1448 0 M M 368.5 M 208
================================================================================
AV 23.0 12.9 11.9 FASTST M M 7 MAX(MPH)
MISC ----> 53 270 79 270
================================================================================
NOTES:
# LAST OF SEVERAL OCCURRENCES
COLUMN 17 PEAK WIND IN M.P.H.
PRELIMINARY LOCAL CLIMATOLOGICAL DATA (WS FORM: F-6) , PAGE 2
STATION: COPPER MTN/RED CLIFF
MONTH: JANUARY
YEAR: 2024
LATITUDE: 39 28 N
LONGITUDE: 106 9 W
[TEMPERATURE DATA] [PRECIPITATION DATA] SYMBOLS USED IN COLUMN 16
AVERAGE MONTHLY: 18.0 TOTAL FOR MONTH: M 1 = FOG OR MIST
DPTR FM NORMAL: 0.0 DPTR FM NORMAL: M 2 = FOG REDUCING VISIBILITY
HIGHEST: 37 ON 30,31 GRTST 24HR 0.03 ON 8- 8 TO 1/4 MILE OR LESS
LOWEST: -6 ON 15 3 = THUNDER
SNOW, ICE PELLETS, HAIL 4 = ICE PELLETS
TOTAL MONTH: M 5 = HAIL
GRTST 24HR M ON M 6 = FREEZING RAIN OR DRIZZLE
GRTST DEPTH: M ON M 7 = DUSTSTORM OR SANDSTORM:
VSBY 1/2 MILE OR LESS
8 = SMOKE OR HAZE
[NO. OF DAYS WITH] [WEATHER - DAYS WITH] 9 = BLOWING SNOW
X = TORNADO
MAX 32 OR BELOW: 26 0.01 INCH OR MORE: 0
MAX 90 OR ABOVE: 0 0.10 INCH OR MORE: 0
MIN 32 OR BELOW: 31 0.50 INCH OR MORE: 0
MIN 0 OR BELOW: 6 1.00 INCH OR MORE: 0
[HDD (BASE 65) ]
TOTAL THIS MO. 1448 CLEAR (SCALE 0-3) 6
DPTR FM NORMAL M PTCLDY (SCALE 4-7) 9
TOTAL FM JUL 1 5474 CLOUDY (SCALE 8-10) 16
DPTR FM NORMAL M
[CDD (BASE 65) ]
TOTAL THIS MO. 0
DPTR FM NORMAL M [PRESSURE DATA]
TOTAL FM JAN 1 0 HIGHEST SLP M ON M
DPTR FM NORMAL M LOWEST SLP M ON M
[REMARKS]
#FINAL-01-24#