000
CXUS53 KARX 011535
CF6CCY
PRELIMINARY LOCAL CLIMATOLOGICAL DATA (WS FORM: F-6)
STATION: CHARLES_CITY IA
MONTH: OCTOBER
YEAR: 2023
LATITUDE: 43 4 N
LONGITUDE: 92 37 W
TEMPERATURE IN F: :PCPN: SNOW: WIND :SUNSHINE: SKY :PK WND
================================================================================
1 2 3 4 5 6A 6B 7 8 9 10 11 12 13 14 15 16 17 18
12Z AVG MX 2MIN
DY MAX MIN AVG DEP HDD CDD WTR SNW DPTH SPD SPD DIR MIN PSBL S-S WX SPD DR
================================================================================
1 91 64 78 23 0 13 0.00 0.0 0 9.6 15 200 M M 0 24 200
2 88 61 75 20 0 10 0.00 0.0 0 8.2 12 180 M M 0 17 170
3 86 63 75 20 0 10 0.04 0.0 0 11.7 21 200 M M 4 29 200
4 73 48 61 7 4 0 0.03 0.0 0 10.4 17 270 M M 5 25 270
5 70 46 58 4 7 0 0.00 0.0 0 10.7 24 290 M M 1 36 290
6 54 39 47 -7 18 0 0.04 0.0 0 13.9 25 300 M M 5 36 310
7 57 37 47 -6 18 0 0.00 0.0 0 7.7 13 320 M M 7 21 300
8 64 43 54 1 11 0 0.00 0.0 0 5.5 9 20 M M 7 15 340
9 57 34 46 -6 19 0 0.00 0.0 0 8.4 16 310 M M 1 23 310
10 59 30 45 -7 20 0 0.00 0.0 0 6.6 14 290 M M 0 20 310
11 63 30 47 -5 18 0 0.00 0.0 0 6.4 13 100 M M 5 20 100
12 52 46 49 -2 16 0 0.70 0.0 0 18.6 27 80 M M 10 1 37 80
13 55 48 52 1 13 0 0.18 0.0 0 19.0 28 100 M M 10 1 37 100
14 57 46 52 2 13 0 0.01 0.0 0 11.9 18 20 M M 10 1 24 20
15 52 39 46 -4 19 0 0.00 0.0 0 9.4 16 340 M M 5 27 340
16 57 36 47 -3 18 0 0.00 0.0 0 6.5 14 330 M M 1 21 350
17 66 34 50 1 15 0 0.00 0.0 0 5.2 13 220 M M 1 1 18 220
18 68 45 57 8 8 0 T 0.0 0 9.9 15 250 M M 3 24 180
19 57 43 50 1 15 0 T 0.0 0 8.8 18 290 M M 7 18 21 310
20 68 39 54 6 11 0 0.00 0.0 0 7.0 15 300 M M 1 1 21 300
21 64 39 52 4 13 0 0.00 0.0 0 15.4 29 330 M M 1 38 330
22 59 34 47 -1 18 0 M 0.0 0 7.5 12 140 M M 2 1 18 140
23 73 46 60 13 5 0 0.39 0.0 0 12.6 20 170 M M 5 27 140
24 77 63 70 23 0 5 0.00 0.0 0 15.5 25 200 M M 7 32 220
25 64 57 61 15 4 0 0.00 0.0 0 7.2 14 200 M M 10 1 21 200
26 68 61 65 19 0 0 0.09 0.0 0 8.4 14 190 M M 10 12 22 200
27 64 32 48 2 17 0 T 0.0 0 18.2 27 300 M M 10 1 32 320
28 32 28 30 -15 35 0 M M 0 10.9 17 330 M M 9 22 340
29 36 27 32 -13 33 0 0.00 0.0 M 9.6 14 350 M M 6 20 350
30 37 19 28 -16 37 0 0.00 0.0 0 10.4 17 210 M M 3 23 210
31 37 23 30 -14 35 0 M M M 19.4 32 300 M M 8 41 310
================================================================================
SM 1905 1300 440 38 1.48 0.0 330.5 M 154
================================================================================
AV 61.5 41.9 10.7 FASTST M M 5 MAX(MPH)
MISC ----> 32 300 41 310
================================================================================
NOTES:
# LAST OF SEVERAL OCCURRENCES
COLUMN 17 PEAK WIND IN M.P.H.
PRELIMINARY LOCAL CLIMATOLOGICAL DATA (WS FORM: F-6) , PAGE 2
STATION: CHARLES_CITY IA
MONTH: OCTOBER
YEAR: 2023
LATITUDE: 43 4 N
LONGITUDE: 92 37 W
[TEMPERATURE DATA] [PRECIPITATION DATA] SYMBOLS USED IN COLUMN 16
AVERAGE MONTHLY: 51.7 TOTAL FOR MONTH: 1.48 1 = FOG OR MIST
DPTR FM NORMAL: 2.0 DPTR FM NORMAL: -0.87 2 = FOG REDUCING VISIBILITY
HIGHEST: 91 ON 1 GRTST 24HR 0.70 ON 12-12 TO 1/4 MILE OR LESS
LOWEST: 19 ON 30 3 = THUNDER
SNOW, ICE PELLETS, HAIL 4 = ICE PELLETS
TOTAL MONTH: 0.0 INCH 5 = HAIL
GRTST 24HR 0.0 6 = FREEZING RAIN OR DRIZZLE
GRTST DEPTH: 0 7 = DUSTSTORM OR SANDSTORM:
VSBY 1/2 MILE OR LESS
8 = SMOKE OR HAZE
[NO. OF DAYS WITH] [WEATHER - DAYS WITH] 9 = BLOWING SNOW
X = TORNADO
MAX 32 OR BELOW: 1 0.01 INCH OR MORE: 8
MAX 90 OR ABOVE: 1 0.10 INCH OR MORE: 3
MIN 32 OR BELOW: 7 0.50 INCH OR MORE: 1
MIN 0 OR BELOW: 0 1.00 INCH OR MORE: 0
[HDD (BASE 65) ]
TOTAL THIS MO. 440 CLEAR (SCALE 0-3) 11
DPTR FM NORMAL -40 PTCLDY (SCALE 4-7) 13
TOTAL FM JUL 1 499 CLOUDY (SCALE 8-10) 7
DPTR FM NORMAL -162
[CDD (BASE 65) ]
TOTAL THIS MO. 38
DPTR FM NORMAL 32 [PRESSURE DATA]
TOTAL FM JAN 1 788 HIGHEST SLP M ON M
DPTR FM NORMAL 122 LOWEST SLP M ON M
[REMARKS]
#FINAL-10-23#