000
CXAK56 PAFC 010921
CF6CDB
PRELIMINARY LOCAL CLIMATOLOGICAL DATA (WS FORM: F-6)
STATION: COLD BAY
MONTH: APRIL
YEAR: 2021
LATITUDE: 55 13 N
LONGITUDE: 162 44 W
TEMPERATURE IN F: :PCPN: SNOW: WIND :SUNSHINE: SKY :PK WND
================================================================================
1 2 3 4 5 6A 6B 7 8 9 10 11 12 13 14 15 16 17 18
12Z AVG MX 2MIN
DY MAX MIN AVG DEP HDD CDD WTR SNW DPTH SPD SPD DIR MIN PSBL S-S WX SPD DR
================================================================================
1 32 22 27 -4 38 0 0.00 M M 13.8 24 330 M M 7 29 330
2 41 25 33 2 32 0 0.03 M M 17.3 30 280 M M 10 18 38 280
3 48 31 40 8 25 0 T M M 15.4 38 150 M M 2 1 53 150
4 43 31 37 5 28 0 0.24 M M 12.4 25 220 M M 10 1 31 230
5 41 24 33 1 32 0 T M M 7.3 20 240 M M 8 28 230
6 42 36 39 7 26 0 0.14 M M 21.3 30 270 M M 10 1 36 270
7 50 35 43 11 22 0 0.09 M M 25.9 46 270 M M 9 18 57 250
8 36 19 28 -4 37 0 T M M 19.0 41 280 M M 7 1 51 270
9 40 20 30 -3 35 0 0.22 M M 20.8 40 160 M M 9 128 50 160
10 42 34 38 5 27 0 0.83 M M 23.1 40 140 M M 7 1 51 140
11 50 34 42 9 23 0 0.15 M M 13.6 35 150 M M 9 1 41 150
12 44 31 38 5 27 0 0.03 M M 13.2 26 160 M M 7 1 36 170
13 39 30 35 2 30 0 0.01 M M 7.4 17 250 M M 9 1 19 250
14 40 28 34 0 31 0 0.07 M M 16.4 28 330 M M 8 18 36 310
15 35 30 33 -1 32 0 0.06 M M 19.7 28 330 M M 9 18 33 330
16 43 30 37 3 28 0 T M M 13.2 25 340 M M 6 1 30 360
17 47 31 39 5 26 0 0.00 M M 6.9 13 340 M M 9 17 320
18 44 34 39 5 26 0 0.04 M M 12.6 23 350 M M 10 1 28 360
19 53 37 45 10 20 0 0.09 M M 13.6 29 360 M M 7 37 360
20 48 40 44 9 21 0 T M M 18.6 36 120 M M 8 8 41 80
21 46 41 44 9 21 0 0.33 M M 22.7 47 120 M M 10 1 56 80
22 45 40 43 8 22 0 T M M 17.0 41 120 M M 10 12 51 120
23 48 39 44 8 21 0 T M M 19.5 35 120 M M 7 40 120
24 44 39 42 6 23 0 T M M 29.3 43 130 M M 10 56 140
25 42 39 41 5 24 0 0.18 M M 15.4 28 150 M M 10 1 33 150
26 48 37 43 7 22 0 0.18 M M 6.3 13 360 M M 10 12 16 350
27 55 36 46 10 19 0 T M M 13.2 22 350 M M 8 26 350
28 54 34 44 7 21 0 0.00 M M 12.4 23 330 M M 1 26 320
29 40 32 36 -1 29 0 T M M 12.8 21 340 M M 10 1 27 360
30 45 32 39 2 26 0 T M M 8.9 16 160 M M 9 1 22 160
================================================================================
SM 1325 971 794 0 2.69 M 469.0 M 246
================================================================================
AV 44.2 32.4 15.6 FASTST M M 8 MAX(MPH)
MISC ----> 47 120 57 250
================================================================================
NOTES:
# LAST OF SEVERAL OCCURRENCES
COLUMN 17 PEAK WIND IN M.P.H.
PRELIMINARY LOCAL CLIMATOLOGICAL DATA (WS FORM: F-6) , PAGE 2
STATION: COLD BAY
MONTH: APRIL
YEAR: 2021
LATITUDE: 55 13 N
LONGITUDE: 162 44 W
[TEMPERATURE DATA] [PRECIPITATION DATA] SYMBOLS USED IN COLUMN 16
AVERAGE MONTHLY: 38.3 TOTAL FOR MONTH: 2.69 1 = FOG OR MIST
DPTR FM NORMAL: 4.3 DPTR FM NORMAL: 0.27 2 = FOG REDUCING VISIBILITY
HIGHEST: 55 ON 27 GRTST 24HR 0.94 ON 10-11 TO 1/4 MILE OR LESS
LOWEST: 19 ON 8 3 = THUNDER
SNOW, ICE PELLETS, HAIL 4 = ICE PELLETS
TOTAL MONTH: M 5 = HAIL
GRTST 24HR M ON M 6 = FREEZING RAIN OR DRIZZLE
GRTST DEPTH: M ON M 7 = DUSTSTORM OR SANDSTORM:
VSBY 1/2 MILE OR LESS
8 = SMOKE OR HAZE
[NO. OF DAYS WITH] [WEATHER - DAYS WITH] 9 = BLOWING SNOW
X = TORNADO
MAX 32 OR BELOW: 1 0.01 INCH OR MORE: 16
MAX 90 OR ABOVE: 0 0.10 INCH OR MORE: 8
MIN 32 OR BELOW: 15 0.50 INCH OR MORE: 1
MIN 0 OR BELOW: 0 1.00 INCH OR MORE: 0
[HDD (BASE 65) ]
TOTAL THIS MO. 794 CLEAR (SCALE 0-3) 2
DPTR FM NORMAL -136 PTCLDY (SCALE 4-7) 10
TOTAL FM JUL 1 7546 CLOUDY (SCALE 8-10) 18
DPTR FM NORMAL -684
[CDD (BASE 65) ]
TOTAL THIS MO. 0
DPTR FM NORMAL 0 [PRESSURE DATA]
TOTAL FM JAN 1 0 HIGHEST SLP M ON M
DPTR FM NORMAL 0 LOWEST SLP 29.16 ON 26
[REMARKS]
#FINAL-04-21#