000
CXUS55 KCYS 011815
CF6CDR
PRELIMINARY LOCAL CLIMATOLOGICAL DATA (WS FORM: F-6)
STATION: CHADRON NEBRASKA AIRPORT
MONTH: NOVEMBER
YEAR: 2023
LATITUDE: 42 50 N
LONGITUDE: 103 6 W
TEMPERATURE IN F: :PCPN: SNOW: WIND :SUNSHINE: SKY :PK WND
================================================================================
1 2 3 4 5 6A 6B 7 8 9 10 11 12 13 14 15 16 17 18
12Z AVG MX 2MIN
DY MAX MIN AVG DEP HDD CDD WTR SNW DPTH SPD SPD DIR MIN PSBL S-S WX SPD DR
================================================================================
1 58 20 39 -2 26 0 0.00 M M 4.6 12 260 M M 0 14 260
2 68 18 43 2 22 0 0.00 M M 5.9 15 230 M M 0 21 230
3 62 35 49 9 16 0 T M M 5.7 21 280 M M 6 29 260
4 65 32 49 9 16 0 T M M 6.4 14 160 M M 2 20 230
5 77 38 58 18 7 0 0.00 M M 13.1 39 280 M M 0 51 280
6 69 31 50 11 15 0 0.00 M M 3.9 15 220 M M 1 8 20 220
7 65 32 49 10 16 0 0.00 M M 5.4 15 280 M M 1 19 310
8 54 21 38 0 27 0 T M M 8.5 25 290 M M 4 45 360
9 49 17 33 -5 32 0 0.00 M M 10.4 26 310 M M 2 41 290
10 54 14 34 -4 31 0 0.00 M M 2.3 9 230 M M 0 11 130
11 60 17 39 2 26 0 0.00 M M 6.9 18 290 M M 0 25 300
12 65 24 45 8 20 0 0.00 M M 5.6 14 230 M M 0 21 230
13 69 23 46 10 19 0 0.00 M M 14.7 32 190 M M 0 44 190
14 64 27 46 10 19 0 0.00 M M 7.9 20 230 M M 0 29 240
15 72 23 48 12 17 0 0.00 M M 6.7 22 240 M M 0 28 240
16 61 24 43 8 22 0 0.00 M M 8.0 22 40 M M 2 30 40
17 61 21 41 6 24 0 0.00 M M 6.8 18 280 M M 0 24 300
18 64 20 42 8 23 0 0.00 M M 3.6 10 20 M M 0 13 20
19 62 25 44 10 21 0 0.00 M M 3.3 10 50 M M 2 15 320
20 51 29 40 6 25 0 T M M 7.9 26 360 M M 8 1 36 360
21 54 25 40 7 25 0 0.00 M M 8.5 17 290 M M 0 24 300
22 61 23 42 9 23 0 0.00 M M 6.3 17 280 M M 0 22 310
23 31 20 26 -6 39 0 0.11 M M 9.1 16 30 M M 7 18 23 60
24 20 3 12 -20 53 0 0.09 M M 6.8 13 70 M M 9 18 18 70
25 24 6 15 -17 50 0 0.00 M M 10.6 21 290 M M 6 29 290
26 34 18 26 -5 39 0 0.00 M M 15.0 31 300 M M 2 42 300
27 37 11 24 -7 41 0 0.00 M M 9.9 21 270 M M 0 26 300
28 43 16 30 0 35 0 0.00 M M 11.1 22 280 M M 0 29 270
29 48 13 31 1 34 0 0.00 M M 6.9 17 290 M M 0 23 300
30 35 13 24 -6 41 0 0.00 M M 1.5 9 240 M M 3 10 240
================================================================================
SM 1637 639 804 0 0.20 M 223.3 M 55
================================================================================
AV 54.6 21.3 7.4 FASTST M M 2 MAX(MPH)
MISC ----> 39 280 51 280
================================================================================
NOTES:
# LAST OF SEVERAL OCCURRENCES
COLUMN 17 PEAK WIND IN M.P.H.
PRELIMINARY LOCAL CLIMATOLOGICAL DATA (WS FORM: F-6) , PAGE 2
STATION: CHADRON NEBRASKA AIRPORT
MONTH: NOVEMBER
YEAR: 2023
LATITUDE: 42 50 N
LONGITUDE: 103 6 W
[TEMPERATURE DATA] [PRECIPITATION DATA] SYMBOLS USED IN COLUMN 16
AVERAGE MONTHLY: 37.9 TOTAL FOR MONTH: 0.20 1 = FOG OR MIST
DPTR FM NORMAL: 2.5 DPTR FM NORMAL: -0.20 2 = FOG REDUCING VISIBILITY
HIGHEST: 77 ON 5 GRTST 24HR 0.11 ON 23-23 TO 1/4 MILE OR LESS
LOWEST: 3 ON 24 3 = THUNDER
SNOW, ICE PELLETS, HAIL 4 = ICE PELLETS
TOTAL MONTH: M 5 = HAIL
GRTST 24HR M ON M 6 = FREEZING RAIN OR DRIZZLE
GRTST DEPTH: M ON M 7 = DUSTSTORM OR SANDSTORM:
VSBY 1/2 MILE OR LESS
8 = SMOKE OR HAZE
[NO. OF DAYS WITH] [WEATHER - DAYS WITH] 9 = BLOWING SNOW
X = TORNADO
MAX 32 OR BELOW: 3 0.01 INCH OR MORE: 2
MAX 90 OR ABOVE: 0 0.10 INCH OR MORE: 1
MIN 32 OR BELOW: 28 0.50 INCH OR MORE: 0
MIN 0 OR BELOW: 0 1.00 INCH OR MORE: 0
[HDD (BASE 65) ]
TOTAL THIS MO. 804 CLEAR (SCALE 0-3) 23
DPTR FM NORMAL -84 PTCLDY (SCALE 4-7) 5
TOTAL FM JUL 1 1434 CLOUDY (SCALE 8-10) 2
DPTR FM NORMAL -146
[CDD (BASE 65) ]
TOTAL THIS MO. 0
DPTR FM NORMAL 0 [PRESSURE DATA]
TOTAL FM JAN 1 740 HIGHEST SLP 30.66 ON 24
DPTR FM NORMAL -68 LOWEST SLP 29.61 ON 5
[REMARKS]
#FINAL-11-23#
NOVEMBER 23... COOP BACKUP USED FOR PRECIPITATION DUE TO ASOS ERRORS
NOVEMBER 24... COOP BACKUP USED FOR PRECIPITATION DUE TO ASOS ERRORS