000
CXUS56 KEKA 011330
CF6CEC
PRELIMINARY LOCAL CLIMATOLOGICAL DATA (WS FORM: F-6)
STATION: CRESCENT CITY CA
MONTH: NOVEMBER
YEAR: 2021
LATITUDE: 41 46 N
LONGITUDE: 124 14 W
TEMPERATURE IN F: :PCPN: SNOW: WIND :SUNSHINE: SKY :PK WND
================================================================================
1 2 3 4 5 6A 6B 7 8 9 10 11 12 13 14 15 16 17 18
12Z AVG MX 2MIN
DY MAX MIN AVG DEP HDD CDD WTR SNW DPTH SPD SPD DIR MIN PSBL S-S WX SPD DR
================================================================================
1 61 56 59 6 6 0 1.28 M M 10.8 23 150 M M 10 28 33 160
2 63 50 57 4 8 0 0.00 M M 6.0 13 180 M M 1 18 17 170
3 68 49 59 6 6 0 1.07 M M 16.0 36 180 M M 8 18 49 170
4 59 54 57 4 8 0 0.33 M M 16.0 38 180 M M 9 18 53 170
5 58 52 55 3 10 0 0.96 M M 14.4 23 180 M M 9 18 31 180
6 59 44 52 0 13 0 0.38 M M 10.2 32 180 M M 6 138 42 170
7 57 42 50 -2 15 0 0.01 M M 7.5 16 180 M M 3 18 21 190
8 58 41 50 -2 15 0 0.51 M M 16.5 45 150 M M 5 18 70 160
9 58 50 54 2 11 0 0.62 M M 7.9 37 150 M M 7 18 53 160
10 58 49 54 2 11 0 0.06 M M 8.6 16 160 M M 10 18 22 190
11 62 53 58 6 7 0 0.01 M M 5.8 13 150 M M 7 28 18 160
12 63 52 58 6 7 0 0.00 M M 2.6 8 310 M M 7 18 10 180
13 63 50 57 6 8 0 0.00 M M 2.6 9 340 M M 6 28 12 330
14 62 49 56 5 9 0 0.00 M M 2.8 8 340 M M 6 28 12 330
15 59 48 54 3 11 0 0.62 M M 13.2 24 340 M M 6 28 38 340
16 56 46 51 0 14 0 0.00 M M 10.6 24 340 M M 1 8 38 350
17 60 45 53 2 12 0 0.00 M M 5.8 12 40 M M 0 18 16 50
18 59 48 54 3 11 0 0.08 M M 14.7 31 180 M M 8 18 45 180
19 57 48 53 2 12 0 0.12 M M 12.4 24 180 M M 5 18 32 180
20 61 40 51 1 14 0 0.00 M M 7.2 15 50 M M 0 18 24 60
21 64 43 54 4 11 0 0.00 M M 5.9 13 70 M M 0 18 20 90
22 60 39 50 0 15 0 T M M 5.5 12 160 M M 1 18 16 180
23 55 42 49 -1 16 0 0.16 M M 9.3 23 330 M M 3 18 34 330
24 56 38 47 -3 18 0 0.00 M M 6.0 9 340 M M 0 18 15 70
25 59 39 49 -1 16 0 0.00 M M 3.8 12 160 M M 0 18 14 160
26 59 41 50 0 15 0 0.01 M M 3.6 12 180 M M 8 18 14 160
27 62 51 57 7 8 0 0.07 M M 3.5 14 160 M M 9 28 17 180
28 56 49 53 3 12 0 0.00 M M 3.0 8 310 M M 10 2 12 290
29 58 42 50 1 15 0 0.00 M M 3.0 13 330 M M 10 28 M M
30 57 43 50 1 15 0 0.00 M M 5.7 14 340 M M 0 28 22 340
================================================================================
SM 1787 1393 349 0 6.29 M 240.9 M 155
================================================================================
AV 59.6 46.4 8.0 FASTST M M 5 MAX(MPH)
MISC ----> 45 150 70 160
================================================================================
NOTES:
# LAST OF SEVERAL OCCURRENCES
COLUMN 17 PEAK WIND IN M.P.H.
PRELIMINARY LOCAL CLIMATOLOGICAL DATA (WS FORM: F-6) , PAGE 2
STATION: CRESCENT CITY CA
MONTH: NOVEMBER
YEAR: 2021
LATITUDE: 41 46 N
LONGITUDE: 124 14 W
[TEMPERATURE DATA] [PRECIPITATION DATA] SYMBOLS USED IN COLUMN 16
AVERAGE MONTHLY: 53.0 TOTAL FOR MONTH: 6.29 1 = FOG OR MIST
DPTR FM NORMAL: 1.9 DPTR FM NORMAL: -1.53 2 = FOG REDUCING VISIBILITY
HIGHEST: 68 ON 3 GRTST 24HR 1.40 ON 3- 4 TO 1/4 MILE OR LESS
LOWEST: 38 ON 24 3 = THUNDER
SNOW, ICE PELLETS, HAIL 4 = ICE PELLETS
TOTAL MONTH: M 5 = HAIL
GRTST 24HR M ON M 6 = FREEZING RAIN OR DRIZZLE
GRTST DEPTH: M ON M 7 = DUSTSTORM OR SANDSTORM:
VSBY 1/2 MILE OR LESS
8 = SMOKE OR HAZE
[NO. OF DAYS WITH] [WEATHER - DAYS WITH] 9 = BLOWING SNOW
X = TORNADO
MAX 32 OR BELOW: 0 0.01 INCH OR MORE: 16
MAX 90 OR ABOVE: 0 0.10 INCH OR MORE: 10
MIN 32 OR BELOW: 0 0.50 INCH OR MORE: 6
MIN 0 OR BELOW: 0 1.00 INCH OR MORE: 2
[HDD (BASE 65) ]
TOTAL THIS MO. 349 CLEAR (SCALE 0-3) 10
DPTR FM NORMAL -68 PTCLDY (SCALE 4-7) 12
TOTAL FM JUL 1 1425 CLOUDY (SCALE 8-10) 8
DPTR FM NORMAL 19
[CDD (BASE 65) ]
TOTAL THIS MO. 0
DPTR FM NORMAL 0 [PRESSURE DATA]
TOTAL FM JAN 1 3 HIGHEST SLP 30.40 ON 25
DPTR FM NORMAL 0 LOWEST SLP 29.53 ON 8
[REMARKS]
#FINAL-11-21#