000
CXUS56 KEKA 181230
CF6CEC
PRELIMINARY LOCAL CLIMATOLOGICAL DATA (WS FORM: F-6)
STATION: CRESCENT CITY CA
MONTH: APRIL
YEAR: 2024
LATITUDE: 41 46 N
LONGITUDE: 124 14 W
TEMPERATURE IN F: :PCPN: SNOW: WIND :SUNSHINE: SKY :PK WND
================================================================================
1 2 3 4 5 6A 6B 7 8 9 10 11 12 13 14 15 16 17 18
12Z AVG MX 2MIN
DY MAX MIN AVG DEP HDD CDD WTR SNW DPTH SPD SPD DIR MIN PSBL S-S WX SPD DR
================================================================================
1 58 46 52 2 13 0 0.00 M M 8.8 15 330 M M 0 18 23 330
2 54 45 50 0 15 0 0.01 M M 3.7 9 320 M M 7 12 13 320
3 54 42 48 -2 17 0 0.02 M M 8.1 18 330 M M 9 1 28 340
4 53 38 46 -4 19 0 0.00 M M 14.5 31 330 M M 1 48 330
5 52 34 43 -7 22 0 0.01 M M 5.3 13 320 M M 2 8 20 340
6 53 40 47 -3 18 0 0.18 M M 8.3 18 180 M M 8 1 24 180
7 55 41 48 -2 17 0 T M M 8.1 18 330 M M 2 27 340
8 56 38 47 -3 18 0 0.00 M M 6.3 15 320 M M 3 22 340
9 58 48 53 3 12 0 0.00 M M 8.1 17 340 M M 4 1 27 350
10 56 43 50 0 15 0 0.00 M M 6.9 16 340 M M 5 12 25 340
11 54 46 50 0 15 0 0.00 M M 5.8 15 330 M M 6 20 330
12 53 46 50 -1 15 0 0.09 M M 3.6 9 290 M M 7 12 290
13 54 49 52 1 13 0 0.04 M M 6.9 18 180 M M 9 1 23 180
14 54 44 49 -2 16 0 0.18 M M 6.7 17 340 M M 9 1 27 340
15 55 42 49 -2 16 0 0.00 M M 13.1 26 330 M M 2 1 41 330
16 55 41 48 -3 17 0 0.00 M M 11.5 24 330 M M 0 18 38 360
17 55 41 48 -3 17 0 0.00 M M 8.7 21 340 M M 0 1 33 340
================================================================================
SM 929 724 275 0 0.53 M 134.4 M 74
================================================================================
AV 54.6 42.6 7.9 FASTST M M 4 MAX(MPH)
MISC ----> 31 330 48 330
================================================================================
NOTES:
# LAST OF SEVERAL OCCURRENCES
COLUMN 17 PEAK WIND IN M.P.H.
PRELIMINARY LOCAL CLIMATOLOGICAL DATA (WS FORM: F-6) , PAGE 2
STATION: CRESCENT CITY CA
MONTH: APRIL
YEAR: 2024
LATITUDE: 41 46 N
LONGITUDE: 124 14 W
[TEMPERATURE DATA] [PRECIPITATION DATA] SYMBOLS USED IN COLUMN 16
AVERAGE MONTHLY: 48.6 TOTAL FOR MONTH: 0.53 1 = FOG OR MIST
DPTR FM NORMAL: -1.7 DPTR FM NORMAL: -2.97 2 = FOG REDUCING VISIBILITY
HIGHEST: 58 ON 9, 1 GRTST 24HR 0.19 ON 13-14 TO 1/4 MILE OR LESS
LOWEST: 34 ON 5 3 = THUNDER
SNOW, ICE PELLETS, HAIL 4 = ICE PELLETS
TOTAL MONTH: M 5 = HAIL
GRTST 24HR M ON M 6 = FREEZING RAIN OR DRIZZLE
GRTST DEPTH: M ON M 7 = DUSTSTORM OR SANDSTORM:
VSBY 1/2 MILE OR LESS
8 = SMOKE OR HAZE
[NO. OF DAYS WITH] [WEATHER - DAYS WITH] 9 = BLOWING SNOW
X = TORNADO
MAX 32 OR BELOW: 0 0.01 INCH OR MORE: 7
MAX 90 OR ABOVE: 0 0.10 INCH OR MORE: 2
MIN 32 OR BELOW: 0 0.50 INCH OR MORE: 0
MIN 0 OR BELOW: 0 1.00 INCH OR MORE: 0
[HDD (BASE 65) ]
TOTAL THIS MO. 275 CLEAR (SCALE 0-3) 8
DPTR FM NORMAL 27 PTCLDY (SCALE 4-7) 5
TOTAL FM JUL 1 3229 CLOUDY (SCALE 8-10) 4
DPTR FM NORMAL -365
[CDD (BASE 65) ]
TOTAL THIS MO. 0
DPTR FM NORMAL 0 [PRESSURE DATA]
TOTAL FM JAN 1 0 HIGHEST SLP M ON M
DPTR FM NORMAL 0 LOWEST SLP 29.71 ON 12
[REMARKS]