000
CXUS53 KPAH 010700
CF6CGI
PRELIMINARY LOCAL CLIMATOLOGICAL DATA (WS FORM: F-6)
STATION: CAPE GIRARDEAU MO
MONTH: OCTOBER
YEAR: 2021
LATITUDE: 37 13 N
LONGITUDE: 89 35 W
TEMPERATURE IN F: :PCPN: SNOW: WIND :SUNSHINE: SKY :PK WND
================================================================================
1 2 3 4 5 6A 6B 7 8 9 10 11 12 13 14 15 16 17 18
12Z AVG MX 2MIN
DY MAX MIN AVG DEP HDD CDD WTR SNW DPTH SPD SPD DIR MIN PSBL S-S WX SPD DR
================================================================================
1 81 67 74 10 0 9 0.22 M M 3.8 15 230 M M 8 1 21 240
2 74 69 72 8 0 7 1.11 M M 8.2 16 190 M M 9 13 23 180
3 81 62 72 8 0 7 0.03 M M 6.9 16 270 M M 5 1 23 210
4 83 56 70 7 0 5 0.00 M M 2.6 13 20 M M 3 12 17 20
5 81 53 67 4 0 2 0.25 M M 6.1 20 70 M M 6 128 27 70
6 79 61 70 8 0 5 0.01 M M 5.8 14 140 M M 6 1 21 170
7 79 60 70 8 0 5 T M M 2.7 10 170 M M 7 1 15 210
8 85 58 72 10 0 7 0.00 M M 2.4 12 200 M M 4 12 16 210
9 87 66 77 16 0 12 0.00 M M 7.0 16 200 M M 2 24 230
10 88 67 78 17 0 13 0.00 M M 12.3 18 210 M M 0 35 220
11 83 59 71 10 0 6 0.07 M M 14.2 31 210 M M 4 13 43 190
12 80 53 67 7 0 2 0.00 M M 2.8 9 180 M M 1 8 14 210
13 85 63 74 14 0 9 T M M 8.5 23 210 M M 4 31 210
14 86 70 78 19 0 13 0.04 M M 9.0 17 190 M M 6 8 25 210
15 76 51 64 5 1 0 0.81 M M 9.3 31 340 M M 8 1 41 340
16 68 41 55 -4 10 0 0.00 M M 6.9 18 330 M M 0 8 28 330
17 71 36 54 -4 11 0 0.00 M M 2.0 10 250 M M 0 18 14 230
18 72 37 55 -3 10 0 0.00 M M 2.7 13 220 M M 0 1 22 220
19 73 39 56 -2 9 0 0.00 M M 5.7 15 220 M M 0 1 21 180
20 78 46 62 5 3 0 0.00 M M 7.5 17 200 M M 1 25 200
21 69 53 61 4 4 0 0.00 M M 9.4 20 270 M M 2 1 27 340
22 68 41 55 -1 10 0 0.00 M M 4.8 15 270 M M 1 1 20 260
23 61 46 54 -2 11 0 0.36 M M 4.3 13 150 M M 6 1 17 140
24 81 58 70 14 0 5 0.29 M M 14.0 32 210 M M 7 13 43 180
25 63 51 57 2 8 0 T M M 12.8 23 330 M M 8 3 31 340
26 65 40 53 -2 12 0 0.00 M M 4.7 8 50 M M 1 M M
27 70 46 58 4 7 0 T M M 11.0 23 100 M M 1 8 32 100
28 65 53 59 5 6 0 0.37 M M 8.6 22 110 M M 10 1 31 100
29 59 52 56 2 9 0 0.12 M M 11.7 20 330 M M 10 1 32 320
30 60 44 52 -1 13 0 0.00 M M 8.9 17 310 M M 9 1 25 310
31 67 39 53 0 12 0 0.00 M M 5.6 21 340 M M 3 12 26 340
================================================================================
SM 2318 1637 136 107 3.68 M 222.2 M 132
================================================================================
AV 74.8 52.8 7.2 FASTST M M 4 MAX(MPH)
MISC ----> 32 210 # 43 190
================================================================================
NOTES:
# LAST OF SEVERAL OCCURRENCES
COLUMN 17 PEAK WIND IN M.P.H.
PRELIMINARY LOCAL CLIMATOLOGICAL DATA (WS FORM: F-6) , PAGE 2
STATION: CAPE GIRARDEAU MO
MONTH: OCTOBER
YEAR: 2021
LATITUDE: 37 13 N
LONGITUDE: 89 35 W
[TEMPERATURE DATA] [PRECIPITATION DATA] SYMBOLS USED IN COLUMN 16
AVERAGE MONTHLY: 63.8 TOTAL FOR MONTH: 3.68 1 = FOG OR MIST
DPTR FM NORMAL: 5.2 DPTR FM NORMAL: 0.11 2 = FOG REDUCING VISIBILITY
HIGHEST: 88 ON 10 GRTST 24HR 1.25 ON 1- 2 TO 1/4 MILE OR LESS
LOWEST: 36 ON 17 3 = THUNDER
SNOW, ICE PELLETS, HAIL 4 = ICE PELLETS
TOTAL MONTH: M 5 = HAIL
GRTST 24HR M ON M 6 = FREEZING RAIN OR DRIZZLE
GRTST DEPTH: M ON M 7 = DUSTSTORM OR SANDSTORM:
VSBY 1/2 MILE OR LESS
8 = SMOKE OR HAZE
[NO. OF DAYS WITH] [WEATHER - DAYS WITH] 9 = BLOWING SNOW
X = TORNADO
MAX 32 OR BELOW: 0 0.01 INCH OR MORE: 12
MAX 90 OR ABOVE: 0 0.10 INCH OR MORE: 8
MIN 32 OR BELOW: 0 0.50 INCH OR MORE: 2
MIN 0 OR BELOW: 0 1.00 INCH OR MORE: 1
[HDD (BASE 65) ]
TOTAL THIS MO. 136 CLEAR (SCALE 0-3) 14
DPTR FM NORMAL -102 PTCLDY (SCALE 4-7) 12
TOTAL FM JUL 1 152 CLOUDY (SCALE 8-10) 5
DPTR FM NORMAL -124
[CDD (BASE 65) ]
TOTAL THIS MO. 107
DPTR FM NORMAL 68 [PRESSURE DATA]
TOTAL FM JAN 1 1670 HIGHEST SLP M ON M
DPTR FM NORMAL 107 LOWEST SLP 29.33 ON 28
[REMARKS]
#FINAL-10-21#