000
CXUS55 KPAH 010700
CF6CGI
PRELIMINARY LOCAL CLIMATOLOGICAL DATA (WS FORM: F-6)
STATION: CAPE GIRARDEAU MO
MONTH: MARCH
YEAR: 2021
LATITUDE: 37 13 N
LONGITUDE: 89 35 W
TEMPERATURE IN F: :PCPN: SNOW: WIND :SUNSHINE: SKY :PK WND
================================================================================
1 2 3 4 5 6A 6B 7 8 9 10 11 12 13 14 15 16 17 18
12Z AVG MX 2MIN
DY MAX MIN AVG DEP HDD CDD WTR SNW DPTH SPD SPD DIR MIN PSBL S-S WX SPD DR
================================================================================
1 50 34 42 0 23 0 0.00 M M 9.5 21 350 M M 0 28 360
2 M M M M M M 0.00 M M 3.7 10 250 M M 0 15 250
3 65 30 48 5 17 0 0.00 M M 5.5 13 190 M M 0 19 210
4 70 33 52 9 13 0 0.00 M M 7.0 18 60 M M 0 1 24 50
5 48 32 40 -4 25 0 0.00 M M 10.0 18 50 M M 0 26 40
6 58 27 43 -1 22 0 0.00 M M 2.5 10 80 M M 1 8 14 60
7 62 28 45 1 20 0 0.00 M M 4.2 12 200 M M 0 15 190
8 65 31 48 3 17 0 0.00 M M 6.7 20 180 M M 0 25 200
9 69 35 52 7 13 0 0.00 M M 11.1 29 190 M M 0 43 190
10 70 52 61 16 4 0 0.00 M M 18.1 35 200 M M 6 46 200
11 71 52 62 16 3 0 0.29 M M 14.9 25 360 M M 10 13 37 200
12 59 49 54 8 11 0 1.50 M M 10.1 17 20 M M 10 1 23 50
13 61 49 55 9 10 0 0.60 M M 9.1 16 90 M M 8 1 21 80
14 57 51 54 8 11 0 0.01 M M 12.6 23 80 M M 9 34 80
15 64 48 56 9 9 0 0.61 M M 9.9 24 100 M M 6 1 33 90
16 67 42 55 8 10 0 0.00 M M 4.2 13 40 M M 0 1 16 50
17 62 50 56 9 9 0 1.96 M M 10.5 26 160 M M 7 13 38 150
18 62 44 53 5 12 0 T M M 16.4 28 350 M M 10 1 40 340
19 55 38 47 -1 18 0 0.00 M M 14.8 26 10 M M 3 36 20
20 65 36 51 3 14 0 0.00 M M 4.1 13 50 M M 0 17 50
21 67 34 51 2 14 0 0.00 M M 4.4 15 130 M M 0 19 130
22 68 39 54 5 11 0 0.00 M M 7.4 20 200 M M 2 27 170
23 65 54 60 11 5 0 0.15 M M 15.2 25 160 M M 6 1 34 180
24 72 49 61 11 4 0 0.00 M M 10.5 23 220 M M 2 29 220
25 63 50 57 7 8 0 0.54 M M 10.3 33 280 M M 7 13 45 270
26 64 45 55 5 10 0 0.00 M M 5.3 15 300 M M 5 19 310
27 78 44 61 10 4 0 T M M 8.8 26 350 M M 3 39 320
28 60 37 49 -2 16 0 0.00 M M 13.2 28 330 M M 3 38 330
29 65 32 49 -2 16 0 0.00 M M 7.3 18 180 M M 0 25 180
30 72 46 59 7 6 0 0.14 M M 12.4 28 200 M M 5 18 38 200
31 57 40 49 -3 16 0 0.00 M M 15.3 29 20 M M 3 48 360
================================================================================
SM 1911 1231 371 0 5.80 M 295.0 M 106
================================================================================
AV 63.7 41.0 9.5 FASTST M M 3 MAX(MPH)
MISC ----> 35 200 48 360
================================================================================
NOTES:
# LAST OF SEVERAL OCCURRENCES
COLUMN 17 PEAK WIND IN M.P.H.
PRELIMINARY LOCAL CLIMATOLOGICAL DATA (WS FORM: F-6) , PAGE 2
STATION: CAPE GIRARDEAU MO
MONTH: MARCH
YEAR: 2021
LATITUDE: 37 13 N
LONGITUDE: 89 35 W
[TEMPERATURE DATA] [PRECIPITATION DATA] SYMBOLS USED IN COLUMN 16
AVERAGE MONTHLY: 52.4 TOTAL FOR MONTH: 5.80 1 = FOG OR MIST
DPTR FM NORMAL: 5.3 DPTR FM NORMAL: 1.40 2 = FOG REDUCING VISIBILITY
HIGHEST: 78 ON 27 GRTST 24HR 1.96 ON 17-17 TO 1/4 MILE OR LESS
LOWEST: 27 ON 6 3 = THUNDER
SNOW, ICE PELLETS, HAIL 4 = ICE PELLETS
TOTAL MONTH: M 5 = HAIL
GRTST 24HR M ON M 6 = FREEZING RAIN OR DRIZZLE
GRTST DEPTH: M ON M 7 = DUSTSTORM OR SANDSTORM:
VSBY 1/2 MILE OR LESS
8 = SMOKE OR HAZE
[NO. OF DAYS WITH] [WEATHER - DAYS WITH] 9 = BLOWING SNOW
X = TORNADO
MAX 32 OR BELOW: 0 0.01 INCH OR MORE: 9
MAX 90 OR ABOVE: 0 0.10 INCH OR MORE: 8
MIN 32 OR BELOW: 6 0.50 INCH OR MORE: 5
MIN 0 OR BELOW: 0 1.00 INCH OR MORE: 2
[HDD (BASE 65) ]
TOTAL THIS MO. 371 CLEAR (SCALE 0-3) 19
DPTR FM NORMAL -188 PTCLDY (SCALE 4-7) 7
TOTAL FM JUL 1 3836 CLOUDY (SCALE 8-10) 5
DPTR FM NORMAL -220
[CDD (BASE 65) ]
TOTAL THIS MO. 0
DPTR FM NORMAL -4 [PRESSURE DATA]
TOTAL FM JAN 1 0 HIGHEST SLP M ON M
DPTR FM NORMAL -4 LOWEST SLP 29.44 ON 18
[REMARKS]
#FINAL-03-21#