360
CXUS53 KPAH 011658 RRA
CLSCGI
CLIMATE REPORT
NATIONAL WEATHER SERVICE PADUCAH
1157 AM CDT MON JUN 01 2020
...................................
...THE CAPE GIRARDEAU MO CLIMATE SUMMARY FOR THE SPRING SEASON,
FROM 3/1/2020 TO 5/31/2020...
CLIMATE NORMAL PERIOD 1981 TO 2010
CLIMATE RECORD PERIOD 1960 TO 2020
WEATHER OBSERVED NORMAL DEPART LAST YEAR`S
VALUE DATE(S) VALUE FROM VALUE
NORMAL
..............................................................
TEMPERATURE (F)
RECORD
HIGH 97 05/24/1996
LOW -8 03/06/2015
HIGHEST 88 05/25 MM MM
LOWEST 27 03/07 MM MM
AVG. MAXIMUM 67.5 68.2 -0.7
AVG. MINIMUM 47.6 45.7 1.9
MEAN 57.6 57.0 0.6
DAYS MAX >= 90 0 1.1 -1.1
DAYS MAX <= 32 0 0.4 -0.4
DAYS MIN <= 32 4 14.6 -10.6
DAYS MIN <= 0 0 0.0 0.0
PRECIPITATION (INCHES)
RECORD
MAXIMUM 34.79 1973
MINIMUM 5.24 2012
TOTALS 16.28 14.22 2.06
DAILY AVG. 0.18 0.15 0.03
DAYS >= .01 43 33.9 9.1
DAYS >= .10 29 22.3 6.7
DAYS >= .50 11 9.1 1.9
DAYS >= 1.00 4 3.7 0.3
GREATEST
24 HR. TOTAL 2.01 05/28 TO 05/28
STORM TOTAL 2.01
(MM/DD(HH))
DEGREE DAYS
HEATING TOTAL 783 889 -106
SINCE 7/1 3945 4387 -442
COOLING TOTAL 133 152 -19
SINCE 1/1 133 152 -19
FREEZE DATES
RECORD
EARLIEST MM
LATEST MM
EARLIEST 10/31
LATEST 04/02
..............................................................
WIND (MPH)
AVERAGE WIND SPEED 8.3
HIGHEST WIND SPEED/DIRECTION 33/360 DATE 04/08
HIGHEST GUST SPEED/DIRECTION 46/360 DATE 04/08
SKY COVER
POSSIBLE SUNSHINE (PERCENT) MM
AVERAGE SKY COVER 0.46
NUMBER OF DAYS FAIR 35
NUMBER OF DAYS PC 32
NUMBER OF DAYS CLOUDY 24
AVERAGE RH (PERCENT) 70
WEATHER CONDITIONS. NUMBER OF DAYS WITH
THUNDERSTORM 19 MIXED PRECIP 0
HEAVY RAIN 20 RAIN 28
LIGHT RAIN 46 FREEZING RAIN 0
LT FREEZING RAIN 0 HAIL 0
HEAVY SNOW 0 SNOW 0
LIGHT SNOW 0 SLEET 0
FOG 47 FOG W/VIS <= 1/4 MILE 5
HAZE 13
- INDICATES NEGATIVE NUMBERS.
R INDICATES RECORD WAS SET OR TIED.
MM INDICATES DATA IS MISSING.
T INDICATES TRACE AMOUNT.
$$