877
CXUS53 KPAH 012240
CLSCGI
CLIMATE REPORT
NATIONAL WEATHER SERVICE PADUCAH
440 PM CST SUN MAR 01 2020
...................................
...THE CAPE GIRARDEAU MO CLIMATE SUMMARY FOR THE SEASON, FROM
12/1/2019 TO 2/29/2020...
CLIMATE NORMAL PERIOD 1981 TO 2010
CLIMATE RECORD PERIOD 1960 TO 2020
WEATHER OBSERVED NORMAL DEPART LAST YEAR`S
VALUE DATE(S) VALUE FROM VALUE
NORMAL
..............................................................
TEMPERATURE (F)
RECORD
HIGH 79 02/13/1962
LOW -18 01/11/1977
HIGHEST 68 12/26 MM MM
LOWEST 12 02/14 MM MM
AVG. MAXIMUM 48.6 44.9 3.7
AVG. MINIMUM 31.9 26.2 5.7
MEAN 40.3 35.6 4.7
DAYS MAX >= 90 0 0.0 0.0
DAYS MAX <= 32 5 11.9 -6.9
DAYS MIN <= 32 54 64.7 -10.7
DAYS MIN <= 0 0 1.9 -1.9
PRECIPITATION (INCHES)
RECORD
MAXIMUM 18.09 1979
MINIMUM 4.27 1963
TOTALS 13.74 11.13 2.61
DAILY AVG. 0.15 NAN NAN
DAYS >= .01 34 27.1 6.9
DAYS >= .10 21 18.0 3.0
DAYS >= .50 10 7.0 3.0
DAYS >= 1.00 3 2.7 0.3
GREATEST
24 HR. TOTAL 2.81 01/10 TO 01/11
STORM TOTAL 2.26
(MM/DD(HH))
DEGREE DAYS
HEATING TOTAL 2224 2646 -422
SINCE 7/1 3162 3543 -381
COOLING TOTAL 0 0 0
SINCE 1/1 0 0 0
FREEZE DATES
RECORD
EARLIEST MM
LATEST MM
EARLIEST 10/31
LATEST 04/02
..............................................................
WIND (MPH)
AVERAGE WIND SPEED 8.0
HIGHEST WIND SPEED/DIRECTION 32/300 DATE 01/18
HIGHEST GUST SPEED/DIRECTION 43/160 DATE 01/10
SKY COVER
POSSIBLE SUNSHINE (PERCENT) MM
AVERAGE SKY COVER 0.54
NUMBER OF DAYS FAIR 34
NUMBER OF DAYS PC 22
NUMBER OF DAYS CLOUDY 35
AVERAGE RH (PERCENT) 75
WEATHER CONDITIONS. NUMBER OF DAYS WITH
THUNDERSTORM 5 MIXED PRECIP 0
HEAVY RAIN 10 RAIN 15
LIGHT RAIN 31 FREEZING RAIN 1
LT FREEZING RAIN 1 HAIL 0
HEAVY SNOW 0 SNOW 0
LIGHT SNOW 8 SLEET 0
FOG 59 FOG W/VIS <= 1/4 MILE 8
HAZE 26
- INDICATES NEGATIVE NUMBERS.
R INDICATES RECORD WAS SET OR TIED.
MM INDICATES DATA IS MISSING.
T INDICATES TRACE AMOUNT.
$$