000
CXUS52 KCHS 030754
CF6CHS
PRELIMINARY LOCAL CLIMATOLOGICAL DATA (WS FORM: F-6)
STATION: NORTH CHARLESTON SC
MONTH: JUNE
YEAR: 2020
LATITUDE: 32 54 N
LONGITUDE: 80 2 W
TEMPERATURE IN F: :PCPN: SNOW: WIND :SUNSHINE: SKY :PK WND
================================================================================
1 2 3 4 5 6A 6B 7 8 9 10 11 12 13 14 15 16 17 18
12Z AVG MX 2MIN
DY MAX MIN AVG DEP HDD CDD WTR SNW DPTH SPD SPD DIR MIN PSBL S-S WX SPD DR
================================================================================
1 81 62 72 -4 0 7 0.00 0.0 0 8.1 18 120 M M 2 1 25 110
2 83 60 72 -5 0 7 0.00 0.0 0 5.7 17 170 M M 2 1 21 200
3 85 67 76 -1 0 11 0.00 0.0 0 10.1 17 200 M M 6 24 210
4 84 68 76 -1 0 11 T 0.0 0 7.1 16 220 M M 8 19 210
5 90 71 81 4 0 16 T 0.0 0 8.3 18 200 M M 5 24 230
6 89 75 82 5 0 17 0.20 0.0 0 9.1 17 270 M M 8 38 22 260
7 85 73 79 1 0 14 0.00 0.0 0 6.8 18 200 M M 9 8 23 190
8 85 73 79 1 0 14 0.45 0.0 0 4.7 16 160 M M 9 1 18 160
9 93 73 83 5 0 18 T 0.0 0 4.8 18 80 M M 6 13 29 60
10 89 72 81 3 0 16 0.00 0.0 0 8.9 18 160 M M 5 21 160
11 86 76 81 3 0 16 1.05 0.0 0 9.8 18 240 M M 7 13 24 250
12 81 72 77 -1 0 12 1.00 0.0 0 5.8 17 30 M M 9 13 22 30
13 81 69 75 -4 0 10 T 0.0 0 9.3 17 60 M M 7 1 24 20
14 77 67 72 -7 0 7 0.09 0.0 0 11.4 18 50 M M 10 1 23 30
15 75 63 69 -10 0 4 0.45 0.0 0 13.5 18 10 M M 9 13 25 10
16 72 63 68 -11 0 3 0.01 0.0 0 12.3 18 320 M M 10 1 24 320
17 72 62 67 -12 0 2 T 0.0 0 6.4 12 250 M M 8 15 320
18 80 60 70 -10 0 5 0.00 0.0 0 7.0 17 160 M M 5 1 25 160
19 88 68 78 -2 0 13 0.29 0.0 0 5.3 25 330 M M 4 13 34 320
20 89 67 78 -2 0 13 0.00 0.0 0 5.7 16 150 M M 4 138 20 150
21 93 71 82 2 0 17 T 0.0 0 6.9 17 190 M M 4 22 190
22 93 74 84 4 0 19 0.00 0.0 0 8.0 17 200 M M 3 22 180
23 91 71 81 1 0 16 0.07 0.0 0 10.2 28 200 M M 6 13 35 200
24 92 71 82 2 0 17 0.74 0.0 0 7.5 21 20 M M 6 13 27 20
25 87 70 79 -1 0 14 0.47 0.0 0 8.1 20 250 M M 6 1 26 250
26 91 73 82 1 0 17 0.00 0.0 0 6.0 13 270 M M 5 15 260
27 91 72 82 1 0 17 T 0.0 0 9.7 28 310 M M 6 8 40 310
28 95 73 84 3 0 19 T 0.0 0 9.2 20 10 M M 6 3 25 290
29 96 75 86 5 0 21 0.12 0.0 0 7.6 32 40 M M 6 38 47 20
30 95 73 84 3 0 19 0.26 0.0 0 7.1 22 320 M M 6 13 29 320
================================================================================
SM 2589 2084 0 392 5.20 0.0 240.4 M 187
================================================================================
AV 86.3 69.5 8.0 FASTST M M 6 MAX(MPH)
MISC ----> 32 40 47 20
================================================================================
NOTES:
# LAST OF SEVERAL OCCURRENCES
COLUMN 17 PEAK WIND IN M.P.H.
PRELIMINARY LOCAL CLIMATOLOGICAL DATA (WS FORM: F-6) , PAGE 2
STATION: NORTH CHARLESTON SC
MONTH: JUNE
YEAR: 2020
LATITUDE: 32 54 N
LONGITUDE: 80 2 W
[TEMPERATURE DATA] [PRECIPITATION DATA] SYMBOLS USED IN COLUMN 16
AVERAGE MONTHLY: 77.9 TOTAL FOR MONTH: 5.20 1 = FOG OR MIST
DPTR FM NORMAL: -1.1 DPTR FM NORMAL: -0.45 2 = FOG REDUCING VISIBILITY
HIGHEST: 96 ON 29 GRTST 24HR 1.79 ON 11-12 TO 1/4 MILE OR LESS
LOWEST: 60 ON 18, 2 3 = THUNDER
SNOW, ICE PELLETS, HAIL 4 = ICE PELLETS
TOTAL MONTH: 0.0 INCH 5 = HAIL
GRTST 24HR 0.0 6 = FREEZING RAIN OR DRIZZLE
GRTST DEPTH: 0 7 = DUSTSTORM OR SANDSTORM:
VSBY 1/2 MILE OR LESS
8 = SMOKE OR HAZE
[NO. OF DAYS WITH] [WEATHER - DAYS WITH] 9 = BLOWING SNOW
X = TORNADO
MAX 32 OR BELOW: 0 0.01 INCH OR MORE: 13
MAX 90 OR ABOVE: 11 0.10 INCH OR MORE: 10
MIN 32 OR BELOW: 0 0.50 INCH OR MORE: 3
MIN 0 OR BELOW: 0 1.00 INCH OR MORE: 2
[HDD (BASE 65) ]
TOTAL THIS MO. 0 CLEAR (SCALE 0-3) 3
DPTR FM NORMAL -1 PTCLDY (SCALE 4-7) 20
TOTAL FM JUL 1 1498 CLOUDY (SCALE 8-10) 7
DPTR FM NORMAL -477
[CDD (BASE 65) ]
TOTAL THIS MO. 392
DPTR FM NORMAL -29 [PRESSURE DATA]
TOTAL FM JAN 1 876 HIGHEST SLP 30.24 ON 1
DPTR FM NORMAL 93 LOWEST SLP 29.82 ON 30
[REMARKS]
#FINAL-06-20#
#FINAL-06-20#